{"id":111,"date":"2020-07-02T18:19:37","date_gmt":"2020-07-02T16:19:37","guid":{"rendered":"http:\/\/www.cent.uo.edu.cu\/cbm\/?page_id=111"},"modified":"2021-03-15T14:35:46","modified_gmt":"2021-03-15T13:35:46","slug":"lineas-de-investigacion","status":"publish","type":"page","link":"https:\/\/www.cent.uo.edu.cu\/cbm\/lineas-de-investigacion\/","title":{"rendered":"Lineas de Investigaci\u00f3n"},"content":{"rendered":"\n<ol class=\"wp-block-list\" type=\"1\"><li><strong>Desarrollo de Tecnolog\u00eda de Resonancia Magn\u00e9tica Nuclear y sus aplicaciones biom\u00e9dicas e industriales.<\/strong><br><strong>Coordinador: Dr.C. Manuel A. Lores Guevara.<\/strong><\/li><\/ol>\n\n\n\n<p><strong><u>Proyectos asociados.<\/u><\/strong><\/p>\n\n\n\n<ul class=\"wp-block-list\"><li><strong><u>Aplicaciones m\u00e9dicas, industriales y agr\u00edcolas de la R.M.<\/u><\/strong><\/li><li><strong><u>Sistema de control de temperatura para relax\u00f3metro de R.M&nbsp;&nbsp;&nbsp;<\/u><\/strong><\/li><\/ul>\n\n\n\n<p><strong>2. Tecnolog\u00edas y aplicaciones para estudios vasculares.<\/strong><br><strong>Coordinador: DrC. Juan Carlos Garc\u00eda Naranjo<\/strong><\/p>\n\n\n\n<p><strong><u>Proyecto&nbsp; asociado.&nbsp;<\/u><\/strong><\/p>\n\n\n\n<ul class=\"wp-block-list\"><li><strong>Sistema para la adquisici\u00f3n y procesamiento de la se\u00f1al de fotopletismograf\u00eda adquirida a partir de un sensor inal\u00e1mbrico v\u00eda Bluetooth.<\/strong> <\/li><\/ul>\n\n\n\n<p><strong>3. Estudio del movimiento humano y la rehabilitaci\u00f3n<\/strong><br><strong>Coordinador: Dr.C. Carlos D\u00edaz. Novo.<\/strong><\/p>\n\n\n\n<p><strong><u>Proyecto asociado.<\/u><\/strong><\/p>\n\n\n\n<ul class=\"wp-block-list\"><li><strong>Desarrollo de tecnolog\u00edas para rehabilitaci\u00f3n neuromuscular a partir de procesamiento de se\u00f1ales mioel\u00e9ctricas de superficie&nbsp; electroencefalograf\u00eda y sensores inerciales<\/strong><\/li><\/ul>\n\n\n\n<p><strong>4. M\u00e9todos<\/strong> <strong>y tecnolog\u00eda para el diagn\u00f3stico&nbsp; y la terapia&nbsp; basada en Radiaciones Ionizantes.<\/strong><br><strong>Coordinador: Dr.C. Rafael A. Miller Clemente.<\/strong><\/p>\n\n\n\n<p><strong><u>Proyecto&nbsp; asociado.<\/u><\/strong><\/p>\n\n\n\n<ul class=\"wp-block-list\"><li><strong>Desarrollo de m\u00e9todos y tecnolog\u00edas para el diagn\u00f3stico y terapia basados en im\u00e1genes de rayos X. DITERAX<\/strong><\/li><\/ul>\n\n\n\n<p><strong>5. Gesti\u00f3n , procesamiento y toma de decisiones sobre datos biom\u00e9dicos.<\/strong><br><strong>Coordinador: MsC. Henry Blanco Lores.<\/strong><\/p>\n\n\n\n<p><strong><u>Proyectos asociados.<\/u><\/strong><\/p>\n\n\n\n<ul class=\"wp-block-list\"><li><strong>Red Oriental de im\u00e1genes m\u00e9dicas<\/strong><\/li><li><strong>Imagis Lab<\/strong><\/li><\/ul>\n\n\n\n<p><\/p>\n\n\n\n<p><\/p>\n","protected":false},"excerpt":{"rendered":"<p>Desarrollo de Tecnolog\u00eda de Resonancia Magn\u00e9tica Nuclear y sus aplicaciones biom\u00e9dicas e industriales.Coordinador: Dr.C. Manuel A. Lores Guevara. Proyectos asociados. Aplicaciones m\u00e9dicas, industriales y agr\u00edcolas de la R.M. Sistema de control de temperatura para relax\u00f3metro de R.M&nbsp;&nbsp;&nbsp; 2. Tecnolog\u00edas y aplicaciones para estudios vasculares.Coordinador: DrC. Juan Carlos Garc\u00eda Naranjo Proyecto&nbsp; asociado.&nbsp; Sistema para la adquisici\u00f3n [&hellip;]<\/p>\n","protected":false},"author":19,"featured_media":0,"parent":0,"menu_order":0,"comment_status":"closed","ping_status":"closed","template":"","meta":{"site-sidebar-layout":"default","site-content-layout":"","ast-site-content-layout":"default","site-content-style":"default","site-sidebar-style":"default","ast-global-header-display":"","ast-banner-title-visibility":"","ast-main-header-display":"","ast-hfb-above-header-display":"","ast-hfb-below-header-display":"","ast-hfb-mobile-header-display":"","site-post-title":"","ast-breadcrumbs-content":"","ast-featured-img":"","footer-sml-layout":"","ast-disable-related-posts":"","theme-transparent-header-meta":"","adv-header-id-meta":"","stick-header-meta":"","header-above-stick-meta":"","header-main-stick-meta":"","header-below-stick-meta":"","astra-migrate-meta-layouts":"default","ast-page-background-enabled":"default","ast-page-background-meta":{"desktop":{"background-color":"var(--ast-global-color-4)","background-image":"","background-repeat":"repeat","background-position":"center center","background-size":"auto","background-attachment":"scroll","background-type":"","background-media":"","overlay-type":"","overlay-color":"","overlay-opacity":"","overlay-gradient":""},"tablet":{"background-color":"","background-image":"","background-repeat":"repeat","background-position":"center center","background-size":"auto","background-attachment":"scroll","background-type":"","background-media":"","overlay-type":"","overlay-color":"","overlay-opacity":"","overlay-gradient":""},"mobile":{"background-color":"","background-image":"","background-repeat":"repeat","background-position":"center center","background-size":"auto","background-attachment":"scroll","background-type":"","background-media":"","overlay-type":"","overlay-color":"","overlay-opacity":"","overlay-gradient":""}},"ast-content-background-meta":{"desktop":{"background-color":"var(--ast-global-color-5)","background-image":"","background-repeat":"repeat","background-position":"center center","background-size":"auto","background-attachment":"scroll","background-type":"","background-media":"","overlay-type":"","overlay-color":"","overlay-opacity":"","overlay-gradient":""},"tablet":{"background-color":"var(--ast-global-color-5)","background-image":"","background-repeat":"repeat","background-position":"center center","background-size":"auto","background-attachment":"scroll","background-type":"","background-media":"","overlay-type":"","overlay-color":"","overlay-opacity":"","overlay-gradient":""},"mobile":{"background-color":"var(--ast-global-color-5)","background-image":"","background-repeat":"repeat","background-position":"center center","background-size":"auto","background-attachment":"scroll","background-type":"","background-media":"","overlay-type":"","overlay-color":"","overlay-opacity":"","overlay-gradient":""}},"ngg_post_thumbnail":0,"footnotes":""},"class_list":["post-111","page","type-page","status-publish","hentry"],"_links":{"self":[{"href":"https:\/\/www.cent.uo.edu.cu\/cbm\/wp-json\/wp\/v2\/pages\/111","targetHints":{"allow":["GET"]}}],"collection":[{"href":"https:\/\/www.cent.uo.edu.cu\/cbm\/wp-json\/wp\/v2\/pages"}],"about":[{"href":"https:\/\/www.cent.uo.edu.cu\/cbm\/wp-json\/wp\/v2\/types\/page"}],"author":[{"embeddable":true,"href":"https:\/\/www.cent.uo.edu.cu\/cbm\/wp-json\/wp\/v2\/users\/19"}],"replies":[{"embeddable":true,"href":"https:\/\/www.cent.uo.edu.cu\/cbm\/wp-json\/wp\/v2\/comments?post=111"}],"version-history":[{"count":3,"href":"https:\/\/www.cent.uo.edu.cu\/cbm\/wp-json\/wp\/v2\/pages\/111\/revisions"}],"predecessor-version":[{"id":414,"href":"https:\/\/www.cent.uo.edu.cu\/cbm\/wp-json\/wp\/v2\/pages\/111\/revisions\/414"}],"wp:attachment":[{"href":"https:\/\/www.cent.uo.edu.cu\/cbm\/wp-json\/wp\/v2\/media?parent=111"}],"curies":[{"name":"wp","href":"https:\/\/api.w.org\/{rel}","templated":true}]}}