{"id":365,"date":"2021-03-10T17:20:39","date_gmt":"2021-03-10T16:20:39","guid":{"rendered":"http:\/\/www.cent.uo.edu.cu\/cbm\/?page_id=365"},"modified":"2021-03-18T21:23:21","modified_gmt":"2021-03-18T20:23:21","slug":"director-cientifico","status":"publish","type":"page","link":"https:\/\/www.cent.uo.edu.cu\/cbm\/director-cientifico\/","title":{"rendered":"Director cient\u00edfico"},"content":{"rendered":"\n<p><strong>Ingeniero en Telecomunicaciones, Master en Ingenier\u00eda Biom\u00e9dica, Doctor en ciencias t\u00e9cnicas, Investigador Titular, profesor Titular.<\/strong><\/p>\n\n\n\n<p><strong>S\u00edntesis:<\/strong><\/p>\n\n\n\n<p><strong>Graduado en 1993 en la Universidad de Oriente, posee 27 a\u00f1os de experiencia en la profesi\u00f3n. Curs\u00f3 estudios de maestr\u00eda en la Universidad Central de las Villas, Cuba y realiz\u00f3 estudios doctorales en la universidad de New Brunswick, Canad\u00e1. Actualmente se desempe\u00f1a como profesor titular e investigador titular en el Centro de Biof\u00edsica M\u00e9dica de la Universidad de Oriente donde se desempe\u00f1a como Director Cient\u00edfico. Ha trabajado en el dise\u00f1o y construcci\u00f3n de equipos m\u00e9dicos. Ha publicado m\u00e1s de 20 art\u00edculos cient\u00edficos y participado en eventos de relevancia internacional. Sus t\u00f3picos de investigaci\u00f3n actuales incluyen la Resonancia magn\u00e9tica nuclear, tanto en campos homog\u00e9neos como inhomog\u00e9neos, la instrumentaci\u00f3n electr\u00f3nica biom\u00e9dica,&nbsp;&nbsp; el procesamientos de se\u00f1ales biom\u00e9dicas&nbsp; y la inteligencia artificial. Ha dirigido varios proyectos de investigaci\u00f3n nacionales e internacionales. Ha tutorado tesis de pregrado, maestr\u00eda y doctorado. Ha obtenido varios premios nacionales. Es experto de programas de ciencias territoriales y nacionales.<\/strong><\/p>\n","protected":false},"excerpt":{"rendered":"<p>Ingeniero en Telecomunicaciones, Master en Ingenier\u00eda Biom\u00e9dica, Doctor en ciencias t\u00e9cnicas, Investigador Titular, profesor Titular. S\u00edntesis: Graduado en 1993 en la Universidad de Oriente, posee 27 a\u00f1os de experiencia en la profesi\u00f3n. Curs\u00f3 estudios de maestr\u00eda en la Universidad Central de las Villas, Cuba y realiz\u00f3 estudios doctorales en la universidad de New Brunswick, Canad\u00e1. [&hellip;]<\/p>\n","protected":false},"author":20,"featured_media":0,"parent":0,"menu_order":0,"comment_status":"closed","ping_status":"closed","template":"","meta":{"site-sidebar-layout":"default","site-content-layout":"","ast-site-content-layout":"default","site-content-style":"default","site-sidebar-style":"default","ast-global-header-display":"","ast-banner-title-visibility":"","ast-main-header-display":"","ast-hfb-above-header-display":"","ast-hfb-below-header-display":"","ast-hfb-mobile-header-display":"","site-post-title":"","ast-breadcrumbs-content":"","ast-featured-img":"","footer-sml-layout":"","ast-disable-related-posts":"","theme-transparent-header-meta":"","adv-header-id-meta":"","stick-header-meta":"","header-above-stick-meta":"","header-main-stick-meta":"","header-below-stick-meta":"","astra-migrate-meta-layouts":"default","ast-page-background-enabled":"default","ast-page-background-meta":{"desktop":{"background-color":"var(--ast-global-color-4)","background-image":"","background-repeat":"repeat","background-position":"center center","background-size":"auto","background-attachment":"scroll","background-type":"","background-media":"","overlay-type":"","overlay-color":"","overlay-opacity":"","overlay-gradient":""},"tablet":{"background-color":"","background-image":"","background-repeat":"repeat","background-position":"center center","background-size":"auto","background-attachment":"scroll","background-type":"","background-media":"","overlay-type":"","overlay-color":"","overlay-opacity":"","overlay-gradient":""},"mobile":{"background-color":"","background-image":"","background-repeat":"repeat","background-position":"center center","background-size":"auto","background-attachment":"scroll","background-type":"","background-media":"","overlay-type":"","overlay-color":"","overlay-opacity":"","overlay-gradient":""}},"ast-content-background-meta":{"desktop":{"background-color":"var(--ast-global-color-5)","background-image":"","background-repeat":"repeat","background-position":"center center","background-size":"auto","background-attachment":"scroll","background-type":"","background-media":"","overlay-type":"","overlay-color":"","overlay-opacity":"","overlay-gradient":""},"tablet":{"background-color":"var(--ast-global-color-5)","background-image":"","background-repeat":"repeat","background-position":"center center","background-size":"auto","background-attachment":"scroll","background-type":"","background-media":"","overlay-type":"","overlay-color":"","overlay-opacity":"","overlay-gradient":""},"mobile":{"background-color":"var(--ast-global-color-5)","background-image":"","background-repeat":"repeat","background-position":"center center","background-size":"auto","background-attachment":"scroll","background-type":"","background-media":"","overlay-type":"","overlay-color":"","overlay-opacity":"","overlay-gradient":""}},"ngg_post_thumbnail":0,"footnotes":""},"class_list":["post-365","page","type-page","status-publish","hentry"],"_links":{"self":[{"href":"https:\/\/www.cent.uo.edu.cu\/cbm\/wp-json\/wp\/v2\/pages\/365","targetHints":{"allow":["GET"]}}],"collection":[{"href":"https:\/\/www.cent.uo.edu.cu\/cbm\/wp-json\/wp\/v2\/pages"}],"about":[{"href":"https:\/\/www.cent.uo.edu.cu\/cbm\/wp-json\/wp\/v2\/types\/page"}],"author":[{"embeddable":true,"href":"https:\/\/www.cent.uo.edu.cu\/cbm\/wp-json\/wp\/v2\/users\/20"}],"replies":[{"embeddable":true,"href":"https:\/\/www.cent.uo.edu.cu\/cbm\/wp-json\/wp\/v2\/comments?post=365"}],"version-history":[{"count":4,"href":"https:\/\/www.cent.uo.edu.cu\/cbm\/wp-json\/wp\/v2\/pages\/365\/revisions"}],"predecessor-version":[{"id":585,"href":"https:\/\/www.cent.uo.edu.cu\/cbm\/wp-json\/wp\/v2\/pages\/365\/revisions\/585"}],"wp:attachment":[{"href":"https:\/\/www.cent.uo.edu.cu\/cbm\/wp-json\/wp\/v2\/media?parent=365"}],"curies":[{"name":"wp","href":"https:\/\/api.w.org\/{rel}","templated":true}]}}

Director científico

<p><strong>Ingeniero en Telecomunicaciones, Master en Ingeniería Biomédica, Doctor en ciencias técnicas, Investigador Titular, profesor Titular.</strong></p>



<p><strong>Síntesis:</strong></p>



<p><strong>Graduado en 1993 en la Universidad de Oriente, posee 27 años de experiencia en la profesión. Cursó estudios de maestría en la Universidad Central de las Villas, Cuba y realizó estudios doctorales en la universidad de New Brunswick, Canadá. Actualmente se desempeña como profesor titular e investigador titular en el Centro de Biofísica Médica de la Universidad de Oriente donde se desempeña como Director Científico. Ha trabajado en el diseño y construcción de equipos médicos. Ha publicado más de 20 artículos científicos y participado en eventos de relevancia internacional. Sus tópicos de investigación actuales incluyen la Resonancia magnética nuclear, tanto en campos homogéneos como inhomogéneos, la instrumentación electrónica biomédica,&nbsp;&nbsp; el procesamientos de señales biomédicas&nbsp; y la inteligencia artificial. Ha dirigido varios proyectos de investigación nacionales e internacionales. Ha tutorado tesis de pregrado, maestría y doctorado. Ha obtenido varios premios nacionales. Es experto de programas de ciencias territoriales y nacionales.</strong></p>

<p>Ingeniero en Telecomunicaciones, Master en Ingeniería Biomédica, Doctor en ciencias técnicas, Investigador Titular, profesor Titular. Síntesis: Graduado en 1993 en la Universidad de Oriente, posee 27 años de experiencia en la profesión. Cursó estudios de maestría en la Universidad Central de las Villas, Cuba y realizó estudios doctorales en la universidad de New Brunswick, Canadá. [&hellip;]</p>
