{"id":370,"date":"2021-03-10T17:28:44","date_gmt":"2021-03-10T16:28:44","guid":{"rendered":"http:\/\/www.cent.uo.edu.cu\/cbm\/?page_id=370"},"modified":"2021-03-18T21:26:04","modified_gmt":"2021-03-18T20:26:04","slug":"directora-administrativa","status":"publish","type":"page","link":"https:\/\/www.cent.uo.edu.cu\/cbm\/directora-administrativa\/","title":{"rendered":"Directora administrativa"},"content":{"rendered":"\n<p><strong>Ingeniera en Telecomunicaciones.<\/strong><\/p>\n\n\n\n<p><strong>La compa\u00f1era con una vasta experiencia laboral de 33 a\u00f1os, graduada en el instituto superior Julio Antonio Mella en ingenier\u00eda en Telecomunicaciones; en el a\u00f1o 1992- comenz\u00f3 su vida laboral en la ECOA No 21 en el a\u00f1o 1988 hasta el 1992 inici\u00f3 como jefa de almac\u00e9n, ocupando luego el cargo de Auxiliar de personal, en el a\u00f1o 1993 pasa a formar parte del claustro de profesores de la escuela Electr\u00f3nica Mariana Grajales, en 1995 y hasta el 1998 le fue asignada la tarea de ser cuadro profesional de los Comit\u00e9s de Defensa de la Revoluci\u00f3n donde asumi\u00f3 tareas de: Orientadora pol\u00edtica del consejo Veguita de galo, Coordinadora del DTTO 26 Julio y Secretaria Patri\u00f3tica Ideol\u00f3gica del Municipio Santiago de Cuba, en esta etapa curs\u00f3 la Escuela Nacional del PCC \u00d1ico&nbsp; L\u00f3pez.<\/strong><\/p>\n\n\n\n<p><strong>Concluida su etapa de cuadro en la masiva organizaci\u00f3n desde septiembre de 1998 hasta el 2002 trabaj\u00f3 en la empresa de Servicio a la Poblaci\u00f3n, primero como administradora del Complejo de Barber\u00eda de Arte y Oficio y luego como directora del distrito No 4 Abel Santamar\u00eda Cuadrado, desde el a\u00f1o 2002 y hasta el 2015 fue promovida a trabajar en el gobierno, primeramente, como vicepresidenta del Gobierno del DTTO No 4 Abel Santamar\u00eda Cuadrado y luego presidenta del Gobierno del mismo distrito. Desde el 2015 y hasta la actualidad se desempe\u00f1a como directora administrativa del CBM, Se encuentra incorporada en la maestr\u00eda de direcci\u00f3n desde julio del 2019<\/strong><\/p>\n\n\n\n<p><strong>Preparaci\u00f3n pol\u00edtica recibida: Escuela de preparaci\u00f3n para Cuadro municipal y provincial, escuelas de la defensa, Provincial Cursos de Econom\u00eda 2015, 2016, 2017 por el MES. Curso de Inversiones en el 2017 por el MES.<\/strong><\/p>\n","protected":false},"excerpt":{"rendered":"<p>Ingeniera en Telecomunicaciones. La compa\u00f1era con una vasta experiencia laboral de 33 a\u00f1os, graduada en el instituto superior Julio Antonio Mella en ingenier\u00eda en Telecomunicaciones; en el a\u00f1o 1992- comenz\u00f3 su vida laboral en la ECOA No 21 en el a\u00f1o 1988 hasta el 1992 inici\u00f3 como jefa de almac\u00e9n, ocupando luego el cargo de [&hellip;]<\/p>\n","protected":false},"author":20,"featured_media":0,"parent":0,"menu_order":0,"comment_status":"closed","ping_status":"closed","template":"","meta":{"site-sidebar-layout":"default","site-content-layout":"","ast-site-content-layout":"default","site-content-style":"default","site-sidebar-style":"default","ast-global-header-display":"","ast-banner-title-visibility":"","ast-main-header-display":"","ast-hfb-above-header-display":"","ast-hfb-below-header-display":"","ast-hfb-mobile-header-display":"","site-post-title":"","ast-breadcrumbs-content":"","ast-featured-img":"","footer-sml-layout":"","ast-disable-related-posts":"","theme-transparent-header-meta":"","adv-header-id-meta":"","stick-header-meta":"","header-above-stick-meta":"","header-main-stick-meta":"","header-below-stick-meta":"","astra-migrate-meta-layouts":"default","ast-page-background-enabled":"default","ast-page-background-meta":{"desktop":{"background-color":"var(--ast-global-color-4)","background-image":"","background-repeat":"repeat","background-position":"center center","background-size":"auto","background-attachment":"scroll","background-type":"","background-media":"","overlay-type":"","overlay-color":"","overlay-opacity":"","overlay-gradient":""},"tablet":{"background-color":"","background-image":"","background-repeat":"repeat","background-position":"center center","background-size":"auto","background-attachment":"scroll","background-type":"","background-media":"","overlay-type":"","overlay-color":"","overlay-opacity":"","overlay-gradient":""},"mobile":{"background-color":"","background-image":"","background-repeat":"repeat","background-position":"center center","background-size":"auto","background-attachment":"scroll","background-type":"","background-media":"","overlay-type":"","overlay-color":"","overlay-opacity":"","overlay-gradient":""}},"ast-content-background-meta":{"desktop":{"background-color":"var(--ast-global-color-5)","background-image":"","background-repeat":"repeat","background-position":"center center","background-size":"auto","background-attachment":"scroll","background-type":"","background-media":"","overlay-type":"","overlay-color":"","overlay-opacity":"","overlay-gradient":""},"tablet":{"background-color":"var(--ast-global-color-5)","background-image":"","background-repeat":"repeat","background-position":"center center","background-size":"auto","background-attachment":"scroll","background-type":"","background-media":"","overlay-type":"","overlay-color":"","overlay-opacity":"","overlay-gradient":""},"mobile":{"background-color":"var(--ast-global-color-5)","background-image":"","background-repeat":"repeat","background-position":"center center","background-size":"auto","background-attachment":"scroll","background-type":"","background-media":"","overlay-type":"","overlay-color":"","overlay-opacity":"","overlay-gradient":""}},"ngg_post_thumbnail":0,"footnotes":""},"class_list":["post-370","page","type-page","status-publish","hentry"],"_links":{"self":[{"href":"https:\/\/www.cent.uo.edu.cu\/cbm\/wp-json\/wp\/v2\/pages\/370","targetHints":{"allow":["GET"]}}],"collection":[{"href":"https:\/\/www.cent.uo.edu.cu\/cbm\/wp-json\/wp\/v2\/pages"}],"about":[{"href":"https:\/\/www.cent.uo.edu.cu\/cbm\/wp-json\/wp\/v2\/types\/page"}],"author":[{"embeddable":true,"href":"https:\/\/www.cent.uo.edu.cu\/cbm\/wp-json\/wp\/v2\/users\/20"}],"replies":[{"embeddable":true,"href":"https:\/\/www.cent.uo.edu.cu\/cbm\/wp-json\/wp\/v2\/comments?post=370"}],"version-history":[{"count":3,"href":"https:\/\/www.cent.uo.edu.cu\/cbm\/wp-json\/wp\/v2\/pages\/370\/revisions"}],"predecessor-version":[{"id":587,"href":"https:\/\/www.cent.uo.edu.cu\/cbm\/wp-json\/wp\/v2\/pages\/370\/revisions\/587"}],"wp:attachment":[{"href":"https:\/\/www.cent.uo.edu.cu\/cbm\/wp-json\/wp\/v2\/media?parent=370"}],"curies":[{"name":"wp","href":"https:\/\/api.w.org\/{rel}","templated":true}]}}

<p><strong>Ingeniera en Telecomunicaciones.</strong></p>



<p><strong>La compañera con una vasta experiencia laboral de 33 años, graduada en el instituto superior Julio Antonio Mella en ingeniería en Telecomunicaciones; en el año 1992- comenzó su vida laboral en la ECOA No 21 en el año 1988 hasta el 1992 inició como jefa de almacén, ocupando luego el cargo de Auxiliar de personal, en el año 1993 pasa a formar parte del claustro de profesores de la escuela Electrónica Mariana Grajales, en 1995 y hasta el 1998 le fue asignada la tarea de ser cuadro profesional de los Comités de Defensa de la Revolución donde asumió tareas de: Orientadora política del consejo Veguita de galo, Coordinadora del DTTO 26 Julio y Secretaria Patriótica Ideológica del Municipio Santiago de Cuba, en esta etapa cursó la Escuela Nacional del PCC Ñico&nbsp; López.</strong></p>



<p><strong>Concluida su etapa de cuadro en la masiva organización desde septiembre de 1998 hasta el 2002 trabajó en la empresa de Servicio a la Población, primero como administradora del Complejo de Barbería de Arte y Oficio y luego como directora del distrito No 4 Abel Santamaría Cuadrado, desde el año 2002 y hasta el 2015 fue promovida a trabajar en el gobierno, primeramente, como vicepresidenta del Gobierno del DTTO No 4 Abel Santamaría Cuadrado y luego presidenta del Gobierno del mismo distrito. Desde el 2015 y hasta la actualidad se desempeña como directora administrativa del CBM, Se encuentra incorporada en la maestría de dirección desde julio del 2019</strong></p>



<p><strong>Preparación política recibida: Escuela de preparación para Cuadro municipal y provincial, escuelas de la defensa, Provincial Cursos de Economía 2015, 2016, 2017 por el MES. Curso de Inversiones en el 2017 por el MES.</strong></p>

<p>Ingeniera en Telecomunicaciones. La compañera con una vasta experiencia laboral de 33 años, graduada en el instituto superior Julio Antonio Mella en ingeniería en Telecomunicaciones; en el año 1992- comenzó su vida laboral en la ECOA No 21 en el año 1988 hasta el 1992 inició como jefa de almacén, ocupando luego el cargo de [&hellip;]</p>
