{"id":469,"date":"2021-03-15T17:13:46","date_gmt":"2021-03-15T16:13:46","guid":{"rendered":"http:\/\/www.cent.uo.edu.cu\/cbm\/?page_id=469"},"modified":"2021-03-15T17:13:55","modified_gmt":"2021-03-15T16:13:55","slug":"469-2","status":"publish","type":"page","link":"https:\/\/www.cent.uo.edu.cu\/cbm\/469-2\/","title":{"rendered":""},"content":{"rendered":"\n<p>Tipo de Proyecto: Institucional.<\/p>\n\n\n\n<p>Contacto: Jefe de proyecto. . MsC. Henry Blanco Lores<\/p>\n\n\n\n<p>Correo(s) electr\u00f3nico(s): henry.lores@uo.edu.cu, <a href=\"mailto:hblanco2009@gmail.com\">hblanco2009@gmail.com<\/a><\/p>\n\n\n\n<p>Tel\u00e9fono(s): +53 22 631425, Fax: +53 22 632545<\/p>\n\n\n\n<p>Seg\u00fan riesgo: Innovaci\u00f3n \/ Tecnol\u00f3gico<\/p>\n\n\n\n<p>Salida: Servicio.<\/p>\n\n\n\n<p><strong>OBJETIVOS GENERALES<\/strong><\/p>\n\n\n\n<p>Desplegar nuestra soluci\u00f3n PACS, imagis, en 25 hospitales del sistema nacional de salud ubicados fundamentalmente en la regi\u00f3n oriental de Cuba.<\/p>\n\n\n\n<p>Crear una red de im\u00e1genes m\u00e9dicas a trav\u00e9s de la interconexi\u00f3n de estos 25 hospitales para fomentar el intercambio de informaci\u00f3n de im\u00e1genes m\u00e9dicas (e.g., estudios, informes).<\/p>\n\n\n\n<p>Crear un laboratorio para la gesti\u00f3n y procesamiento de im\u00e1genes m\u00e9dicas en el Centro de Biof\u00edsica M\u00e9dica con apoyo de la infraestructura existente en el centro de datos de la UO.<\/p>\n\n\n\n<p><strong>RESULTADOS ESPERADOS<\/strong><\/p>\n\n\n\n<p>25 hospitales del SNS con el sistema PACS, imagis, instalado.<\/p>\n\n\n\n<p>25 hospitales del SNS interconectados entre si, con la posibilidad de intercambiar im\u00e1genes m\u00e9dicas a trav\u00e9s del sistema imagis.<\/p>\n\n\n\n<p>Laboratorio de im\u00e1genes con facilidades para el procesamiento de grandes vol\u00famenes de datos (e.g., im\u00e1genes, se\u00f1ales).<\/p>\n","protected":false},"excerpt":{"rendered":"<p>Tipo de Proyecto: Institucional. Contacto: Jefe de proyecto. . MsC. Henry Blanco Lores Correo(s) electr\u00f3nico(s): henry.lores@uo.edu.cu, hblanco2009@gmail.com Tel\u00e9fono(s): +53 22 631425, Fax: +53 22 632545 Seg\u00fan riesgo: Innovaci\u00f3n \/ Tecnol\u00f3gico Salida: Servicio. OBJETIVOS GENERALES Desplegar nuestra soluci\u00f3n PACS, imagis, en 25 hospitales del sistema nacional de salud ubicados fundamentalmente en la regi\u00f3n oriental de Cuba. [&hellip;]<\/p>\n","protected":false},"author":20,"featured_media":0,"parent":0,"menu_order":0,"comment_status":"closed","ping_status":"closed","template":"","meta":{"site-sidebar-layout":"default","site-content-layout":"","ast-site-content-layout":"default","site-content-style":"default","site-sidebar-style":"default","ast-global-header-display":"","ast-banner-title-visibility":"","ast-main-header-display":"","ast-hfb-above-header-display":"","ast-hfb-below-header-display":"","ast-hfb-mobile-header-display":"","site-post-title":"","ast-breadcrumbs-content":"","ast-featured-img":"","footer-sml-layout":"","ast-disable-related-posts":"","theme-transparent-header-meta":"","adv-header-id-meta":"","stick-header-meta":"","header-above-stick-meta":"","header-main-stick-meta":"","header-below-stick-meta":"","astra-migrate-meta-layouts":"default","ast-page-background-enabled":"default","ast-page-background-meta":{"desktop":{"background-color":"var(--ast-global-color-4)","background-image":"","background-repeat":"repeat","background-position":"center center","background-size":"auto","background-attachment":"scroll","background-type":"","background-media":"","overlay-type":"","overlay-color":"","overlay-opacity":"","overlay-gradient":""},"tablet":{"background-color":"","background-image":"","background-repeat":"repeat","background-position":"center center","background-size":"auto","background-attachment":"scroll","background-type":"","background-media":"","overlay-type":"","overlay-color":"","overlay-opacity":"","overlay-gradient":""},"mobile":{"background-color":"","background-image":"","background-repeat":"repeat","background-position":"center center","background-size":"auto","background-attachment":"scroll","background-type":"","background-media":"","overlay-type":"","overlay-color":"","overlay-opacity":"","overlay-gradient":""}},"ast-content-background-meta":{"desktop":{"background-color":"var(--ast-global-color-5)","background-image":"","background-repeat":"repeat","background-position":"center center","background-size":"auto","background-attachment":"scroll","background-type":"","background-media":"","overlay-type":"","overlay-color":"","overlay-opacity":"","overlay-gradient":""},"tablet":{"background-color":"var(--ast-global-color-5)","background-image":"","background-repeat":"repeat","background-position":"center center","background-size":"auto","background-attachment":"scroll","background-type":"","background-media":"","overlay-type":"","overlay-color":"","overlay-opacity":"","overlay-gradient":""},"mobile":{"background-color":"var(--ast-global-color-5)","background-image":"","background-repeat":"repeat","background-position":"center center","background-size":"auto","background-attachment":"scroll","background-type":"","background-media":"","overlay-type":"","overlay-color":"","overlay-opacity":"","overlay-gradient":""}},"ngg_post_thumbnail":0,"footnotes":""},"class_list":["post-469","page","type-page","status-publish","hentry"],"_links":{"self":[{"href":"https:\/\/www.cent.uo.edu.cu\/cbm\/wp-json\/wp\/v2\/pages\/469","targetHints":{"allow":["GET"]}}],"collection":[{"href":"https:\/\/www.cent.uo.edu.cu\/cbm\/wp-json\/wp\/v2\/pages"}],"about":[{"href":"https:\/\/www.cent.uo.edu.cu\/cbm\/wp-json\/wp\/v2\/types\/page"}],"author":[{"embeddable":true,"href":"https:\/\/www.cent.uo.edu.cu\/cbm\/wp-json\/wp\/v2\/users\/20"}],"replies":[{"embeddable":true,"href":"https:\/\/www.cent.uo.edu.cu\/cbm\/wp-json\/wp\/v2\/comments?post=469"}],"version-history":[{"count":1,"href":"https:\/\/www.cent.uo.edu.cu\/cbm\/wp-json\/wp\/v2\/pages\/469\/revisions"}],"predecessor-version":[{"id":471,"href":"https:\/\/www.cent.uo.edu.cu\/cbm\/wp-json\/wp\/v2\/pages\/469\/revisions\/471"}],"wp:attachment":[{"href":"https:\/\/www.cent.uo.edu.cu\/cbm\/wp-json\/wp\/v2\/media?parent=469"}],"curies":[{"name":"wp","href":"https:\/\/api.w.org\/{rel}","templated":true}]}}