{"id":489,"date":"2021-03-15T17:38:10","date_gmt":"2021-03-15T16:38:10","guid":{"rendered":"http:\/\/www.cent.uo.edu.cu\/cbm\/?page_id=489"},"modified":"2021-03-15T17:38:22","modified_gmt":"2021-03-15T16:38:22","slug":"489-2","status":"publish","type":"page","link":"https:\/\/www.cent.uo.edu.cu\/cbm\/489-2\/","title":{"rendered":""},"content":{"rendered":"\n<p><strong>Tipo de Proyecto: Territorial CITMA.<\/strong><\/p>\n\n\n\n<figure class=\"wp-block-table\"><table><tbody><tr><td>Seg\u00fan riesgo: Innovaci\u00f3n \/ Tecnol\u00f3gico Salida: Servicio <strong>&nbsp;<\/strong> <strong>Contacto: Jefe del Proyecto: <\/strong>DrC. Carlos D\u00edaz Novo Correo(s) electr\u00f3nico(s). <a href=\"mailto:cdiaznovo@gmail.com\">cdiaznovo@gmail.com<\/a><strong><\/strong> Tel\u00e9fono(s ) (+53) 22633380, 22631424 &nbsp;ext 104, (+53) 22632787,22644450 &nbsp;<\/td><td>&nbsp;<\/td><\/tr><\/tbody><\/table><\/figure>\n\n\n\n<p>Se propone un nuevo producto m\u00e9dico-tecnol\u00f3gico de alto valor agregado. En su dise\u00f1o, ejecuci\u00f3n, puesta a punto y comercializaci\u00f3n se combina la experiencia de trabajo multidisciplinario acumulada por m\u00e1s de 25 a\u00f1os entre los especialistas m\u00e9dicos y la de prestigiosos investigadores del Centro de Biof\u00edsica Medica (CBM) dedicados al dise\u00f1o y construcci\u00f3n de novedosas tecnolog\u00edas m\u00e9dicas.<\/p>\n\n\n\n<p>Es una propuesta original, aut\u00f3ctona de nuestro territorio, sin precedentes en el pa\u00eds &nbsp;que combina los resultados alcanzados por el CBM en el desarrollo de la tecnolog\u00eda de la Realidad Virtual para la rehabilitaci\u00f3n motora con el conocimiento m\u00e9dico-cient\u00edfico acumulado en el estudio de los movimientos humanos normales y patol\u00f3gicos en el \u00fanico laboratorio experimental instalado para estos fines en el Hospital General de Santiago Dr. Juan Bruno Zayas y que resultara Premio Nacional de Salud en el 2018. Se obtiene un resultado que al concluir su puesta a punto ser\u00e1 presentada a los organismos&nbsp; competentes nacionales para su registro como equipo m\u00e9dico.<\/p>\n\n\n\n<p>Representa una oportunidad para la obtenci\u00f3n de patentes y una nueva propuesta de proceso de neuro-rehabilitaci\u00f3n basada en evidencias que&nbsp; permitir\u00e1 elevar los niveles de salud de la poblaci\u00f3n cubana, el aumento de la organizaci\u00f3n, la eficiencia y la calidad de vida en el territorio<\/p>\n\n\n\n<p><strong>OBJETIVO GENERAL<\/strong><\/p>\n\n\n\n<p>Desarrollar una estaci\u00f3n rob\u00f3tica para extender al sistema de salud cubano y soportar servicios m\u00e9dicos, docentes e investigativos de excelencia&nbsp; en el campo de la neuro-rehabilitaci\u00f3n asistida&nbsp; de la marcha y el equilibrio.<\/p>\n\n\n\n<p><strong>OBJETIVOS ESPEC\u00cdFICOS<\/strong><\/p>\n\n\n\n<ol class=\"wp-block-list\" type=\"1\"><li>Conceptualizar, dise\u00f1ar, fabricar y e instalar el primer prototipo tecnol\u00f3gico de la estaci\u00f3n rob\u00f3tica, que incluye electr\u00f3nica, mec\u00e1nica y software, para la rehabilitaci\u00f3n de la marcha y el equilibrio.<\/li><\/ol>\n\n\n\n<ul class=\"wp-block-list\"><li>Proponer y desarrollar proceder terap\u00e9utico para la rehabilitaci\u00f3n asistida y cuantitativa de la marcha y el equilibrio que tenga como referencia aplicaciones de realidad virtual, medidas del laboratorio de an\u00e1lisis de movimientos y la detecci\u00f3n de la intencionalidad de movimiento.<\/li><\/ul>\n\n\n\n<ul class=\"wp-block-list\"><li>Validar el prototipo e iniciar las pruebas cl\u00ednicas de concepto integrando la propuesta tecnol\u00f3gica y terap\u00e9utica para la recuperaci\u00f3n de la marcha y el equilibrio en poblaciones de enfermos neurol\u00f3gicos, con traumatismos neurol\u00f3gicos severos y adultos mayores con riesgo de ca\u00eddas.<\/li><\/ul>\n\n\n\n<ul class=\"wp-block-list\"><li>Iniciar proceso de registro m\u00e9dico de la tecnolog\u00eda, conformaci\u00f3n de la documentaci\u00f3n t\u00e9cnica con los resultados de las pruebas de concepto y estudios cl\u00ednicos preliminares.<\/li><\/ul>\n\n\n\n<p>Complementar soporte acad\u00e9mico de investigadores, doctores en ciencias y mag\u00edsteres en las \u00e1reas de&nbsp; las neurociencias y la rehabilitaci\u00f3n asistida y cuantitativa de la marcha y el equilibrio. Complemento a la formaci\u00f3n t\u00e9cnico-investigativa de estudiantes de pregrado de las especialidades m\u00e9dicas afines y de la carrera de Ingenier\u00eda Biom\u00e9dica de la Universidad de Oriente.<\/p>\n","protected":false},"excerpt":{"rendered":"<p>Tipo de Proyecto: Territorial CITMA. Seg\u00fan riesgo: Innovaci\u00f3n \/ Tecnol\u00f3gico Salida: Servicio &nbsp; Contacto: Jefe del Proyecto: DrC. Carlos D\u00edaz Novo Correo(s) electr\u00f3nico(s). cdiaznovo@gmail.com Tel\u00e9fono(s ) (+53) 22633380, 22631424 &nbsp;ext 104, (+53) 22632787,22644450 &nbsp; &nbsp; Se propone un nuevo producto m\u00e9dico-tecnol\u00f3gico de alto valor agregado. En su dise\u00f1o, ejecuci\u00f3n, puesta a punto y comercializaci\u00f3n se [&hellip;]<\/p>\n","protected":false},"author":20,"featured_media":0,"parent":0,"menu_order":0,"comment_status":"closed","ping_status":"closed","template":"","meta":{"site-sidebar-layout":"default","site-content-layout":"","ast-site-content-layout":"default","site-content-style":"default","site-sidebar-style":"default","ast-global-header-display":"","ast-banner-title-visibility":"","ast-main-header-display":"","ast-hfb-above-header-display":"","ast-hfb-below-header-display":"","ast-hfb-mobile-header-display":"","site-post-title":"","ast-breadcrumbs-content":"","ast-featured-img":"","footer-sml-layout":"","ast-disable-related-posts":"","theme-transparent-header-meta":"","adv-header-id-meta":"","stick-header-meta":"","header-above-stick-meta":"","header-main-stick-meta":"","header-below-stick-meta":"","astra-migrate-meta-layouts":"default","ast-page-background-enabled":"default","ast-page-background-meta":{"desktop":{"background-color":"var(--ast-global-color-4)","background-image":"","background-repeat":"repeat","background-position":"center center","background-size":"auto","background-attachment":"scroll","background-type":"","background-media":"","overlay-type":"","overlay-color":"","overlay-opacity":"","overlay-gradient":""},"tablet":{"background-color":"","background-image":"","background-repeat":"repeat","background-position":"center center","background-size":"auto","background-attachment":"scroll","background-type":"","background-media":"","overlay-type":"","overlay-color":"","overlay-opacity":"","overlay-gradient":""},"mobile":{"background-color":"","background-image":"","background-repeat":"repeat","background-position":"center center","background-size":"auto","background-attachment":"scroll","background-type":"","background-media":"","overlay-type":"","overlay-color":"","overlay-opacity":"","overlay-gradient":""}},"ast-content-background-meta":{"desktop":{"background-color":"var(--ast-global-color-5)","background-image":"","background-repeat":"repeat","background-position":"center center","background-size":"auto","background-attachment":"scroll","background-type":"","background-media":"","overlay-type":"","overlay-color":"","overlay-opacity":"","overlay-gradient":""},"tablet":{"background-color":"var(--ast-global-color-5)","background-image":"","background-repeat":"repeat","background-position":"center center","background-size":"auto","background-attachment":"scroll","background-type":"","background-media":"","overlay-type":"","overlay-color":"","overlay-opacity":"","overlay-gradient":""},"mobile":{"background-color":"var(--ast-global-color-5)","background-image":"","background-repeat":"repeat","background-position":"center center","background-size":"auto","background-attachment":"scroll","background-type":"","background-media":"","overlay-type":"","overlay-color":"","overlay-opacity":"","overlay-gradient":""}},"ngg_post_thumbnail":0,"footnotes":""},"class_list":["post-489","page","type-page","status-publish","hentry"],"_links":{"self":[{"href":"https:\/\/www.cent.uo.edu.cu\/cbm\/wp-json\/wp\/v2\/pages\/489","targetHints":{"allow":["GET"]}}],"collection":[{"href":"https:\/\/www.cent.uo.edu.cu\/cbm\/wp-json\/wp\/v2\/pages"}],"about":[{"href":"https:\/\/www.cent.uo.edu.cu\/cbm\/wp-json\/wp\/v2\/types\/page"}],"author":[{"embeddable":true,"href":"https:\/\/www.cent.uo.edu.cu\/cbm\/wp-json\/wp\/v2\/users\/20"}],"replies":[{"embeddable":true,"href":"https:\/\/www.cent.uo.edu.cu\/cbm\/wp-json\/wp\/v2\/comments?post=489"}],"version-history":[{"count":1,"href":"https:\/\/www.cent.uo.edu.cu\/cbm\/wp-json\/wp\/v2\/pages\/489\/revisions"}],"predecessor-version":[{"id":490,"href":"https:\/\/www.cent.uo.edu.cu\/cbm\/wp-json\/wp\/v2\/pages\/489\/revisions\/490"}],"wp:attachment":[{"href":"https:\/\/www.cent.uo.edu.cu\/cbm\/wp-json\/wp\/v2\/media?parent=489"}],"curies":[{"name":"wp","href":"https:\/\/api.w.org\/{rel}","templated":true}]}}