{"id":1958,"date":"2021-06-22T17:17:05","date_gmt":"2021-06-22T21:17:05","guid":{"rendered":"https:\/\/www.cent.uo.edu.cu\/cemzoc-uo\/?page_id=1958"},"modified":"2021-06-23T10:03:10","modified_gmt":"2021-06-23T14:03:10","slug":"impacto-de-las-publicaciones","status":"publish","type":"page","link":"https:\/\/www.cent.uo.edu.cu\/cemzoc-uo\/posgrado\/para-investigadores\/impacto-de-las-publicaciones\/","title":{"rendered":"Impacto de las publicaciones"},"content":{"rendered":"\n<h2 class=\"wp-block-heading\" id=\"1\">La actividad cient\u00edfica se mide<\/h2>\n\n\n\n<p>Existen diversos indicadores m\u00e9tricos para medir y evaluar la calidad de las publicaciones cient\u00edficas.<\/p>\n\n\n\n<p align=\"justify\">La producci\u00f3n cient\u00edfica se mide y eval\u00faa en funci\u00f3n de una serie de criterios relacionados con la cantidad de trabajos publicados y con la cantidad de veces en la que han sido citados. Entre los criterios que se miden cabe destacar:<\/p>\n\n\n\n<ul class=\"wp-block-list\"><li>el n\u00famero de trabajos publicados<\/li><li>el n\u00famero total de citas recibidas<\/li><li>el n\u00famero de citas medias por trabajo publicado<\/li><li>el n\u00famero de trabajos publicados significativos<\/li><li>el n\u00famero de citas de los trabajos publicados m\u00e1s citados<\/li><\/ul>\n\n\n\n<h2 class=\"wp-block-heading\" id=\"2\">\u00bfQu\u00e9 son las publicaciones con impacto?<\/h2>\n\n\n\n<p align=\"justify\">Publicaciones con impacto son aquellas que son indexadas en determinados portales de informaci\u00f3n que miden el reconocimiento y la calidad de lo que se publica.<\/p>\n\n\n\n<h2 class=\"wp-block-heading\" id=\"3\">M\u00e9tricas para revistas: \u00cdndices de impacto o indicadores de impacto<\/h2>\n\n\n\n<p align=\"justify\">Los indicadores de impacto miden la repercusi\u00f3n que ha tenido una revista en la literatura cient\u00edfica, analizando las citas que han recibido los art\u00edculos que han sido publicados en ella. Es una medida de la importancia que tiene una publicaci\u00f3n en un campo tem\u00e1tico concreto.<\/p>\n\n\n\n<p align=\"justify\">Permite establecer comparaciones y rankings entre revistas y reflejar la relevancia de cada t\u00edtulo en el campo tem\u00e1tico en el que est\u00e1 incluida.<\/p>\n\n\n\n<h2 class=\"wp-block-heading\" id=\"4\">Herramientas para conocer el \u00edndice de impacto<\/h2>\n\n\n\n<p align=\"justify\">Existen varias herramientas que permiten conocer y calcular autom\u00e1ticamente los \u00edndices de impacto de las revistas cient\u00edficas m\u00e1s reconocidas:<\/p>\n\n\n\n<ul><li><p align=\"justify\"><strong>Journal Citation Reports (JCR):<\/strong>&nbsp;cubre las publicaciones revisadas por expertos m\u00e1s citadas del mundo de aproximadamente 200 disciplinas diferentes. JCR se puede consultar v\u00eda web desde la plataforma Web of Science (WOS) permite buscar el factor de impacto de una revista concreta o de un grupo de revistas y establecer comparaciones entre ellas. El factor de impacto es calculado anualmente por el&nbsp;<em>Institute for Scientific Information&nbsp;<\/em>(ISI).<\/p><ul><li><p align=\"justify\">Es una herramienta esencial para conocer el impacto y la influencia de una Revista en la comunidad investigadora global.<\/p><\/li><li><p align=\"justify\">No mide la calidad de un art\u00edculo si no de la revista en la que se publica.<\/p><\/li><li><p align=\"justify\">No todas las revistas tienen factor de impacto JCR y las que lo tienen no lo tienen permanentemente.<\/p><\/li><li><p align=\"justify\">El factor de impacto de una revista se actualiza cada a\u00f1o y puede variar de unos a\u00f1os a otros.<\/p><\/li><li><p align=\"justify\">Una misma revista puede localizarse en distintas \u00e1reas tem\u00e1ticas y es muy probable que, en cada una de ellas, tenga un impacto diferente.<\/p><\/li><li><p align=\"justify\">El \u00edndice de impacto para un t\u00edtulo de revista en un a\u00f1o determinado es un \u00edndice fijo en JCR.<\/p><\/li><li><p align=\"justify\">Cada grupo tem\u00e1tico de revistas se divide en cuatro cuartiles: Q1, Q2, Q3, Q4, que corresponden respectivamente al grupo conformado por el primer 25% de las revistas del listado, el grupo que ocupa del 25 al 50%, el que se posiciona entre el 50 y el 75%, y, finalmente, el que est\u00e1 situado entre el 75 y el 100% del ranking ordenado. La verdadera \u00e9lite de las revistas de una tem\u00e1tica est\u00e1 conformada por aquellas que ocupan el primer cuartil, Q1.<\/p><\/li><li><p align=\"justify\">Tiene dos ediciones diferenciadas: una para ciencias (Science) y otra para ciencias sociales (<em>Social Sciences<\/em>).<\/p><\/li><li><p align=\"justify\">Ofrece cobertura desde 1997 y es una herramienta de pago que es financiada por la FECYT (Fundaci\u00f3n espa\u00f1ola de Ciencia y Tecnolog\u00eda)&nbsp;<\/p><\/li><\/ul><\/p><\/li><li><p align=\"justify\"><strong>SCIMAGO Journal and Country Rank (SJR)<\/strong>: Surgi\u00f3 como herramienta libre y alternativa a JCR. Analiza las publicaciones indexadas en la base de datos Scopus, de la editorial Elsevier, desde 1997 hasta la fecha. SJR se puede consultar v\u00eda web desde la plataforma Scopus, de pago, o desde&nbsp;SCIMAGO Journal and Country Rank-SJR.<ul><li><p align=\"justify\">No mide la calidad de un art\u00edculo sino de la revista en la que se publica.<\/p><\/li><li><p align=\"justify\">No todas las revistas tienen factor de impacto SJR y las que lo tienen no lo tienen permanentemente.<\/p><\/li><li><p align=\"justify\">&nbsp;El factor de impacto de una revista se actualiza cada a\u00f1o y puede variar de unos a\u00f1os a otros.<\/p><\/li><li><p align=\"justify\">Permite buscar el factor de impacto de una revista concreta o de un grupo de revistas y establecer comparaciones entre ellas.<\/p><\/li><li><p align=\"justify\">Una misma revista puede localizarse en distintas \u00e1reas tem\u00e1ticas y es muy probable que, en cada una de ellas, tenga un factor de impacto diferente.<\/p><\/li><li><p align=\"justify\">El \u00edndice de impacto para un t\u00edtulo de revista en un a\u00f1o determinado no es un \u00edndice fijo en SJR y puede variar<\/p><\/li><li>Incluye un mayor n\u00famero de revistas que JCR por lo que se podr\u00eda decir que es menos selectivo<\/p><\/li><li><p align=\"justify\">&nbsp;Es com\u00fan para las ciencias y las ciencias sociales por lo que el \u00edndice de impacto no se calcula en ediciones separadas<\/p><\/li><li><p align=\"justify\">Cada grupo tem\u00e1tico de revistas se divide en cuatro cuartiles: Q1, Q2, Q3, Q4, que corresponden respectivamente al grupo conformado por el primer 25% de las revistas del listado, el grupo que ocupa del 25 al 50%, el que se posiciona entre el 50 y el 75%, y, finalmente, el que est\u00e1 situado entre el 75 y el 100% del ranking ordenado. La verdadera \u00e9lite de las revistas de una tem\u00e1tica est\u00e1 conformada por aquellas que ocupan el primer cuartil, Q1.<\/p><\/li><\/ul><\/p><\/li><\/ul>\n\n\n\n<h2 class=\"wp-block-heading\" id=\"5\">\u00bfC\u00f3mo se calcula el factor de impacto en Journal Citation Report (JCR)?<\/h2>\n\n\n\n<p align=\"justify\">Se puede definir el factor de impacto de una revista como la media de veces que en un a\u00f1o han sido citados los art\u00edculos que ha publicado en los dos a\u00f1os anteriores.<\/p>\n\n\n\n<p>La f\u00f3rmula que se utiliza para calcular el factor de impacto es sencilla:<\/p>\n\n\n\n<p>el n\u00famero total citaciones recibidas en los dos a\u00f1os anteriores<\/p>\n\n\n\n<p>dividido entre<\/p>\n\n\n\n<p>el n\u00famero total de art\u00edculos publicados en esos dos a\u00f1os anteriores<\/p>\n\n\n\n<h2 class=\"wp-block-heading\" id=\"6\">\u00bfC\u00f3mo se calcula el \u00edndice de impacto en SJR?<\/h2>\n\n\n\n<p align=\"justify\">El \u00edndice de impacto en SJR se ha desarrollado tomando como base el algoritmo ideado por Google para ordenar sus resultados de b\u00fasqueda (<em>Google PageRank<\/em>), por lo cual no todas las citas valen lo mismo, sino que el valor depende de la posici\u00f3n que ocupe la revista que cita; esto significa, por ejemplo, que la cita de una revista con SJR alto tiene m\u00e1s valor que la cita de una revista que tenga un menor SJR.<\/p>\n\n\n\n<p align=\"justify\">SJR expresa el n\u00famero de enlaces que una revista recibe a trav\u00e9s de la citaci\u00f3n ponderada de sus documentos en relaci\u00f3n con el n\u00famero de documentos publicados en el a\u00f1o por cada publicaci\u00f3n. La ponderaci\u00f3n de las citas se hace en funci\u00f3n de las que recibe la publicaci\u00f3n citante.<\/p>\n\n\n\n<p align=\"justify\">La horquilla de citaci\u00f3n es de tres a\u00f1os, un a\u00f1o m\u00e1s amplio que en JCR, y se puede calcular anualmente desde 1999, aunque los datos de las publicaciones de Scopus son recogidos desde 1996. Adem\u00e1s, para el c\u00e1lculo se eliminan las citas a documentos publicados en la propia revista.<\/p>\n\n\n\n<h2 class=\"wp-block-heading\" id=\"7\">\u00bfQu\u00e9 son los cuartiles?<\/h2>\n\n\n\n<p align=\"justify\">Adem\u00e1s del propio Factor de Impacto o \u00cdndice de Impacto, los rankings de revistas de cada categor\u00eda tem\u00e1tica, tanto en JCR como en SJR, se dividen en cuartiles.<\/p>\n\n\n\n<p>Los cuartiles ordenan las revistas de mayor a menor en lo relativo al \u00edndice o factor de impacto:<\/p>\n\n\n\n<ul class=\"wp-block-list\"><li>Q1, grupo conformado por el primer 25% de las revistas del listado<\/li><li>Q2, grupo que ocupa del 25 al 50%<\/li><li>Q3, grupo que se posiciona entre el 50 y el 75%<\/li><li>Q4, grupo que est\u00e1 situado entre el 75 y el 100% del ranking ordenado.<\/li><\/ul>\n\n\n\n<p align=\"justify\">La \u00e9lite verdadera de las revistas en una tem\u00e1tica est\u00e1 conformada por aquellas que ocupan el primer cuartil, Q1, y sucesivamente su importancia ir\u00e1 decreciendo seg\u00fan van ocupando los siguientes cuartiles.<\/p>\n\n\n\n<h2 class=\"wp-block-heading\" id=\"8\">\u00bfQu\u00e9 diferencias hay entre JCR y SJR?<\/h2>\n\n\n\n<p>Una de las diferencias m\u00e1s importantes entre los productos SJR y JCR es el acceso que proporcionan:<\/p>\n\n\n\n<ul class=\"wp-block-list\"><li><p align=\"justify\">JCR es una herramienta de pago a trav\u00e9s de la plataforma Web of Science . Tambi\u00e9n es de pago la base de datos de citas sobre la que se apoya, Web of Science Core Collection.<\/p><\/li><li><p align=\"justify\">SJR es una herramienta gratuita. Sin embargo, La base de datos de citas sobre la que se apoya&nbsp;<em>Scopus, es una herramienta de pago<\/em>.<\/p><\/li><\/ul>\n\n\n\n<p>Otra diferencia importante se refiere a la variabilidad de los indicadores:<\/p>\n\n\n\n<ul class=\"wp-block-list\"><li>los valores del factor de impacto en JCR son fijos y definitivos<\/li><li>los valores de SJR y dem\u00e1s indicadores de la plataforma son variables<\/li><\/ul>\n\n\n\n<p>Respecto a los datos de citas recogidos para calcular los indicadores:<\/p>\n\n\n\n<ul class=\"wp-block-list\"><li><p align=\"justify\">En JCR la horquilla de citaci\u00f3n es de dos a\u00f1os y todas las citas tienen el mismo peso, el mismo valor<\/p><\/li><li><p align=\"justify\">En SJR la horquilla de citaci\u00f3n es de tres a\u00f1os y el peso de las citas es ponderado, es decir, el valor depende de la posici\u00f3n que ocupa la revista que cita<\/p><\/li><\/ul>\n\n\n\n<h2 class=\"wp-block-heading\" id=\"10\">M\u00e9tricas para revistas: el \u00cdndice H<\/h2>\n\n\n\n<p align=\"justify\">El \u00edndice H, creado por Jorge E. Hirsch en 2005, se ha popularizado y se aplica tanto a las m\u00e9tricas de las revistas como a otras m\u00e9tricas dirigidas espec\u00edficamente a los autores o, incluso, para medir la producci\u00f3n cient\u00edfica de los pa\u00edses.<\/p>\n\n\n\n<p align=\"justify\">Su c\u00e1lculo es sencillo y similar con independencia del concepto que se quiera medir: procede de ordenar de mayor a menor los art\u00edculos cient\u00edficos seg\u00fan el n\u00famero de citas que hayan recibido: el \u00edndice H es el n\u00famero en el que coinciden el n\u00famero de orden con el n\u00famero de citas.<\/p>\n\n\n\n<h2 class=\"wp-block-heading\" id=\"11\">M\u00e9tricas para revistas: Google Scholar Metrics<\/h2>\n\n\n\n<p align=\"justify\">Google Scholar Metrics incluye las revistas en Google Scholar que han publicado al menos 100 art\u00edculos que cuentan con alguna cita.<\/p>\n\n\n\n<p align=\"justify\">Para evaluar las revistas&nbsp;<strong><a href=\"https:\/\/scholar.google.com\/citations?view_op=top_venues\" rel=\"noreferrer noopener\" target=\"_blank\">Google Scholar Metrics<\/a>&nbsp;<\/strong>se ha apoyado en el \u00edndice H y ha creado las m\u00e9tricas denominadas \u00cdndice h5 y la Media-h5 que computan las citas recibidas en los \u00faltimos cinco a\u00f1os naturales completos anteriores al a\u00f1o de realizaci\u00f3n de la m\u00e9trica.<\/p>\n\n\n\n<p align=\"justify\">El indicador principal adoptado por Google es el \u00cdndice h5, que te explicamos a continuaci\u00f3n. Google Scholar Metrics entiende&nbsp;<em>el \u00edndice H de una publicaci\u00f3n&nbsp;<\/em>como el n\u00famero h m\u00e1s alto resultante de que, tras colocar el n\u00famero de art\u00edculos citados en una publicaci\u00f3n en orden descendente de m\u00e1s a menos citas, el n\u00famero de citas recibido y la posici\u00f3n del art\u00edculo en el listado total sea igual o menor. Por ejemplo, si una publicaci\u00f3n tiene 5 art\u00edculos y \u00e9stos ordenados por n\u00famero de cita han recibido 17, 9, 6, 3, y 2 citas respectivamente, se puede concluir que su \u00edndice H es 3.<\/p>\n\n\n\n<p align=\"justify\">Con datos basados en el&nbsp;<em>\u00edndice H, Google Scholar&nbsp;<\/em>facilita el \u00edndice&nbsp;<strong>H5 o&nbsp;<\/strong><strong><em>ih5 de las publicaciones<\/em><\/strong>comput\u00e1ndose para ello las citas conseguidas en los \u00faltimos cinco a\u00f1os naturales completos y anteriores al a\u00f1o en que se realiza el c\u00f3mputo, con independencia de la fecha de publicaci\u00f3n del art\u00edculo. Las m\u00e9tricas se basan en las citas de todos los art\u00edculos indexados en Google Scholar hasta una fecha determinada.<\/p>\n\n\n\n<p align=\"justify\">Google Acad\u00e9mico ofrece un ranking de revistas en funci\u00f3n del idioma en que se editan: es el top de las 100 publicaciones principales, las 100 revistas que mayor impacto poseen en cada idioma, que aparecen ordenadas por su \u00edndice h5 y su media-h5. Actualmente no permite agrupar y ordenar las revistas seg\u00fan su pa\u00eds de publicaci\u00f3n.<\/p>\n\n\n\n<p><em><sub>Fuente: https:\/\/www.mondragon.edu\/es\/web\/biblioteka\/indices-de-impacto-de-las-publicaciones<\/sub><\/em><\/p>\n","protected":false},"excerpt":{"rendered":"<p>La actividad cient\u00edfica se mide Existen diversos indicadores m\u00e9tricos para medir y evaluar la calidad de las publicaciones cient\u00edficas. La producci\u00f3n cient\u00edfica se mide y eval\u00faa en funci\u00f3n de una serie de criterios relacionados con la cantidad de trabajos publicados&hellip; <\/p>\n","protected":false},"author":21,"featured_media":0,"parent":1661,"menu_order":0,"comment_status":"closed","ping_status":"closed","template":"","meta":{"_mc_calendar":[],"footnotes":""},"class_list":["post-1958","page","type-page","status-publish","hentry"],"_links":{"self":[{"href":"https:\/\/www.cent.uo.edu.cu\/cemzoc-uo\/wp-json\/wp\/v2\/pages\/1958","targetHints":{"allow":["GET"]}}],"collection":[{"href":"https:\/\/www.cent.uo.edu.cu\/cemzoc-uo\/wp-json\/wp\/v2\/pages"}],"about":[{"href":"https:\/\/www.cent.uo.edu.cu\/cemzoc-uo\/wp-json\/wp\/v2\/types\/page"}],"author":[{"embeddable":true,"href":"https:\/\/www.cent.uo.edu.cu\/cemzoc-uo\/wp-json\/wp\/v2\/users\/21"}],"replies":[{"embeddable":true,"href":"https:\/\/www.cent.uo.edu.cu\/cemzoc-uo\/wp-json\/wp\/v2\/comments?post=1958"}],"version-history":[{"count":7,"href":"https:\/\/www.cent.uo.edu.cu\/cemzoc-uo\/wp-json\/wp\/v2\/pages\/1958\/revisions"}],"predecessor-version":[{"id":1985,"href":"https:\/\/www.cent.uo.edu.cu\/cemzoc-uo\/wp-json\/wp\/v2\/pages\/1958\/revisions\/1985"}],"up":[{"embeddable":true,"href":"https:\/\/www.cent.uo.edu.cu\/cemzoc-uo\/wp-json\/wp\/v2\/pages\/1661"}],"wp:attachment":[{"href":"https:\/\/www.cent.uo.edu.cu\/cemzoc-uo\/wp-json\/wp\/v2\/media?parent=1958"}],"curies":[{"name":"wp","href":"https:\/\/api.w.org\/{rel}","templated":true}]}}