{"id":1961,"date":"2021-06-22T17:21:59","date_gmt":"2021-06-22T21:21:59","guid":{"rendered":"https:\/\/www.cent.uo.edu.cu\/cemzoc-uo\/?page_id=1961"},"modified":"2021-06-23T09:52:28","modified_gmt":"2021-06-23T13:52:28","slug":"impacto-de-autores","status":"publish","type":"page","link":"https:\/\/www.cent.uo.edu.cu\/cemzoc-uo\/posgrado\/para-investigadores\/impacto-de-autores\/","title":{"rendered":"Impacto de autores"},"content":{"rendered":"\n<h2 class=\"wp-block-heading\"><strong>Evaluar y acreditar tu investigaci\u00f3n<\/strong><\/h2>\n\n\n\n<p align=\"justify\">Existen diversos indicadores m\u00e9tricos para medir y evaluar la calidad de los\/las autoras que publican.<\/p>\n\n\n\n<p align=\"justify\">La producci\u00f3n cient\u00edfica se mide y eval\u00faa en funci\u00f3n de una serie de criterios relacionados con la cantidad de trabajos publicados y con la cantidad de veces en la que han sido citados. Entre los criterios que se miden cabe destacar:<\/p>\n\n\n\n<ul class=\"wp-block-list\"><li>el n\u00famero de los trabajos que has publicados<\/li><li>el n\u00famero total de citas que has recibido<\/li><li>el n\u00famero de citas medias que reciben tus trabajos publicados<\/li><li>el n\u00famero de trabajos significativos que has publicado<\/li><li>el n\u00famero de citas que han recibido los trabajos que has publicado y han sido m\u00e1s citados<\/li><\/ul>\n\n\n\n<h2 class=\"wp-block-heading\"><strong>M\u00e9tricas para autores\/as<\/strong><\/h2>\n\n\n\n<h3 class=\"wp-block-heading\">\u00cdndice H de un autor\/a<\/h3>\n\n\n\n<p align=\"justify\">Es uno de los indicadores m\u00e1s relevantes a la hora de evaluar la producci\u00f3n cient\u00edfica de cualquier persona dedicada a la investigaci\u00f3n. Propuesto por Jorge Hirsch, de la Universidad de California, en 2005, permite averiguar cu\u00e1les son los\/las autoras m\u00e1s destacadas dentro de una disciplina cient\u00edfica en funci\u00f3n del n\u00famero de citas recibidas por sus publicaciones.<\/p>\n\n\n\n<p align=\"justify\">El \u00edndice H se puede definir como el balance entre el n\u00famero de publicaciones de un autor\/a y el n\u00famero de citas que recibe. Se valora la producci\u00f3n de toda la vida acad\u00e9mica, por lo que los\/las autoras e investigadoras m\u00e1s recientes suelen tener un \u00edndice H m\u00e1s bajo. Se\u00f1alar que este \u00edndice debe utilizarse siempre para detectar informaci\u00f3n en una disciplina concreta ya que no permite comparar investigadores de diferentes \u00e1reas tem\u00e1ticas.<\/p>\n\n\n\n<p align=\"justify\">Para calcular el \u00edndice h se toman todas las publicaciones de un autor\/a y se numeran en orden descendente seg\u00fan el n\u00famero de citas recibidas por cada una de ellas. El punto en el que el n\u00famero de orden de la publicaci\u00f3n tiende a coincidir con el n\u00famero de citas recibidas por dicha publicaci\u00f3n constituye el \u00edndice h del autor\/a.<\/p>\n\n\n\n<p align=\"justify\">Algunas de los portales, bases de datos y plataformas de informaci\u00f3n cient\u00edfica (Web of Science, Scopus, etc) incorporan el \u00edndice H de los\/las autores\/as.<\/p>\n\n\n\n<h3 class=\"wp-block-heading\">\u00bfC\u00f3mo encontrar el \u00edndice H de un autor\/a en Web of Science?<\/h3>\n\n\n\n<ul class=\"wp-block-list\"><li><p align=\"justify\">Selecciona la b\u00fasqueda espec\u00edfica por autor<\/p><\/li><li><p align=\"justify\">Realiza la b\u00fasqueda para localizar todas las publicaciones del autor\/a en cuesti\u00f3n. Debes tener en cuenta que el autor ha podido desarrollar su carrera en diferentes instituciones y que, a lo largo de su vida profesional, ha podido firmar de distintas maneras.<\/p><\/li><li><p align=\"justify\">Una vez localizada las publicaciones, elige la opci\u00f3n&nbsp;<em>crear informe de citas<\/em>,&nbsp;<em>\u201cCreate citation report\u201d.&nbsp;<\/em>Dentro de este informe de citas se despliegan de forma estad\u00edstica y gr\u00e1fica los datos respectivos al autor y su \u00edndice H.<\/p><\/li><\/ul>\n\n\n\n<h3 class=\"wp-block-heading\">\u00bfC\u00f3mo encontrar el \u00edndice H de un autor\/a en la base de datos Scopus?<\/h3>\n\n\n\n<ul class=\"wp-block-list\"><li><p align=\"justify\">Realiza una b\u00fasqueda, en&nbsp;<em>Author search<\/em>&nbsp;para localizar todas las publicaciones del autor\/a.<\/p><\/li><li><p align=\"justify\">Una vez localizada su producci\u00f3n cient\u00edfica elige la&nbsp;<em>vista de \u201cinforme de citas\u201d<\/em>,&nbsp;<em>View Citation Overview<\/em>, donde aparecer\u00e1 un informe estad\u00edstico con los datos respectivos al autor y su \u00edndice H.<\/p><\/li><\/ul>\n\n\n\n<h3 class=\"wp-block-heading\">El \u00edndice H de las y los investigadores en Google Acad\u00e9mico.<\/h3>\n\n\n\n<p align=\"justify\">Google Acad\u00e9mico permite que cualquier persona que se cree un perfil personal pueda realizar un seguimiento de las citas que reciben sus documentos.<\/p>\n\n\n\n<p align=\"justify\">En la informaci\u00f3n sobre citas que proporciona el Perfil de autor de Google Acad\u00e9mico aparece el total de citas recibidas y tambi\u00e9n las citas recibidas en los \u00faltimos 5 a\u00f1os. La informaci\u00f3n relativa al \u00edndice H se calcula en base a los datos del n\u00famero de publicaciones y del n\u00famero de citas recibidas que maneja Google Acad\u00e9mico. Tambi\u00e9n ofrece el llamado&nbsp;<em>\u00edndice i10,&nbsp;<\/em>que recoge las publicaciones que han sido citadas al menos 10 veces y muestra tambi\u00e9n el n\u00famero de publicaciones que han sido citadas al menos 10 veces en los \u00faltimos 5 a\u00f1os.<\/p>\n\n\n\n<p><em><sub>Fuente: https:\/\/www.mondragon.edu\/es\/web\/biblioteka\/impacto-de-autores\/as<\/sub><\/em><\/p>\n","protected":false},"excerpt":{"rendered":"<p>Evaluar y acreditar tu investigaci\u00f3n Existen diversos indicadores m\u00e9tricos para medir y evaluar la calidad de los\/las autoras que publican. La producci\u00f3n cient\u00edfica se mide y eval\u00faa en funci\u00f3n de una serie de criterios relacionados con la cantidad de trabajos&hellip; <\/p>\n","protected":false},"author":21,"featured_media":0,"parent":1661,"menu_order":1,"comment_status":"closed","ping_status":"closed","template":"","meta":{"_mc_calendar":[],"footnotes":""},"class_list":["post-1961","page","type-page","status-publish","hentry"],"_links":{"self":[{"href":"https:\/\/www.cent.uo.edu.cu\/cemzoc-uo\/wp-json\/wp\/v2\/pages\/1961","targetHints":{"allow":["GET"]}}],"collection":[{"href":"https:\/\/www.cent.uo.edu.cu\/cemzoc-uo\/wp-json\/wp\/v2\/pages"}],"about":[{"href":"https:\/\/www.cent.uo.edu.cu\/cemzoc-uo\/wp-json\/wp\/v2\/types\/page"}],"author":[{"embeddable":true,"href":"https:\/\/www.cent.uo.edu.cu\/cemzoc-uo\/wp-json\/wp\/v2\/users\/21"}],"replies":[{"embeddable":true,"href":"https:\/\/www.cent.uo.edu.cu\/cemzoc-uo\/wp-json\/wp\/v2\/comments?post=1961"}],"version-history":[{"count":7,"href":"https:\/\/www.cent.uo.edu.cu\/cemzoc-uo\/wp-json\/wp\/v2\/pages\/1961\/revisions"}],"predecessor-version":[{"id":1977,"href":"https:\/\/www.cent.uo.edu.cu\/cemzoc-uo\/wp-json\/wp\/v2\/pages\/1961\/revisions\/1977"}],"up":[{"embeddable":true,"href":"https:\/\/www.cent.uo.edu.cu\/cemzoc-uo\/wp-json\/wp\/v2\/pages\/1661"}],"wp:attachment":[{"href":"https:\/\/www.cent.uo.edu.cu\/cemzoc-uo\/wp-json\/wp\/v2\/media?parent=1961"}],"curies":[{"name":"wp","href":"https:\/\/api.w.org\/{rel}","templated":true}]}}