{"id":231,"date":"2020-12-23T14:27:17","date_gmt":"2020-12-23T18:27:17","guid":{"rendered":"http:\/\/www.cent.uo.edu.cu\/cemzoc-uo\/?page_id=231"},"modified":"2023-03-01T12:19:13","modified_gmt":"2023-03-01T16:19:13","slug":"maestria-en-manejo-integrado-de-zonas-costeras","status":"publish","type":"page","link":"https:\/\/www.cent.uo.edu.cu\/cemzoc-uo\/posgrado\/maestria-en-manejo-integrado-de-zonas-costeras\/","title":{"rendered":"Maestr\u00eda (Excelencia)"},"content":{"rendered":"\n<p><strong>Maestr\u00eda en Manejo Integrado de Zonas Costeras<\/strong> (<em><a href=\"https:\/\/blogs.uo.edu.cu\/maestriacemzoc\/\" target=\"_blank\" rel=\"noreferrer noopener\">Visitar Sitio<\/a><\/em>)<\/p>\n\n\n\n<p align=\"justify\">El Manejo Integrado de la Zona Costera (MIZC) constituye un principio program\u00e1tico esencial de la Agenda 21, documento principal emitido por la Conferencia de las Naciones Unidas sobre el Medio Ambiente y el Desarrollo (Cumbre de la Tierra) efectuada en junio de 1992 en Rio de Janeiro. En el \u00e1rea program\u00e1tica A del cap\u00edtulo 17 de dicho documento, dedicado a la protecci\u00f3n de los oc\u00e9anos y zonas costeras, se plantea que \u201d Los estados ribere\u00f1os se comprometen a proceder a un manejo integrado y a un desarrollo sostenible de las zonas costeras\u2026\u201d. Partiendo de esa importante definici\u00f3n, en la \u00faltima d\u00e9cada se ha producido un vertiginoso desarrollo del enfoque integrado para el manejo costero a nivel mundial. Aparejado con la elaboraci\u00f3n de planes y estrategias nacionales, se ha visto tambi\u00e9n un creciente inter\u00e9s en la capacitaci\u00f3n apropiada de los recursos humanos involucrados, con varios polos de desarrollo te\u00f3rico y pr\u00e1ctico importantes en Norteam\u00e9rica, Europa y el Sudeste asi\u00e1tico.<\/p>\n\n\n\n<p align=\"justify\">Este Programa de Maestr\u00eda se inicia bajo un Proyecto Tier IIj, financiado por UPCD (University Partnerships for Cooperation in Development, administrado por Association of Universities and Colleges of Canada (AUCC) y apoyado por Canadian International Development Agency (CIDA) sobre \u201cLa Educaci\u00f3n para el Manejo Integrado de Zonas Costeras en Cuba\u201d. En este proyecto, adem\u00e1s de las 3 Universidades cubanas mencionadas participan 2 universidades canadienses, con larga experiencia en programas de este tipo, la Universidad de Dalhousie y la de Saint Mary\u2019s, ambas de Halifax.<\/p>\n\n\n\n<p align=\"justify\">El Programa involucra en total m\u00e1s de un 80% de doctores en cada una de las tres universidades y 10 M\u00e1ster en Manejo Integrado de Zonas Costeras graduados estos en la Universidad de Dalhousie, Canad\u00e1, dos de los cuales han realizado el doctorado en esta misma especialidad.<\/p>\n\n\n<div class=\"su-tabs su-tabs-style-default su-tabs-mobile-stack\" data-active=\"1\" data-scroll-offset=\"0\" data-anchor-in-url=\"no\"><div class=\"su-tabs-nav\"><span class=\"\" data-url=\"\" data-target=\"blank\" tabindex=\"0\" role=\"button\">Plan de estudios:<\/span><span class=\"\" data-url=\"\" data-target=\"blank\" tabindex=\"0\" role=\"button\">L\u00edneas de investigaci\u00f3n:<\/span><span class=\"\" data-url=\"\" data-target=\"blank\" tabindex=\"0\" role=\"button\">Perfil del egresado: <\/span><\/div><div class=\"su-tabs-panes\"><div class=\"su-tabs-pane su-u-clearfix su-u-trim\" data-title=\"Plan de estudios:\">\n\tCurso obligatorios\t<\/p>\n<p>1.- Componentes y procesos naturales en zonas costeras<br \/>\n2.- Cuestiones jur\u00eddicas del manejo integrado de zonas costeras<br \/>\n3.- Temas actuales en el manejo integrado de zonas costeras<br \/>\n4.- Gesti\u00f3n Integrada de Riesgos Costeros<br \/>\n5.- Econom\u00eda y Medio Ambiente<br \/>\n6.- Manejo de los recursos por las comunidades<br \/>\n7.- Seminarios de Investigaci\u00f3n I, II y III\t<\/p>\n<p>Curso opcionales<\/p>\n<p>1.- Manejo integral de cuencas<br \/>\n2.- Evaluaci\u00f3n de Impacto Ambiental<br \/>\n3.- \u00c1reas protegidas<br \/>\n4.- Pol\u00edticas y educaci\u00f3n ambiental<br \/>\n5.- Estad\u00edstica en el manejo integrado de zonas costeras<br \/>\n6.- T\u00e9cnicas y habilidades de negociaci\u00f3n<br \/>\n7.- Biodiversidad y medio ambiente<br \/>\n8.- Ordenamiento territorial y marino costero<br \/>\n9.- Gesti\u00f3n ambiental en empresas de producci\u00f3n y servicios en las zonas  costeras<br \/>\n10.- Desarrollo local en zonas costeras<br \/>\n11.- Cambio Clim\u00e1tico, Desastres Naturales y Gesti\u00f3n de Riesgos<br \/>\n12.- Introducci\u00f3n a la ingenier\u00eda de costas<br \/>\n13.- Desarrollo tur\u00edstico y la zona costera<br \/>\n14.- Agricultura costera y MIZC<br \/>\n15.- Calidad del agua<br \/>\n16.- Cartograf\u00eda y Sistemas de Informaci\u00f3n Geogr\u00e1fica<br \/>\n17.- Oceanograf\u00eda<br \/>\n18.- Acuicultura en la zona costera<br \/>\n19.- Modelos matem\u00e1ticos en MIZC<br \/>\n20.- Prevenci\u00f3n y Control integrado de la contaminaci\u00f3n ambiental<br \/>\n21.- La influencia de las condiciones meteorol\u00f3gicas en el ecosistema costero<br \/>\n22.- Energ\u00eda y medio ambiente costero<br \/>\n23.- Problemas sociales de la ciencia y la tecnolog\u00eda y el MIZC<br \/>\n24.- Ecotoxicolog\u00eda<br \/>\n25.- Derecho Ambiental Internacional<br \/>\n26.- Estructura v funcionamiento de ecosistemas costeros<br \/>\n27.- Desarrollo regional y urbano<br \/>\n28.- Transporte mar\u00edtimo y manejo de puertos<br \/>\n29.- Evaluaci\u00f3n, pronostico y manejo de pesquer\u00edas marinas<br \/>\n30.- La cultura en el MlZC<br \/>\n31.- Planificaci\u00f3n Ambiental<br \/>\n32.- Introducci\u00f3n a la Sismolog\u00eda<br \/>\n33.- Evaluaci\u00f3n de escenarios cr\u00edticos<\/p>\n<\/div>\n<div class=\"su-tabs-pane su-u-clearfix su-u-trim\" data-title=\"L\u00edneas de investigaci\u00f3n:\">1.\tOrdenamiento territorial y manejo integrado de cuencas hidrogr\u00e1ficas y zonas costeras.<br \/>\n2.\tCambio clim\u00e1tico, desastres naturales y gesti\u00f3n integrada el riesgo en zonas costeras.<br \/>\n3.\tProblemas te\u00f3ricos, pr\u00e1cticos y\/o metodol\u00f3gicos para el desarrollo sostenible de la zona costera, incluyendo el papel de las comunidades.<br \/>\n4.\tConservaci\u00f3n, recuperaci\u00f3n y\/o mejoramiento de los procesos geomorfol\u00f3gicos, ecol\u00f3gicos y la biodiversidad en la zona costera, considerando los aspectos econ\u00f3micos y sociales.<br \/>\n5.\tConflictos y su manejo integrado en la zona costera.<br \/>\n6.\tProblemas nacionales e internacionales de la relaci\u00f3n arm\u00f3nica entre la actividad costera y sus zonas de influencia.<br \/>\n<\/div>\n<div class=\"su-tabs-pane su-u-clearfix su-u-trim\" data-title=\"Perfil del egresado: \">El futuro M\u00e1ster tendr\u00e1 una amplia y avanzada cultura cient\u00edfica sobre los fen\u00f3menos bi\u00f3ticos, abi\u00f3ticos, econ\u00f3micos, sociales y legales, que ocurren en la zona marino costera y sus cuencas tributarias, en correspondencia con el desarrollo socioecon\u00f3mico, cient\u00edfico, tecnol\u00f3gico y cultural del pa\u00eds. Evaluar\u00e1 problemas relacionados con el manejo integrado de las zonas marino costera y recomendar\u00e1 soluciones desde un enfoque investigativo con una perspectiva multi e interdisciplinaria, que le permita asesorar y dirigir su implementaci\u00f3n.<\/div><\/div><\/div>\n\n\n\n<p><\/p>\n\n\n\n<figure class=\"wp-block-image size-large\"><img loading=\"lazy\" decoding=\"async\" width=\"791\" height=\"1024\" src=\"https:\/\/www.cent.uo.edu.cu\/cemzoc-uo\/files\/2023\/03\/Certificado-MIZC-UO_1-791x1024.jpg\" alt=\"\" class=\"wp-image-4407\" srcset=\"https:\/\/www.cent.uo.edu.cu\/cemzoc-uo\/files\/2023\/03\/Certificado-MIZC-UO_1-791x1024.jpg 791w, https:\/\/www.cent.uo.edu.cu\/cemzoc-uo\/files\/2023\/03\/Certificado-MIZC-UO_1-232x300.jpg 232w, https:\/\/www.cent.uo.edu.cu\/cemzoc-uo\/files\/2023\/03\/Certificado-MIZC-UO_1-768x994.jpg 768w, https:\/\/www.cent.uo.edu.cu\/cemzoc-uo\/files\/2023\/03\/Certificado-MIZC-UO_1-1187x1536.jpg 1187w, https:\/\/www.cent.uo.edu.cu\/cemzoc-uo\/files\/2023\/03\/Certificado-MIZC-UO_1.jpg 1275w\" sizes=\"auto, (max-width: 791px) 100vw, 791px\" \/><\/figure>\n","protected":false},"excerpt":{"rendered":"<p>Maestr\u00eda en Manejo Integrado de Zonas Costeras (Visitar Sitio) El Manejo Integrado de la Zona Costera (MIZC) constituye un principio program\u00e1tico esencial de la Agenda 21, documento principal emitido por la Conferencia de las Naciones Unidas sobre el Medio Ambiente&hellip; <\/p>\n","protected":false},"author":21,"featured_media":0,"parent":229,"menu_order":0,"comment_status":"closed","ping_status":"closed","template":"","meta":{"_mc_calendar":[],"footnotes":""},"class_list":["post-231","page","type-page","status-publish","hentry"],"_links":{"self":[{"href":"https:\/\/www.cent.uo.edu.cu\/cemzoc-uo\/wp-json\/wp\/v2\/pages\/231","targetHints":{"allow":["GET"]}}],"collection":[{"href":"https:\/\/www.cent.uo.edu.cu\/cemzoc-uo\/wp-json\/wp\/v2\/pages"}],"about":[{"href":"https:\/\/www.cent.uo.edu.cu\/cemzoc-uo\/wp-json\/wp\/v2\/types\/page"}],"author":[{"embeddable":true,"href":"https:\/\/www.cent.uo.edu.cu\/cemzoc-uo\/wp-json\/wp\/v2\/users\/21"}],"replies":[{"embeddable":true,"href":"https:\/\/www.cent.uo.edu.cu\/cemzoc-uo\/wp-json\/wp\/v2\/comments?post=231"}],"version-history":[{"count":18,"href":"https:\/\/www.cent.uo.edu.cu\/cemzoc-uo\/wp-json\/wp\/v2\/pages\/231\/revisions"}],"predecessor-version":[{"id":4408,"href":"https:\/\/www.cent.uo.edu.cu\/cemzoc-uo\/wp-json\/wp\/v2\/pages\/231\/revisions\/4408"}],"up":[{"embeddable":true,"href":"https:\/\/www.cent.uo.edu.cu\/cemzoc-uo\/wp-json\/wp\/v2\/pages\/229"}],"wp:attachment":[{"href":"https:\/\/www.cent.uo.edu.cu\/cemzoc-uo\/wp-json\/wp\/v2\/media?parent=231"}],"curies":[{"name":"wp","href":"https:\/\/api.w.org\/{rel}","templated":true}]}}