{"id":232,"date":"2020-12-23T14:33:18","date_gmt":"2020-12-23T14:33:18","guid":{"rendered":"http:\/\/www.cent.uo.edu.cu\/cemzoc-uo\/?page_id=232"},"modified":"2021-03-18T12:36:36","modified_gmt":"2021-03-18T12:36:36","slug":"diplomado","status":"publish","type":"page","link":"https:\/\/www.cent.uo.edu.cu\/cemzoc-uo\/posgrado\/diplomado\/","title":{"rendered":"Diplomado"},"content":{"rendered":"\n<p align=\"justify\"><strong>Diplomado: Formaci\u00f3n de capacidades para la gesti\u00f3n del riesgo en el proceso de enfrentamiento al Cambio Clim\u00e1tico<\/strong>.<\/p>\n\n\n\n<p align=\"justify\">Este programa de superaci\u00f3n profesional tiene como objetivo general: Contribuir a la formaci\u00f3n de capacidades en tomadores de decisiones y actores del desarrollo en ecosistemas costeros de la Regi\u00f3n Oriental de Cuba potenciando la gesti\u00f3n de riesgos en el proceso de enfrentamiento a los impactos del cambio clim\u00e1tico, favoreciendo el dise\u00f1o de acciones de mitigaci\u00f3n y adaptaci\u00f3n a escala local en el marco de la implementaci\u00f3n de la Tarea Vida.<\/p>\n\n\n<div class=\"su-tabs su-tabs-style-default su-tabs-mobile-stack\" data-active=\"1\" data-scroll-offset=\"0\" data-anchor-in-url=\"no\"><div class=\"su-tabs-nav\"><span class=\"\" data-url=\"\" data-target=\"blank\" tabindex=\"0\" role=\"button\">Actividades lectivas: <\/span><span class=\"\" data-url=\"\" data-target=\"blank\" tabindex=\"0\" role=\"button\">Perfil del egresado:<\/span><\/div><div class=\"su-tabs-panes\"><div class=\"su-tabs-pane su-u-clearfix su-u-trim\" data-title=\"Actividades lectivas: \">\n1.-\tEl cambio clim\u00e1tico: retos y estrategia para su enfrentamiento<br \/>\n2.-\tMarco jur\u00eddico y normativo internacional para el enfrentamiento al cambio clim\u00e1tico<br \/>\n3.-\tManejo integrado de Zonas costeras y ordenamiento territorial ante el cambio clim\u00e1tico.<br \/>\n4.-\tGesti\u00f3n integrada del riesgo ante en el enfrentamiento al cambio clim\u00e1tico.<br \/>\n5.-\tSistema de Informaci\u00f3n Geogr\u00e1fica<br \/>\n6.-\tGesti\u00f3n ambiental empresarial y cambio clim\u00e1tico.<br \/>\n7.-\tRedacci\u00f3n cient\u00edfica<br \/>\n8.-\tEvaluaci\u00f3n de impacto ambiental y valoraci\u00f3n econ\u00f3mica de bienes y servicios ecosist\u00e9micos.<br \/>\n9.-\tEstudios de vulnerabilidad y percepci\u00f3n del riesgo ante el cambio clim\u00e1tico<br \/>\n10.-\tGesti\u00f3n y factibilidad de proyectos de adaptaci\u00f3n y mitigaci\u00f3n al CC<br \/>\n11.-\tLa educaci\u00f3n ambiental en el contexto del cambio clim\u00e1tico.<br \/>\n<\/div>\n<div class=\"su-tabs-pane su-u-clearfix su-u-trim\" data-title=\"Perfil del egresado:\">El egresado, al concluir el diplomado, habr\u00e1 logrado acumular determinadas habilidades que les permitir\u00e1n incrementar su desempe\u00f1o y conocimiento en la gesti\u00f3n del riesgo en el proceso de enfrentamiento al cambio clim\u00e1tico en su territorio y estar\u00e1n en condiciones de:<\/p>\n<p>\u2022\tDiagnosticar y caracterizar los posibles impactos del cambio clim\u00e1tico global a nivel local.<br \/>\n\u2022\tDesarrollar actividades encaminadas a potenciar la percepci\u00f3n del riesgo, para desde su perfil profesional y ocupacional favorecer el desarrollo de acciones para la adaptaci\u00f3n y mitigaci\u00f3n ante los efectos del cambio clim\u00e1tico en el territorio.<br \/>\n\u2022\tGestionar proyectos que favorezcan acciones relacionados con la implementaci\u00f3n y cumplimiento de las diferentes acciones de la Tarea Vida y los objetivos estrat\u00e9gicos para el desarrollo sostenible para el 2030.<br \/>\n<\/div><\/div><\/div>\n","protected":false},"excerpt":{"rendered":"<p>Diplomado: Formaci\u00f3n de capacidades para la gesti\u00f3n del riesgo en el proceso de enfrentamiento al Cambio Clim\u00e1tico. Este programa de superaci\u00f3n profesional tiene como objetivo general: Contribuir a la formaci\u00f3n de capacidades en tomadores de decisiones y actores del desarrollo&hellip; <\/p>\n","protected":false},"author":21,"featured_media":0,"parent":229,"menu_order":1,"comment_status":"closed","ping_status":"closed","template":"","meta":{"_mc_calendar":[],"footnotes":""},"class_list":["post-232","page","type-page","status-publish","hentry"],"_links":{"self":[{"href":"https:\/\/www.cent.uo.edu.cu\/cemzoc-uo\/wp-json\/wp\/v2\/pages\/232","targetHints":{"allow":["GET"]}}],"collection":[{"href":"https:\/\/www.cent.uo.edu.cu\/cemzoc-uo\/wp-json\/wp\/v2\/pages"}],"about":[{"href":"https:\/\/www.cent.uo.edu.cu\/cemzoc-uo\/wp-json\/wp\/v2\/types\/page"}],"author":[{"embeddable":true,"href":"https:\/\/www.cent.uo.edu.cu\/cemzoc-uo\/wp-json\/wp\/v2\/users\/21"}],"replies":[{"embeddable":true,"href":"https:\/\/www.cent.uo.edu.cu\/cemzoc-uo\/wp-json\/wp\/v2\/comments?post=232"}],"version-history":[{"count":10,"href":"https:\/\/www.cent.uo.edu.cu\/cemzoc-uo\/wp-json\/wp\/v2\/pages\/232\/revisions"}],"predecessor-version":[{"id":494,"href":"https:\/\/www.cent.uo.edu.cu\/cemzoc-uo\/wp-json\/wp\/v2\/pages\/232\/revisions\/494"}],"up":[{"embeddable":true,"href":"https:\/\/www.cent.uo.edu.cu\/cemzoc-uo\/wp-json\/wp\/v2\/pages\/229"}],"wp:attachment":[{"href":"https:\/\/www.cent.uo.edu.cu\/cemzoc-uo\/wp-json\/wp\/v2\/media?parent=232"}],"curies":[{"name":"wp","href":"https:\/\/api.w.org\/{rel}","templated":true}]}}