{"id":233,"date":"2020-12-23T14:33:14","date_gmt":"2020-12-23T14:33:14","guid":{"rendered":"http:\/\/www.cent.uo.edu.cu\/cemzoc-uo\/?page_id=233"},"modified":"2023-03-03T16:06:18","modified_gmt":"2023-03-03T20:06:18","slug":"cursos","status":"publish","type":"page","link":"https:\/\/www.cent.uo.edu.cu\/cemzoc-uo\/posgrado\/cursos\/","title":{"rendered":"Cursos"},"content":{"rendered":"<p><strong>Cursos<\/strong><\/p>\n<div class=\"su-spoiler su-spoiler-style-fancy su-spoiler-icon-plus su-spoiler-closed\" data-scroll-offset=\"0\" data-anchor-in-url=\"no\"><div class=\"su-spoiler-title\" tabindex=\"0\" role=\"button\"><span class=\"su-spoiler-icon\"><\/span>Sistema de Informaci\u00f3n Geogr\u00e1fica y Teledetecci\u00f3n (Del 30\/Enero al 3\/febrero 2023)<\/div><div class=\"su-spoiler-content su-u-clearfix su-u-trim\">\n<strong>Prof: Ing. Juan Ram\u00f3n Castellanos Gonz\u00e1lez<\/strong><br \/>\n<strong>Objetivo General:<\/strong> <\/p>\n<p align=\"justify\">Actualizar a los cursistas sobre el empleo de QGis como sistema de informaci\u00f3n geogr\u00e1fica y sus ventajas para los estudios marino costeros en Cuba desde la teledetecci\u00f3n.<\/p>\n<p><strong>Breve descripci\u00f3n de su contenido: <\/strong><\/p>\n<p align=\"justify\">Los sistemas de informaci\u00f3n geogr\u00e1fica y la teledetecci\u00f3n. Principales retos y desaf\u00edos a nivel internacional y nacional. QGIS como sistema de informaci\u00f3n geogr\u00e1fica. Caracter\u00edsticas funcionales. El SIG QGIS y sus ventajas para los estudios marino costeros a nivel internacional y en Cuba. <\/p>\n<p> <\/div><\/div>\n<div class=\"su-spoiler su-spoiler-style-fancy su-spoiler-icon-plus su-spoiler-closed\" data-scroll-offset=\"0\" data-anchor-in-url=\"no\"><div class=\"su-spoiler-title\" tabindex=\"0\" role=\"button\"><span class=\"su-spoiler-icon\"><\/span>Gobernanza adaptativa al cambio clim\u00e1tico. Desaf\u00edos para las comunidades costeras. (Del 20-22 Febrero 2023)<\/div><div class=\"su-spoiler-content su-u-clearfix su-u-trim\">\n<strong>Prof: Dr. C Ofelia P\u00e9rez Montero<\/strong><br \/>\n<strong>Objetivo General:<\/strong> <\/p>\n<p align=\"justify\">Profundizar en los factores y condiciones que favorecen la Gobernanza adaptativa al Cambio Clim\u00e1tico que permitan identificar los desaf\u00edos de las comunidades costeras en aras de ajustar las agendas comunitarias a este nivel.<\/p>\n<p><strong>Breve descripci\u00f3n de su contenido: <\/strong><\/p>\n<p align=\"justify\">Impacto del cambio clim\u00e1tico. Gobernanza adaptativa. Comunidades costeras. Capacidad adaptativa de las comunidades costeras. Factores socio demogr\u00e1ficos e institucionales, ecol\u00f3gicos y econ\u00f3micos para la toma de decisiones aprendizaje social, colaborativo, capacidad de adaptaci\u00f3n, redes sociales, capital social la adaptaci\u00f3n, grupos vulnerables, participaci\u00f3n. La gobernanza adaptativa como enfoque integrador. Cogesti\u00f3n adaptativa.<\/p>\n<p> <\/div><\/div>\n<div class=\"su-spoiler su-spoiler-style-fancy su-spoiler-icon-plus su-spoiler-closed\" data-scroll-offset=\"0\" data-anchor-in-url=\"no\"><div class=\"su-spoiler-title\" tabindex=\"0\" role=\"button\"><span class=\"su-spoiler-icon\"><\/span>Comunicaci\u00f3n como herramienta en la gesti\u00f3n de riesgo. (Del 13-17 Marzo 2023)<\/div><div class=\"su-spoiler-content su-u-clearfix su-u-trim\">\n<strong>Prof: MsC. Vivian D\u00edaz L\u00f3pez<\/strong><br \/>\n<strong>Objetivo General:<\/strong> <\/p>\n<p align=\"justify\">Actualizar a los cursistas sobre las diversas herramientas en la gesti\u00f3n del riesgo y sus retos y desaf\u00edos a nivel nacional.<\/p>\n<p><strong>Breve descripci\u00f3n de su contenido: <\/strong><\/p>\n<p align=\"justify\">La comunicaci\u00f3n y sus principales manifestaciones a nivel internacional. La gesti\u00f3n de riesgos y su relaci\u00f3n con la comunicaci\u00f3n. Las complejas y din\u00e1micas herramientas comunicativas para la gesti\u00f3n de riesgos. Sus manifestaciones y desaf\u00edos en Cuba.<\/p>\n<p> <\/div><\/div>\n<div class=\"su-spoiler su-spoiler-style-fancy su-spoiler-icon-plus su-spoiler-closed\" data-scroll-offset=\"0\" data-anchor-in-url=\"no\"><div class=\"su-spoiler-title\" tabindex=\"0\" role=\"button\"><span class=\"su-spoiler-icon\"><\/span>Valoraci\u00f3n econ\u00f3mica de bienes y servicios ecosist\u00e9micos.. (Del 20-24 Marzo 2023)<\/div><div class=\"su-spoiler-content su-u-clearfix su-u-trim\">\n<strong>Prof: Dr.C. Alexis P\u00e9rez Figueredo. Profesor <\/strong><\/p>\n<p><strong>Objetivo General:<\/strong> <\/p>\n<p align=\"justify\">Actualizar a los cursistas sobre las principales formas de abordar y determinar la valoraci\u00f3n econ\u00f3mica de bienes y servicios ecosist\u00e9micos y su impacto en los espacios marinos costeros ante los impactos del cambio clim\u00e1tico.<\/p>\n<p><strong>Breve descripci\u00f3n de su contenido:<\/strong> <\/p>\n<p align=\"justify\">Econom\u00eda y administraci\u00f3n de los recursos naturales. Econom\u00eda ambiental. Econom\u00eda ecol\u00f3gica. Econom\u00eda tricolor. Fundamentos an\u00e1lisis comparativo y su reflejo en el paradigma del desarrollo sostenible. La planificaci\u00f3n como instrumento para el manejo integrado de zonas marino costera. La valoraci\u00f3n econ\u00f3mica de bienes y servicios ecosist\u00e9micos en la zona marino costera y el da\u00f1o ambiental. Particularidades. M\u00e9todos.<\/p>\n<p> <\/div><\/div>\n<div class=\"su-spoiler su-spoiler-style-fancy su-spoiler-icon-plus su-spoiler-closed\" data-scroll-offset=\"0\" data-anchor-in-url=\"no\"><div class=\"su-spoiler-title\" tabindex=\"0\" role=\"button\"><span class=\"su-spoiler-icon\"><\/span>Gesti\u00f3n de riesgos de desastres. (Del 25-28 abril 2023)<\/div><div class=\"su-spoiler-content su-u-clearfix su-u-trim\">\n<strong>Prof: Dr.C. Alexis P\u00e9rez Figueredo<\/strong><br \/>\n<strong>Objetivo General:<\/strong> <\/p>\n<p align=\"justify\">Actualizar a los cursistas sobre la identificaci\u00f3n de las formas de gesti\u00f3n y reducci\u00f3n de riesgosa la luz de los modernos m\u00e9todos cient\u00edficos existentes a nivel internacional.<\/p>\n<p><strong>Breve descripci\u00f3n de su contenido:<\/strong> <\/p>\n<p align=\"justify\">Principales fen\u00f3menos naturales y antr\u00f3picos que constituyen peligro ante la ocurrencia de los desastres. Vulnerabilidad, riesgos, gesti\u00f3n de riesgos y reducci\u00f3n de desastres. Directiva No 1 de 2022 para la gesti\u00f3n de reducci\u00f3n de riesgos de desastres en Cuba: principales retos y novedades.<\/p>\n<p> <\/div><\/div>\n<div class=\"su-spoiler su-spoiler-style-fancy su-spoiler-icon-plus su-spoiler-closed\" data-scroll-offset=\"0\" data-anchor-in-url=\"no\"><div class=\"su-spoiler-title\" tabindex=\"0\" role=\"button\"><span class=\"su-spoiler-icon\"><\/span>Ingenier\u00eda de costas y Oceanograf\u00eda. (Del 8-12 Mayo 2023)<\/div><div class=\"su-spoiler-content su-u-clearfix su-u-trim\">\n<strong>Modalidad Presencial<\/strong><br \/>\n<strong>Objetivo General:<\/strong> <\/p>\n<p align=\"justify\">\n<p><strong>Breve descripci\u00f3n de su contenido:<\/strong> <\/p>\n<p align=\"justify\">\n<p> <\/div><\/div>\n<div class=\"su-spoiler su-spoiler-style-fancy su-spoiler-icon-plus su-spoiler-closed\" data-scroll-offset=\"0\" data-anchor-in-url=\"no\"><div class=\"su-spoiler-title\" tabindex=\"0\" role=\"button\"><span class=\"su-spoiler-icon\"><\/span>Nombre del curso. (Del 20-22 Febrero 2023)<\/div><div class=\"su-spoiler-content su-u-clearfix su-u-trim\">\n<strong>Prof: Ing. Juan Ram\u00f3n Castellanos Gonz\u00e1lez<\/strong><br \/>\n<strong>Objetivo General:<\/strong> <\/p>\n<p align=\"justify\">Profundizar en el conocimiento de la hidrodin\u00e1mica costera, as\u00ed como de los efectos de las olas la navegaci\u00f3n mar\u00edtima y la protecci\u00f3n de las obras costeras.<\/p>\n<p><strong>Breve descripci\u00f3n de su contenido:<\/strong> <\/p>\n<p align=\"justify\">Identificaci\u00f3n de los procesos costeros. Hidrodin\u00e1mica de la zona costera, clasificaci\u00f3n de las olas, fundamentos hidrodin\u00e1micos de las olas, par\u00e1metros fundamentales de las olas, teor\u00eda lineal de la ola, movimiento de las part\u00edculas, distribuci\u00f3n de presiones y energ\u00eda de la onda, teor\u00eda lineal de la ola y modelaci\u00f3n del oleaje, efectos de las olas sobre la navegaci\u00f3n mar\u00edtima, protecci\u00f3n de las obras costeras.<\/p>\n<p> <\/div><\/div>\n<div class=\"su-spoiler su-spoiler-style-fancy su-spoiler-icon-plus su-spoiler-closed\" data-scroll-offset=\"0\" data-anchor-in-url=\"no\"><div class=\"su-spoiler-title\" tabindex=\"0\" role=\"button\"><span class=\"su-spoiler-icon\"><\/span>El Decenio de los Oc\u00e9anos de la UNESCO como herramienta de pol\u00edtica p\u00fablica. (Del 15-19 Mayo 2023)<\/div><div class=\"su-spoiler-content su-u-clearfix su-u-trim\">\n<strong>Prof: Dr.C. Ram\u00f3n Yordanis Alarc\u00f3n Borges<\/strong><br \/>\n<strong>Objetivo General:<\/strong> <\/p>\n<p align=\"justify\">Profundizar sobre los fundamentos y din\u00e1mica del Decenio de los Oc\u00e9anos, que proporciona un marco de convocatoria para que los cient\u00edficos y las partes interesadas de diversos sectores desarrollen el conocimiento cient\u00edfico y las asociaciones necesarias para acelerar y aprovechar los avances en la ciencia de los oc\u00e9anos para lograr una mejor comprensi\u00f3n del sistema oce\u00e1nico, y ofrecer soluciones basadas en la ciencia para lograr la Agenda 2030.<\/p>\n<p><strong>Breve descripci\u00f3n de su contenido:<\/strong> <\/p>\n<p align=\"justify\">Origen y naturaleza jur\u00eddica del Decenio de los Oc\u00e9anos. Fundamentos estructurales y desaf\u00edos del Decenio. <\/p>\n<div class=\"su-spoiler su-spoiler-style-fancy su-spoiler-icon-plus su-spoiler-closed\" data-scroll-offset=\"0\" data-anchor-in-url=\"no\"><div class=\"su-spoiler-title\" tabindex=\"0\" role=\"button\"><span class=\"su-spoiler-icon\"><\/span>Biolog\u00eda marina. (Del 19-23 Junio 2023)<\/div><div class=\"su-spoiler-content su-u-clearfix su-u-trim\"><\/div><\/div>\n<strong>Prof: MsC. Yanet Cruz Portorreal<\/strong><br \/>\n<strong>Objetivo General:<\/strong> <\/p>\n<p align=\"justify\">Profundizar sobre los fundamentos y din\u00e1mica de la  Biolog\u00eda marina y sus desaf\u00edos para el MIZC.<\/p>\n<p><strong>Breve descripci\u00f3n de su contenido:<\/strong> <\/p>\n<p align=\"justify\">Biolog\u00eda marina. Concepto. Fundamentos. Principales desaf\u00edos a nivel internacional.<br \/>\nLa relaci\u00f3n sincr\u00f3nica entre la Biolog\u00eda marina y el MIZC. Principales problem\u00e1ticas y sus retos en el contexto cubano.\n<\/p>\n<p> <\/div><\/div>\n<div class=\"su-spoiler su-spoiler-style-fancy su-spoiler-icon-plus su-spoiler-closed\" data-scroll-offset=\"0\" data-anchor-in-url=\"no\"><div class=\"su-spoiler-title\" tabindex=\"0\" role=\"button\"><span class=\"su-spoiler-icon\"><\/span>R\u00e9gimen jur\u00eddico del mar. (Del 19-23 Junio 2023)<\/div><div class=\"su-spoiler-content su-u-clearfix su-u-trim\">\n<strong>Prof: Dr.C. Ram\u00f3n Yordanis Alarc\u00f3n Borges<\/strong><br \/>\n<strong>Objetivo General:<\/strong> <\/p>\n<p align=\"justify\">Actualizar a los cursistas sobre los principales elementos jur\u00eddicos asociado al r\u00e9gimen jur\u00eddico de mar y su incidencia en la gesti\u00f3n de la zona costera.<\/p>\n<p><strong>Breve descripci\u00f3n de su contenido:<\/strong> <\/p>\n<p align=\"justify\">1-. Consideraciones generales<br \/>\n2.-El buque. Registro y nacionalidad. Derechos de garant\u00eda.<br \/>\n3.-El armador y el naviero.<br \/>\n4.-El capit\u00e1n. La dotaci\u00f3n.<br \/>\n5.-Los contratos de explotaci\u00f3n del buque. Fletamento y transporte .<br \/>\n6.-Otros contratos de explotaci\u00f3n: arrendamiento, pasaje, remolque.<br \/>\n7.-Los contratos auxiliares: consignaci\u00f3n, manipulaci\u00f3n, practicaje.<br \/>\n8.-Los accidentes de la navegaci\u00f3n<br \/>\n9.-El seguro mar\u00edtimo<br \/>\n10.-Especialidades procesales<br \/>\n11.-La certificaci\u00f3n p\u00fablica de expedientes de Derecho mar\u00edtimo.<\/p>\n<p> <\/div><\/div>\n<div class=\"su-spoiler su-spoiler-style-fancy su-spoiler-icon-plus su-spoiler-closed\" data-scroll-offset=\"0\" data-anchor-in-url=\"no\"><div class=\"su-spoiler-title\" tabindex=\"0\" role=\"button\"><span class=\"su-spoiler-icon\"><\/span>Micropl\u00e1sticos y sargazos. Desaf\u00edos en la zona costera. (Del 2-6 Octubre 2023)<\/div><div class=\"su-spoiler-content su-u-clearfix su-u-trim\">\n<strong>Prof: Dr.C. Yunior Ram\u00f3n Vel\u00e1zquez Labrada<\/strong><br \/>\n<strong>Objetivo General:<\/strong> <\/p>\n<p align=\"justify\">Actualizar a los cursistas sobre las din\u00e1micas asociadas a la arribaz\u00f3n del sargazo y la presencia e incidencia de micropl\u00e1sticos.<\/p>\n<p><strong>Breve descripci\u00f3n de su contenido:<\/strong> <\/p>\n<p align=\"justify\">Sargazos y micropl\u00e1sticos: Aspectos biol\u00f3gicos y qu\u00edmicos.Principales incidencias del micropl\u00e1stico y el sargazo en la zona costera. Desaf\u00edos para Cuba.\n<\/p>\n<p> <\/div><\/div>\n<div class=\"su-spoiler su-spoiler-style-fancy su-spoiler-icon-plus su-spoiler-closed\" data-scroll-offset=\"0\" data-anchor-in-url=\"no\"><div class=\"su-spoiler-title\" tabindex=\"0\" role=\"button\"><span class=\"su-spoiler-icon\"><\/span>Herramientas inform\u00e1ticas en el proceso de formaci\u00f3n cient\u00edfica. (Del 6-10 Nov 2023)<\/div><div class=\"su-spoiler-content su-u-clearfix su-u-trim\">\n<strong>Prof: Dr.C. Jorge Mesa Vazquez<\/strong><br \/>\n<strong>Objetivo General:<\/strong> <\/p>\n<p align=\"justify\">Desarrollar habilidades en el uso de herramientas inform\u00e1ticas vinculadas al proceso de formaci\u00f3n cient\u00edfica e investigativa.<\/p>\n<p><strong>Breve descripci\u00f3n de su contenido:<\/strong> <\/p>\n<p align=\"justify\">Herramientas b\u00e1sicas Microsoft Office (Microsoft Word, Power Point y Excel), Correo Electr\u00f3nico, Seguridad Inform\u00e1tica (Protecci\u00f3n de la Informaci\u00f3n), ORCID, ResearcherID, DOI (Crossref), Servicio de Almacenamiento en la Nube (Google Drive, NextCloud, entre otros), Editores de Texto en l\u00ednea, Herramientas para enlaces acortados (Bitly)<br \/>\nIncursi\u00f3n en perfiles acad\u00e9micos \/ profesionales (Mendeley, Academia.edu, Google Acad\u00e9mico, ResearchGate, WoS, Publons, LinkedIn, entre otros). Herramientas antiplagio ()<br \/>\nHerramientas para la gesti\u00f3n de informaci\u00f3n cient\u00edfica en internet<br \/>\nBases de datos cient\u00edficas, Google Acad\u00e9mico,  WoS,  Scopus, Dimensions.<\/p>\n<p> <\/div><\/div>\n<p><strong>Entramientos<\/strong><\/p>\n<div class=\"su-spoiler su-spoiler-style-fancy su-spoiler-icon-plus su-spoiler-closed\" data-scroll-offset=\"0\" data-anchor-in-url=\"no\"><div class=\"su-spoiler-title\" tabindex=\"0\" role=\"button\"><span class=\"su-spoiler-icon\"><\/span>Diagn\u00f3stico y estado de salud de los manglares en Santiago de Cuba. (Del 27-31 Marzo 2023)<\/div><div class=\"su-spoiler-content su-u-clearfix su-u-trim\">\n<strong>Prof: MsC. Yanet Cruz Portorreal<\/strong><br \/>\n<strong>Objetivo General:<\/strong> <\/p>\n<p align=\"justify\">Actualizar a los cursistas sobre el diagn\u00f3stico y estado de salud de los manglares en Santiago de Cuba.<\/p>\n<p><strong>Breve descripci\u00f3n de su contenido:<\/strong> <\/p>\n<p align=\"justify\">Diagn\u00f3stico y estado de salud de los manglares en Santiago de Cuba.\n<\/p>\n<p> <\/div><\/div>\n<div class=\"su-spoiler su-spoiler-style-fancy su-spoiler-icon-plus su-spoiler-closed\" data-scroll-offset=\"0\" data-anchor-in-url=\"no\"><div class=\"su-spoiler-title\" tabindex=\"0\" role=\"button\"><span class=\"su-spoiler-icon\"><\/span>Reconocimiento ambiental de playas de uso tur\u00edstico. CARISOL LOS CORALES. (Del 12-16 Septiembre de 2023)<\/div><div class=\"su-spoiler-content su-u-clearfix su-u-trim\">\n<strong>Prof: Dr.C. Yunior Ram\u00f3n Vel\u00e1zquez Labrada<\/strong><br \/>\n<strong>Objetivo General:<\/strong> <\/p>\n<p align=\"justify\">Actualizar a los cursistas sobre las metodolog\u00edas establecidas para el reconocimiento ambiental de playas de uso tur\u00edstico.<\/p>\n<p><strong>Breve descripci\u00f3n de su contenido:<\/strong> <\/p>\n<p align=\"justify\">Metodolog\u00edas establecidas para el reconocimiento ambiental de playas de uso tur\u00edstico.\n<\/p>\n<p> <\/div><\/div>\n<div class=\"su-spoiler su-spoiler-style-fancy su-spoiler-icon-plus su-spoiler-closed\" data-scroll-offset=\"0\" data-anchor-in-url=\"no\"><div class=\"su-spoiler-title\" tabindex=\"0\" role=\"button\"><span class=\"su-spoiler-icon\"><\/span>Reconocimiento ambiental de playas de uso tur\u00edstico. Sevilla. (Del 3-7 Octubre 2023)<\/div><div class=\"su-spoiler-content su-u-clearfix su-u-trim\">\n<strong>Prof: Dr.C. Yunior Ram\u00f3n Vel\u00e1zquez Labrada<\/strong><br \/>\n<strong>Objetivo General:<\/strong> <\/p>\n<p align=\"justify\">Actualizar a los cursistas sobre las metodolog\u00edas establecidas para el reconocimiento ambiental de playas de uso tur\u00edstico.<\/p>\n<p><strong>Breve descripci\u00f3n de su contenido:<\/strong> <\/p>\n<p align=\"justify\">Metodolog\u00edas establecidas para el reconocimiento ambiental de playas de uso tur\u00edstico.\n<\/p>\n<p> <\/div><\/div>\n\n\n\n<p class=\"has-text-align-right\">La solicitud de inscripci\u00f3n a cada una de las opciones de superaci\u00f3n se realizar\u00e1 de forma obligatoria a trav\u00e9s del formulario en l\u00ednea en la siguiente direcci\u00f3n:<br><a href=\"\/\/forms.gle\/Sxptbu4rxmanVY9N7\" target=\"_blank\" rel=\"noreferrer noopener\">https:\/\/forms.gle\/Sxptbu4rxmanVY9N7<\/a><br><\/p>\n","protected":false},"excerpt":{"rendered":"<p>La solicitud de inscripci\u00f3n a cada una de las opciones de superaci\u00f3n se realizar\u00e1 de forma obligatoria a trav\u00e9s del formulario en l\u00ednea en la siguiente direcci\u00f3n:https:\/\/forms.gle\/Sxptbu4rxmanVY9N7<\/p>\n","protected":false},"author":21,"featured_media":0,"parent":229,"menu_order":2,"comment_status":"closed","ping_status":"closed","template":"","meta":{"_mc_calendar":[],"footnotes":""},"class_list":["post-233","page","type-page","status-publish","hentry"],"_links":{"self":[{"href":"https:\/\/www.cent.uo.edu.cu\/cemzoc-uo\/wp-json\/wp\/v2\/pages\/233","targetHints":{"allow":["GET"]}}],"collection":[{"href":"https:\/\/www.cent.uo.edu.cu\/cemzoc-uo\/wp-json\/wp\/v2\/pages"}],"about":[{"href":"https:\/\/www.cent.uo.edu.cu\/cemzoc-uo\/wp-json\/wp\/v2\/types\/page"}],"author":[{"embeddable":true,"href":"https:\/\/www.cent.uo.edu.cu\/cemzoc-uo\/wp-json\/wp\/v2\/users\/21"}],"replies":[{"embeddable":true,"href":"https:\/\/www.cent.uo.edu.cu\/cemzoc-uo\/wp-json\/wp\/v2\/comments?post=233"}],"version-history":[{"count":26,"href":"https:\/\/www.cent.uo.edu.cu\/cemzoc-uo\/wp-json\/wp\/v2\/pages\/233\/revisions"}],"predecessor-version":[{"id":4447,"href":"https:\/\/www.cent.uo.edu.cu\/cemzoc-uo\/wp-json\/wp\/v2\/pages\/233\/revisions\/4447"}],"up":[{"embeddable":true,"href":"https:\/\/www.cent.uo.edu.cu\/cemzoc-uo\/wp-json\/wp\/v2\/pages\/229"}],"wp:attachment":[{"href":"https:\/\/www.cent.uo.edu.cu\/cemzoc-uo\/wp-json\/wp\/v2\/media?parent=233"}],"curies":[{"name":"wp","href":"https:\/\/api.w.org\/{rel}","templated":true}]}}