{"id":285,"date":"2021-01-13T20:47:11","date_gmt":"2021-01-13T20:47:11","guid":{"rendered":"http:\/\/www.cent.uo.edu.cu\/cemzoc-uo\/?page_id=285"},"modified":"2026-04-16T13:41:19","modified_gmt":"2026-04-16T17:41:19","slug":"gobernanza-adaptativa-al-cambio-climatico-en-municipios-costeros-de-cuba","status":"publish","type":"page","link":"https:\/\/www.cent.uo.edu.cu\/cemzoc-uo\/proyectos\/gobernanza-adaptativa-al-cambio-climatico-en-municipios-costeros-de-cuba\/","title":{"rendered":"Gobernanza adaptativa al cambio clim\u00e1tico en municipios costeros de Cuba."},"content":{"rendered":"\n<p><strong>JEFE DEL PROYECTO:<\/strong><\/p>\n\n\n\n<p>Dr. C. Ram\u00f3n Yordanis Alarc\u00f3n Borges. Profesor.<\/p>\n\n\n\n<p>Doctor en Ciencias Jur\u00eddicas. Profesor Titular.<\/p>\n\n\n\n<p><strong>RESUMEN DEL PROYECTO:<\/strong><\/p>\n\n\n\n<p>Cuba, avanza en la implementaci\u00f3n de su agenda de enfrentamiento al Cambio Clim\u00e1tico (Citma, 2017). Sin embargo, a\u00fan son insuficientes los marcos metodol\u00f3gicos que permitan implementar y evaluar la agenda gubernamental y el avance hacia procesos m\u00e1s amplios de gobernanza a escala local. La organizaci\u00f3n de la estructura de gobernanza adaptativa, y la carencia de instrumentos normativos y de gesti\u00f3n a escala de los gobiernos, instituciones, y comunidades en los municipios costeros de la Isla constituyen un desaf\u00edo para los tomadores de decisiones.<\/p>\n\n\n\n<p>Con este proyecto pretendemos dar respuesta al siguiente problema cient\u00edfico: \u00bfC\u00f3mo integrar la agenda gubernamental de enfrentamiento al cambio clim\u00e1tico, en un modelo de gobernanza adaptativa a escala municipal para la gesti\u00f3n del ordenamiento territorial marino costero en Cuba? Este proyecto declara como objeto de investigaci\u00f3n la gobernanza adaptativa, reconoci\u00e9ndose como brecha epist\u00e9mica, las insuficientes referencias te\u00f3ricas y metodol\u00f3gicas para abordar la gobernanza adaptativa a escala municipal, en relaci\u00f3n con los desaf\u00edos del cambio clim\u00e1tico, para la gesti\u00f3n del ordenamiento territorial marino costero en Cuba.<\/p>\n\n\n\n<p>El objetivo general se enmarca en contribuir al an\u00e1lisis y propuestas de los fundamentos (te\u00f3ricos, metodol\u00f3gicos y pr\u00e1cticos) que permitan avanzar hacia una gobernanza adaptativa, en los municipios costeros, ante el impacto del cambio clim\u00e1tico en Cuba.<\/p>\n\n\n\n<p>Se esperan obtener los siguientes resultados cient\u00edficos:<\/p>\n\n\n\n<ol class=\"wp-block-list\" type=\"1\"><li>Modelo de gobernanza adaptativa al impacto del cambio clim\u00e1tico para municipios costeros en el sur oriente de Cuba.<ol><li>Empoderamiento, a trav\u00e9s de la superaci\u00f3n y capacitaci\u00f3n profesional, de los Intendentes municipales y Presidentes de Consejo Populares de las comunidades costeras en la gesti\u00f3n del desarrollo local con base en la gobernanza adaptativa.<ol><li>El municipio contar\u00e1 con una agenda p\u00fablica \u2013que integra a los actores locales-, articulada en su programa de desarrollo para el enfrentamiento al cambio clim\u00e1tico a escala territorial.<\/li><\/ol><ol><li>Modelo del comportamiento de la percepci\u00f3n social del riesgo costero, la participaci\u00f3n y la agenda comunitaria en el enfrentamiento al cambio clim\u00e1tico.<\/li><\/ol><ol><li>Dise\u00f1ar, desarrollar y poner en explotaci\u00f3n un sistema de gesti\u00f3n de la gobernanza adaptativa ante el cambio clim\u00e1tico para los municipios costeros en el sur del oriente de Cuba; utilizando para ello las nuevas tecnolog\u00edas de la inform\u00e1tica y de las comunicaciones, perfeccionando el actual Portal del Ciudadano de los gobiernos provinciales de la regi\u00f3n de referencia.<\/li><\/ol><ol><li>Dise\u00f1o de un Observatorio de los cambios en la din\u00e1mica costera de la regi\u00f3n sur oriental de Cuba (erosi\u00f3n, inundaciones, PVR, manglares, playas, bah\u00edas), a partir del uso del Sistema de Informaci\u00f3n Geogr\u00e1fica (SIG) como medio de diagn\u00f3stico para la toma de decisiones de los gobiernos locales enclavados en los territorios marino costeros.<\/li><\/ol><ol><li>Formaci\u00f3n de nuevas capacidades en gobernanza adaptativa al cambio clim\u00e1tico.<\/li><\/ol><ol><li>Funcionamiento del Consejo Territorial para la concertaci\u00f3n de acciones de Ciencia y Posgrado para el enfrentamiento al cambio clim\u00e1tico para la regi\u00f3n oriental de Cuba (COTECC).<\/li><\/ol><\/li><\/ol><\/li><\/ol>\n\n\n\n<p>El proyecto aporta a los siguientes ejes: territorial, principio 24; ejes estrat\u00e9gicos: Gobierno socialista, eficaz, eficiente y de integraci\u00f3n social; Infraestructura; Potencial humano, cient\u00edfico, tecnol\u00f3gico e innovaci\u00f3n; Recursos naturales y medio ambiente; Desarrollo humano, equidad y justicia social del PNDES 2030.&nbsp;<\/p>\n\n\n\n<p><strong>Palabras clave:<\/strong> Gobernanza adaptativa, cambio clim\u00e1tico, municipios costeros, Cuba.<\/p>\n\n\n\n<p><strong>BENEFICIARIOS DIRECTOS:<\/strong><\/p>\n\n\n\n<ol class=\"wp-block-list\" type=\"1\"><li>Municipios costeros de la regi\u00f3n sur oriental de Cuba.<\/li><li>Gobierno Provincial de Santiago de Cuba<\/li><li>Delegaci\u00f3n Provincial del CITMA.<\/li><li>Centro de Reducci\u00f3n de Riesgo y Desastre. Santiago de Cuba.<\/li><li>Defensa Civil.<\/li><li>Delegaci\u00f3n Provincial de Recursos Hidr\u00e1ulicos<\/li><li>Instituto Provincial de Planificaci\u00f3n F\u00edsica<\/li><li>Centro Oriental de Ecosistemas y Biodiversidad (BIOECO)<\/li><li>Instituto de Meteorolog\u00eda. INSMET.<\/li><\/ol>\n","protected":false},"excerpt":{"rendered":"<p>JEFE DEL PROYECTO: Dr. C. Ram\u00f3n Yordanis Alarc\u00f3n Borges. Profesor. Doctor en Ciencias Jur\u00eddicas. Profesor Titular. RESUMEN DEL PROYECTO: Cuba, avanza en la implementaci\u00f3n de su agenda de enfrentamiento al Cambio Clim\u00e1tico (Citma, 2017). Sin embargo, a\u00fan son insuficientes los&hellip; <\/p>\n","protected":false},"author":21,"featured_media":0,"parent":23,"menu_order":2,"comment_status":"closed","ping_status":"closed","template":"","meta":{"_mc_calendar":[],"footnotes":""},"class_list":["post-285","page","type-page","status-publish","hentry"],"_links":{"self":[{"href":"https:\/\/www.cent.uo.edu.cu\/cemzoc-uo\/wp-json\/wp\/v2\/pages\/285","targetHints":{"allow":["GET"]}}],"collection":[{"href":"https:\/\/www.cent.uo.edu.cu\/cemzoc-uo\/wp-json\/wp\/v2\/pages"}],"about":[{"href":"https:\/\/www.cent.uo.edu.cu\/cemzoc-uo\/wp-json\/wp\/v2\/types\/page"}],"author":[{"embeddable":true,"href":"https:\/\/www.cent.uo.edu.cu\/cemzoc-uo\/wp-json\/wp\/v2\/users\/21"}],"replies":[{"embeddable":true,"href":"https:\/\/www.cent.uo.edu.cu\/cemzoc-uo\/wp-json\/wp\/v2\/comments?post=285"}],"version-history":[{"count":3,"href":"https:\/\/www.cent.uo.edu.cu\/cemzoc-uo\/wp-json\/wp\/v2\/pages\/285\/revisions"}],"predecessor-version":[{"id":3165,"href":"https:\/\/www.cent.uo.edu.cu\/cemzoc-uo\/wp-json\/wp\/v2\/pages\/285\/revisions\/3165"}],"up":[{"embeddable":true,"href":"https:\/\/www.cent.uo.edu.cu\/cemzoc-uo\/wp-json\/wp\/v2\/pages\/23"}],"wp:attachment":[{"href":"https:\/\/www.cent.uo.edu.cu\/cemzoc-uo\/wp-json\/wp\/v2\/media?parent=285"}],"curies":[{"name":"wp","href":"https:\/\/api.w.org\/{rel}","templated":true}]}}