{"id":288,"date":"2021-01-13T20:55:50","date_gmt":"2021-01-14T00:55:50","guid":{"rendered":"http:\/\/www.cent.uo.edu.cu\/cemzoc-uo\/?page_id=288"},"modified":"2022-11-28T16:35:08","modified_gmt":"2022-11-28T20:35:08","slug":"tarea-vida","status":"publish","type":"page","link":"https:\/\/www.cent.uo.edu.cu\/cemzoc-uo\/proyectos\/tarea-vida\/","title":{"rendered":"Tarea Vida"},"content":{"rendered":"\n<p><strong>JEFE DEL PROYECTO: <\/strong>Dr.C. Yunior Ram\u00f3n Vel\u00e1zquez Labrada<\/p>\n\n\n\n<p><strong>OBJETIVO GENERAL:<\/strong><\/p>\n\n\n\n<p>Formar profesionales y desarrollar investigaciones que generen nuevos conocimientos y capacidades de excelencia, v\u00e1lidas para la toma de decisiones en relaci\u00f3n con las acciones de mitigaci\u00f3n y adaptaci\u00f3n para enfrentar el impacto del cambio clim\u00e1tico, en la comunidad universitaria y en la regi\u00f3n oriental de Cuba.&nbsp;<\/p>\n\n\n\n<p><strong>OBJETIVOS ESPEC\u00cdFICOS:<\/strong><\/p>\n\n\n\n<p><strong>1. <\/strong>Contribuir a la formaci\u00f3n en los estudiantes (de pre y postgrado) en la cultura del cuidado del clima, de seguridad y percepci\u00f3n del riesgo ante los diferentes impactos del cambio clim\u00e1tico, generando pr\u00e1cticas y comportamientos sostenibles en la actividad profesional y la vida cotidiana<\/p>\n\n\n\n<p>2.&nbsp; Contribuir desde la investigaci\u00f3n cient\u00edfica a la conservaci\u00f3n de la biodiversidad y de los ecosistemas frente al impacto del cambio clim\u00e1tico, aportando soluciones tecnol\u00f3gicas e innovaci\u00f3n social, a los problemas asociados al uso eficiente del recurso agua, suelo, energ\u00eda, diversidad biol\u00f3gica, zonas costeras, as\u00ed como el ordenamiento territorial en municipios vulnerables al cambio clim\u00e1tico.<\/p>\n\n\n\n<p>3.&nbsp; Fortalecer los sistemas de monitoreo, vigilancia y alerta temprana para evaluar sistem\u00e1ticamente el estado y calidad de la zona costera, el agua, el bosque, as\u00ed como el comportamiento de la sequ\u00eda<\/p>\n\n\n\n<p>4.&nbsp; Formar capacidades y sensibilizar a la comunidad universitaria y de la provincia de Santiago de Cuba, que contribuya a elevar su percepci\u00f3n del riesgo y capacidad de respuesta frente al impacto del cambio clim\u00e1tico.<\/p>\n","protected":false},"excerpt":{"rendered":"<p>JEFE DEL PROYECTO: Dr.C. Yunior Ram\u00f3n Vel\u00e1zquez Labrada OBJETIVO GENERAL: Formar profesionales y desarrollar investigaciones que generen nuevos conocimientos y capacidades de excelencia, v\u00e1lidas para la toma de decisiones en relaci\u00f3n con las acciones de mitigaci\u00f3n y adaptaci\u00f3n para enfrentar&hellip; <\/p>\n","protected":false},"author":21,"featured_media":0,"parent":23,"menu_order":3,"comment_status":"closed","ping_status":"closed","template":"","meta":{"_mc_calendar":[],"footnotes":""},"class_list":["post-288","page","type-page","status-publish","hentry"],"_links":{"self":[{"href":"https:\/\/www.cent.uo.edu.cu\/cemzoc-uo\/wp-json\/wp\/v2\/pages\/288","targetHints":{"allow":["GET"]}}],"collection":[{"href":"https:\/\/www.cent.uo.edu.cu\/cemzoc-uo\/wp-json\/wp\/v2\/pages"}],"about":[{"href":"https:\/\/www.cent.uo.edu.cu\/cemzoc-uo\/wp-json\/wp\/v2\/types\/page"}],"author":[{"embeddable":true,"href":"https:\/\/www.cent.uo.edu.cu\/cemzoc-uo\/wp-json\/wp\/v2\/users\/21"}],"replies":[{"embeddable":true,"href":"https:\/\/www.cent.uo.edu.cu\/cemzoc-uo\/wp-json\/wp\/v2\/comments?post=288"}],"version-history":[{"count":1,"href":"https:\/\/www.cent.uo.edu.cu\/cemzoc-uo\/wp-json\/wp\/v2\/pages\/288\/revisions"}],"predecessor-version":[{"id":290,"href":"https:\/\/www.cent.uo.edu.cu\/cemzoc-uo\/wp-json\/wp\/v2\/pages\/288\/revisions\/290"}],"up":[{"embeddable":true,"href":"https:\/\/www.cent.uo.edu.cu\/cemzoc-uo\/wp-json\/wp\/v2\/pages\/23"}],"wp:attachment":[{"href":"https:\/\/www.cent.uo.edu.cu\/cemzoc-uo\/wp-json\/wp\/v2\/media?parent=288"}],"curies":[{"name":"wp","href":"https:\/\/api.w.org\/{rel}","templated":true}]}}

<p><strong>JEFE DEL PROYECTO: </strong>Dr.C. Yunior Ramón Velázquez Labrada</p>



<p><strong>OBJETIVO GENERAL:</strong></p>



<p>Formar profesionales y desarrollar investigaciones que generen nuevos conocimientos y capacidades de excelencia, válidas para la toma de decisiones en relación con las acciones de mitigación y adaptación para enfrentar el impacto del cambio climático, en la comunidad universitaria y en la región oriental de Cuba.&nbsp;</p>



<p><strong>OBJETIVOS ESPECÍFICOS:</strong></p>



<p><strong>1. </strong>Contribuir a la formación en los estudiantes (de pre y postgrado) en la cultura del cuidado del clima, de seguridad y percepción del riesgo ante los diferentes impactos del cambio climático, generando prácticas y comportamientos sostenibles en la actividad profesional y la vida cotidiana</p>



<p>2.&nbsp; Contribuir desde la investigación científica a la conservación de la biodiversidad y de los ecosistemas frente al impacto del cambio climático, aportando soluciones tecnológicas e innovación social, a los problemas asociados al uso eficiente del recurso agua, suelo, energía, diversidad biológica, zonas costeras, así como el ordenamiento territorial en municipios vulnerables al cambio climático.</p>



<p>3.&nbsp; Fortalecer los sistemas de monitoreo, vigilancia y alerta temprana para evaluar sistemáticamente el estado y calidad de la zona costera, el agua, el bosque, así como el comportamiento de la sequía</p>



<p>4.&nbsp; Formar capacidades y sensibilizar a la comunidad universitaria y de la provincia de Santiago de Cuba, que contribuya a elevar su percepción del riesgo y capacidad de respuesta frente al impacto del cambio climático.</p>

<p>JEFE DEL PROYECTO: Dr.C. Yunior Ramón Velázquez Labrada OBJETIVO GENERAL: Formar profesionales y desarrollar investigaciones que generen nuevos conocimientos y capacidades de excelencia, válidas para la toma de decisiones en relación con las acciones de mitigación y adaptación para enfrentar&hellip; </p>
