{"id":2914,"date":"2021-12-17T13:37:13","date_gmt":"2021-12-17T17:37:13","guid":{"rendered":"https:\/\/www.cent.uo.edu.cu\/cemzoc-uo\/?page_id=2914"},"modified":"2021-12-17T14:10:54","modified_gmt":"2021-12-17T18:10:54","slug":"bases-de-datos","status":"publish","type":"page","link":"https:\/\/www.cent.uo.edu.cu\/cemzoc-uo\/posgrado\/para-investigadores\/bases-de-datos\/","title":{"rendered":"Bases de Datos"},"content":{"rendered":"\n<p>Web of Science<\/p>\n\n\n<div class=\"su-accordion su-u-trim\">\n<div class=\"su-spoiler su-spoiler-style-fancy su-spoiler-icon-plus su-spoiler-closed\" data-scroll-offset=\"0\" data-anchor-in-url=\"no\"><div class=\"su-spoiler-title\" tabindex=\"0\" role=\"button\"><span class=\"su-spoiler-icon\"><\/span>Web of Science<\/div><div class=\"su-spoiler-content su-u-clearfix su-u-trim\"> <\/p>\n<p align=\"justify\">Web of Science (WoS) es un servicio en l\u00ednea de informaci\u00f3n cient\u00edfica, suministrado por Clarivate Analytics, integrado en ISI Web of Knowledge, WoK. Facilita el acceso a un conjunto de bases de datos en las que aparecen citas de art\u00edculos de revistas cient\u00edficas, libros y otros tipos de material impreso que abarcan todos los campos del conocimiento acad\u00e9mico. Permite acceder a las publicaciones previas de una determinada investigaci\u00f3n publicada a trav\u00e9s del acceso a sus referencias bibliogr\u00e1ficas citadas, o tambi\u00e9n, a las publicaciones que citan un documento determinado para descubrir el impacto de un trabajo cient\u00edfico sobre la investigaci\u00f3n actual. Por \u00faltimo, permite conectarse al texto completo de publicaciones primarias y otros recursos y acceder a ellos mediante un sistema de b\u00fasqueda basado en palabras clave.<\/p>\n<p>\n<a href=\"https:\/\/www.webofknowledge.com\/\" target=\"_blank\" rel=\"noopener\"><i>Login<\/i><\/a><br \/>\n<\/div><\/div>\n<div class=\"su-spoiler su-spoiler-style-fancy su-spoiler-icon-plus su-spoiler-closed\" data-scroll-offset=\"0\" data-anchor-in-url=\"no\"><div class=\"su-spoiler-title\" tabindex=\"0\" role=\"button\"><span class=\"su-spoiler-icon\"><\/span>Publons<\/div><div class=\"su-spoiler-content su-u-clearfix su-u-trim\"> <\/p>\n<p align=\"justify\">Publons es un servicio gratuito que facilita a los investigadores realizar un seguimiento y demostrar su impacto como autores, editores de revistas y revisores en un solo lugar. Con Publons puedes realizar un seguimiento de tus publicaciones, m\u00e9tricas de citas, revisiones de pares y trabajos de edici\u00f3n de revistas en un \u00fanico perfil f\u00e1cil de mantener.<br \/>\nTodas tus publicaciones pueden ser importadas instant\u00e1neamente desde Web of Science, ORCID o su administrador de referencias bibliogr\u00e1ficas (por ejemplo, EndNote o Mendeley). Publons a\u00f1adir\u00e1 m\u00e9tricas de citas de confianza, importadas autom\u00e1ticamente desde Web of Science. Adem\u00e1s es posible mostrar tu historial verificado de revisi\u00f3n por pares y edici\u00f3n de revistas, impulsado por asociaciones con miles de revistas acad\u00e9micas. Tambi\u00e9n podr\u00e1s obtener un registro descargable que resume tu impacto acad\u00e9mico como autor, editor y revisor de pares.<\/p>\n<p>\n<a href=\"https:\/\/publons.com\/account\/login\/\" target=\"_blank\" rel=\"noopener\"><i>Login<\/i><\/a><br \/>\n <\/div><\/div>\n<div class=\"su-spoiler su-spoiler-style-fancy su-spoiler-icon-plus su-spoiler-closed\" data-scroll-offset=\"0\" data-anchor-in-url=\"no\"><div class=\"su-spoiler-title\" tabindex=\"0\" role=\"button\"><span class=\"su-spoiler-icon\"><\/span>EndNote<\/div><div class=\"su-spoiler-content su-u-clearfix su-u-trim\"> <\/p>\n<p align=\"justify\">EndNote es un paquete inform\u00e1tico de gesti\u00f3n de referencias, usado para manejar listados bibliogr\u00e1ficos y citas al escribir ensayos y art\u00edculos. Es desarrollado por Clarivate Analytics que lo compr\u00f3 de Thomson Reuters en 2016.<br \/>\nEl programa agrupa los datos bibliogr\u00e1ficos en \u00abbibliotecas\u00bb con extensi\u00f3n de archivo *.enl y una carpeta correspondiente de *.data. Hay varias maneras de agregar una referencia a una biblioteca: manualmente, exportando, importando, etc. El programa presenta al usuario una ventana que contiene un men\u00fa drop-down para seleccionar el tipo de referencia que se requiera (libro, art\u00edculo period\u00edstico, pel\u00edcula, etc.), y los campos asociados con ese registro, tanto en general (autor, t\u00edtulo, a\u00f1o, etc.) como los relacionados con un tipo de referencia en particular (n\u00famero de ISBN, para publicaciones, duraci\u00f3n, para pel\u00edculas, etc.).<\/p>\n<p>\n<a href=\"https:\/\/access.clarivate.com\/login?app=endnote\" target=\"_blank\" rel=\"noopener\"><i>Login<\/i><\/a><br \/>\n <\/div><\/div>\n<div class=\"su-spoiler su-spoiler-style-fancy su-spoiler-icon-plus su-spoiler-closed\" data-scroll-offset=\"0\" data-anchor-in-url=\"no\"><div class=\"su-spoiler-title\" tabindex=\"0\" role=\"button\"><span class=\"su-spoiler-icon\"><\/span>Master Journal List<\/div><div class=\"su-spoiler-content su-u-clearfix su-u-trim\"> <\/p>\n<p align=\"justify\">Master Journal List es una herramienta que permite consultar una lista completa de revistas incluidas en la Colecci\u00f3n principal de Web of Science y de otras colecciones especializadas.<\/p>\n<p>\n<a href=\"https:\/\/mjl.clarivate.com\/login;createAccount=false;referrer=%2Fhome\" target=\"_blank\" rel=\"noopener\"><i>Login<\/i><\/a><br \/>\n <\/div><\/div>\n<div class=\"su-spoiler su-spoiler-style-fancy su-spoiler-icon-plus su-spoiler-closed\" data-scroll-offset=\"0\" data-anchor-in-url=\"no\"><div class=\"su-spoiler-title\" tabindex=\"0\" role=\"button\"><span class=\"su-spoiler-icon\"><\/span>InCites<\/div><div class=\"su-spoiler-content su-u-clearfix su-u-trim\"> <\/p>\n<p align=\"justify\">InCites Benchmarking &#038; Analytics es una herramienta de evaluaci\u00f3n de la investigaci\u00f3n basada en citas que recoge, analiza y compara la producci\u00f3n cient\u00edfica incluida en la Web of Science desde 1980 hasta la actualidad.InCites permite:<\/p>\n<li>Comparar aspectos cualitativos y cuantitativos del rendimiento investigador con otras instituciones.<\/li>\n<li>Monitorizar la colaboraci\u00f3n cient\u00edfica y generar nuevas oportunidades de colaboraci\u00f3n.<\/li>\n<li>Identificar las tendencias m\u00e1s influyentes en el \u00e1mbito investigador.<\/li>\n<li>Mostrar fortalezas y descubrir \u00e1reas de oportunidad.<\/li>\n<p>\n<a href=\"https:\/\/incites.clarivate.com\/\" target=\"_blank\" rel=\"noopener\"><i>Login<\/i><\/a><br \/>\n <\/div><\/div>\n<div class=\"su-spoiler su-spoiler-style-fancy su-spoiler-icon-plus su-spoiler-closed\" data-scroll-offset=\"0\" data-anchor-in-url=\"no\"><div class=\"su-spoiler-title\" tabindex=\"0\" role=\"button\"><span class=\"su-spoiler-icon\"><\/span> Journal Citation Reports<\/div><div class=\"su-spoiler-content su-u-clearfix su-u-trim\"> <\/p>\n<p align=\"justify\">El Journal Citation Reports (JCR &#8216;Informes sobre citas en revistas cient\u00edficas&#8217;) es una publicaci\u00f3n anual que realiza el Instituto para la Informaci\u00f3n Cient\u00edfica, que actualmente es parte de la empresa Clarivate. Esta publicaci\u00f3n eval\u00faa el impacto y relevancia de las principales revistas cient\u00edficas del campo de las ciencias aplicadas y sociales. Originalmente era parte del Science Citation Index, y actualmente est\u00e1 realizado a partir de los datos que este contiene.<\/p>\n<p>\n<a href=\"https:\/\/jcr.clarivate.com\/\" target=\"_blank\" rel=\"noopener\"><i>Login<\/i><\/a><br \/>\n <\/div><\/div>\n<div class=\"su-spoiler su-spoiler-style-fancy su-spoiler-icon-plus su-spoiler-closed\" data-scroll-offset=\"0\" data-anchor-in-url=\"no\"><div class=\"su-spoiler-title\" tabindex=\"0\" role=\"button\"><span class=\"su-spoiler-icon\"><\/span>Essential Science Indicators<\/div><div class=\"su-spoiler-content su-u-clearfix su-u-trim\"> <\/p>\n<p align=\"justify\">Essential Science Indicators es una herramienta que proporciona estad\u00edsticas para conocer las tendencias en investigaci\u00f3n cient\u00edfica.<\/p>\n<p>Permite obtener la siguiente informaci\u00f3n:<\/p>\n<p>Art\u00edculos m\u00e1s citados en los \u00faltimos 10 a\u00f1os (highly cited papers).<br \/>\nArt\u00edculos m\u00e1s citados en los \u00faltimos dos a\u00f1os (hot papers).<br \/>\nUna vez elegimos la vista de 2 o 10 a\u00f1os, podemos obtener una lista por campos de investigaci\u00f3n, autor, instituci\u00f3n, pa\u00eds \/ territorio o publicaci\u00f3n. Esta lista se puede ordenar por el n\u00famero de documentos en Web of Science, recuento de citas o promedio de citas por art\u00edculo.<br \/>\nTambi\u00e9n es posible aplicar filtros para obtener una lista de resultados m\u00e1s detallada, por ejemplo, una lista de campos de investigaci\u00f3n o autores restringida a un pa\u00eds.<\/p>\n<p>\n<a href=\"https:\/\/esi.clarivate.com\/\" target=\"_blank\" rel=\"noopener\"><i>Login<\/i><\/a><br \/>\n <\/div><\/div>\n<\/div>\n\n\n\n<pre class=\"wp-block-code\"><code><\/code><\/pre>\n","protected":false},"excerpt":{"rendered":"<p>Web of Science<\/p>\n","protected":false},"author":21,"featured_media":0,"parent":1661,"menu_order":6,"comment_status":"closed","ping_status":"closed","template":"","meta":{"_mc_calendar":[],"footnotes":""},"class_list":["post-2914","page","type-page","status-publish","hentry"],"_links":{"self":[{"href":"https:\/\/www.cent.uo.edu.cu\/cemzoc-uo\/wp-json\/wp\/v2\/pages\/2914","targetHints":{"allow":["GET"]}}],"collection":[{"href":"https:\/\/www.cent.uo.edu.cu\/cemzoc-uo\/wp-json\/wp\/v2\/pages"}],"about":[{"href":"https:\/\/www.cent.uo.edu.cu\/cemzoc-uo\/wp-json\/wp\/v2\/types\/page"}],"author":[{"embeddable":true,"href":"https:\/\/www.cent.uo.edu.cu\/cemzoc-uo\/wp-json\/wp\/v2\/users\/21"}],"replies":[{"embeddable":true,"href":"https:\/\/www.cent.uo.edu.cu\/cemzoc-uo\/wp-json\/wp\/v2\/comments?post=2914"}],"version-history":[{"count":13,"href":"https:\/\/www.cent.uo.edu.cu\/cemzoc-uo\/wp-json\/wp\/v2\/pages\/2914\/revisions"}],"predecessor-version":[{"id":2932,"href":"https:\/\/www.cent.uo.edu.cu\/cemzoc-uo\/wp-json\/wp\/v2\/pages\/2914\/revisions\/2932"}],"up":[{"embeddable":true,"href":"https:\/\/www.cent.uo.edu.cu\/cemzoc-uo\/wp-json\/wp\/v2\/pages\/1661"}],"wp:attachment":[{"href":"https:\/\/www.cent.uo.edu.cu\/cemzoc-uo\/wp-json\/wp\/v2\/media?parent=2914"}],"curies":[{"name":"wp","href":"https:\/\/api.w.org\/{rel}","templated":true}]}}