{"id":3168,"date":"2022-03-04T16:20:35","date_gmt":"2022-03-04T20:20:35","guid":{"rendered":"https:\/\/www.cent.uo.edu.cu\/cemzoc-uo\/?page_id=3168"},"modified":"2022-03-04T17:45:14","modified_gmt":"2022-03-04T21:45:14","slug":"ecos_marzo_2022","status":"publish","type":"page","link":"https:\/\/www.cent.uo.edu.cu\/cemzoc-uo\/proyectos\/monitoreo-y-manejo-integrado-de-ecosistemas-costeros-ante-el-cambio-climatico-en-la-region-oriental-de-cuba-ecos\/ecos_marzo_2022\/","title":{"rendered":"ECOS_Marzo_2022"},"content":{"rendered":"\n<p>Realiza proyecto monitoreo y manejo integrado de ecosistemas costeros ante el cambio clim\u00e1tico en la regi\u00f3n oriental de Cuba. (ECOS), encuentro cient\u00edfico correspondiente al mes de marzo.<\/p>\n\n\n\n<div class=\"wp-block-image\"><figure class=\"aligncenter size-large is-resized\"><img loading=\"lazy\" decoding=\"async\" src=\"https:\/\/www.cent.uo.edu.cu\/cemzoc-uo\/files\/2022\/03\/240a5a12-5995-4e2f-80e0-a444a2901ea6-1024x768.png\" alt=\"\" class=\"wp-image-3172\" width=\"605\" height=\"453\" srcset=\"https:\/\/www.cent.uo.edu.cu\/cemzoc-uo\/files\/2022\/03\/240a5a12-5995-4e2f-80e0-a444a2901ea6-1024x768.png 1024w, https:\/\/www.cent.uo.edu.cu\/cemzoc-uo\/files\/2022\/03\/240a5a12-5995-4e2f-80e0-a444a2901ea6-300x225.png 300w, https:\/\/www.cent.uo.edu.cu\/cemzoc-uo\/files\/2022\/03\/240a5a12-5995-4e2f-80e0-a444a2901ea6-768x576.png 768w, https:\/\/www.cent.uo.edu.cu\/cemzoc-uo\/files\/2022\/03\/240a5a12-5995-4e2f-80e0-a444a2901ea6.png 1080w\" sizes=\"auto, (max-width: 605px) 100vw, 605px\" \/><figcaption>Foto: CEMZOC<\/figcaption><\/figure><\/div>\n\n\n\n<div class=\"wp-block-image\"><figure class=\"aligncenter size-large is-resized\"><img loading=\"lazy\" decoding=\"async\" src=\"https:\/\/www.cent.uo.edu.cu\/cemzoc-uo\/files\/2022\/03\/89036bd3-ff73-48cc-b683-aa14c845cc2c-1024x768.png\" alt=\"\" class=\"wp-image-3169\" width=\"606\" height=\"454\" srcset=\"https:\/\/www.cent.uo.edu.cu\/cemzoc-uo\/files\/2022\/03\/89036bd3-ff73-48cc-b683-aa14c845cc2c-1024x768.png 1024w, https:\/\/www.cent.uo.edu.cu\/cemzoc-uo\/files\/2022\/03\/89036bd3-ff73-48cc-b683-aa14c845cc2c-300x225.png 300w, https:\/\/www.cent.uo.edu.cu\/cemzoc-uo\/files\/2022\/03\/89036bd3-ff73-48cc-b683-aa14c845cc2c-768x576.png 768w, https:\/\/www.cent.uo.edu.cu\/cemzoc-uo\/files\/2022\/03\/89036bd3-ff73-48cc-b683-aa14c845cc2c.png 1080w\" sizes=\"auto, (max-width: 606px) 100vw, 606px\" \/><figcaption>Foto: CEMZOC<\/figcaption><\/figure><\/div>\n\n\n\n<p>En la reuni\u00f3n se realizaron los talleres de ICAPTU\/ IMCy se analiz\u00f3 el an\u00e1lisis del presupuesto del proyecto para el 2022, se realiz\u00f3 el suplemento al contrato bilateral del proyecto, el cual se encuentra en el Programa. A\u00fan no se ha dicho la cantidad aprobada seg\u00fan lo planificado. No obstante, lo enviado consider\u00f3 los montos posibles a recibir por cada investigador por concepto de remuneraci\u00f3n, trabajo de campo y al menos una participaci\u00f3n en evento internacional.<\/p>\n","protected":false},"excerpt":{"rendered":"<p>Realiza proyecto monitoreo y manejo integrado de ecosistemas costeros ante el cambio clim\u00e1tico en la regi\u00f3n oriental de Cuba. (ECOS), encuentro cient\u00edfico correspondiente al mes de marzo. En la reuni\u00f3n se realizaron los talleres de ICAPTU\/ IMCy se analiz\u00f3 el&hellip; <\/p>\n","protected":false},"author":21,"featured_media":0,"parent":289,"menu_order":5,"comment_status":"closed","ping_status":"closed","template":"","meta":{"_mc_calendar":[],"footnotes":""},"class_list":["post-3168","page","type-page","status-publish","hentry"],"_links":{"self":[{"href":"https:\/\/www.cent.uo.edu.cu\/cemzoc-uo\/wp-json\/wp\/v2\/pages\/3168","targetHints":{"allow":["GET"]}}],"collection":[{"href":"https:\/\/www.cent.uo.edu.cu\/cemzoc-uo\/wp-json\/wp\/v2\/pages"}],"about":[{"href":"https:\/\/www.cent.uo.edu.cu\/cemzoc-uo\/wp-json\/wp\/v2\/types\/page"}],"author":[{"embeddable":true,"href":"https:\/\/www.cent.uo.edu.cu\/cemzoc-uo\/wp-json\/wp\/v2\/users\/21"}],"replies":[{"embeddable":true,"href":"https:\/\/www.cent.uo.edu.cu\/cemzoc-uo\/wp-json\/wp\/v2\/comments?post=3168"}],"version-history":[{"count":2,"href":"https:\/\/www.cent.uo.edu.cu\/cemzoc-uo\/wp-json\/wp\/v2\/pages\/3168\/revisions"}],"predecessor-version":[{"id":3173,"href":"https:\/\/www.cent.uo.edu.cu\/cemzoc-uo\/wp-json\/wp\/v2\/pages\/3168\/revisions\/3173"}],"up":[{"embeddable":true,"href":"https:\/\/www.cent.uo.edu.cu\/cemzoc-uo\/wp-json\/wp\/v2\/pages\/289"}],"wp:attachment":[{"href":"https:\/\/www.cent.uo.edu.cu\/cemzoc-uo\/wp-json\/wp\/v2\/media?parent=3168"}],"curies":[{"name":"wp","href":"https:\/\/api.w.org\/{rel}","templated":true}]}}

<p>Realiza proyecto monitoreo y manejo integrado de ecosistemas costeros ante el cambio climático en la región oriental de Cuba. (ECOS), encuentro científico correspondiente al mes de marzo.</p>



<div class="wp-block-image"><figure class="aligncenter size-large is-resized"><img loading="lazy" decoding="async" src="https://www.cent.uo.edu.cu/cemzoc-uo/files/2022/03/240a5a12-5995-4e2f-80e0-a444a2901ea6-1024x768.png" alt="" class="wp-image-3172" width="605" height="453" srcset="https://www.cent.uo.edu.cu/cemzoc-uo/files/2022/03/240a5a12-5995-4e2f-80e0-a444a2901ea6-1024x768.png 1024w, https://www.cent.uo.edu.cu/cemzoc-uo/files/2022/03/240a5a12-5995-4e2f-80e0-a444a2901ea6-300x225.png 300w, https://www.cent.uo.edu.cu/cemzoc-uo/files/2022/03/240a5a12-5995-4e2f-80e0-a444a2901ea6-768x576.png 768w, https://www.cent.uo.edu.cu/cemzoc-uo/files/2022/03/240a5a12-5995-4e2f-80e0-a444a2901ea6.png 1080w" sizes="auto, (max-width: 605px) 100vw, 605px" /><figcaption>Foto: CEMZOC</figcaption></figure></div>



<div class="wp-block-image"><figure class="aligncenter size-large is-resized"><img loading="lazy" decoding="async" src="https://www.cent.uo.edu.cu/cemzoc-uo/files/2022/03/89036bd3-ff73-48cc-b683-aa14c845cc2c-1024x768.png" alt="" class="wp-image-3169" width="606" height="454" srcset="https://www.cent.uo.edu.cu/cemzoc-uo/files/2022/03/89036bd3-ff73-48cc-b683-aa14c845cc2c-1024x768.png 1024w, https://www.cent.uo.edu.cu/cemzoc-uo/files/2022/03/89036bd3-ff73-48cc-b683-aa14c845cc2c-300x225.png 300w, https://www.cent.uo.edu.cu/cemzoc-uo/files/2022/03/89036bd3-ff73-48cc-b683-aa14c845cc2c-768x576.png 768w, https://www.cent.uo.edu.cu/cemzoc-uo/files/2022/03/89036bd3-ff73-48cc-b683-aa14c845cc2c.png 1080w" sizes="auto, (max-width: 606px) 100vw, 606px" /><figcaption>Foto: CEMZOC</figcaption></figure></div>



<p>En la reunión se realizaron los talleres de ICAPTU/ IMCy se analizó el análisis del presupuesto del proyecto para el 2022, se realizó el suplemento al contrato bilateral del proyecto, el cual se encuentra en el Programa. Aún no se ha dicho la cantidad aprobada según lo planificado. No obstante, lo enviado consideró los montos posibles a recibir por cada investigador por concepto de remuneración, trabajo de campo y al menos una participación en evento internacional.</p>

<p>Realiza proyecto monitoreo y manejo integrado de ecosistemas costeros ante el cambio climático en la región oriental de Cuba. (ECOS), encuentro científico correspondiente al mes de marzo. En la reunión se realizaron los talleres de ICAPTU/ IMCy se analizó el&hellip; </p>
