{"id":4295,"date":"2023-01-19T16:15:10","date_gmt":"2023-01-19T20:15:10","guid":{"rendered":"https:\/\/www.cent.uo.edu.cu\/cemzoc-uo\/?page_id=4295"},"modified":"2026-04-02T11:34:16","modified_gmt":"2026-04-02T15:34:16","slug":"plan-de-posgrado-cemzoc-2023","status":"publish","type":"page","link":"https:\/\/www.cent.uo.edu.cu\/cemzoc-uo\/posgrado\/plan-de-posgrado-cemzoc-2023\/","title":{"rendered":"Plan de Posgrado CEMZOC 2026"},"content":{"rendered":"\n<p>El plan de posgrado acad\u00e9mico, superaci\u00f3n profesional y capacitaci\u00f3n del a\u00f1o 2026 que se presenta, responde a las prioridades del pa\u00eds, el territorio, y se alinea con los resultados de los proyectos \u201cMonitoreo y manejo integrado de ecosistemas costeros ante el cambio clim\u00e1tico en la regi\u00f3n oriental de Cuba (ECOS)\u201d y \u201cGobernanza adaptativa al cambio clim\u00e1tico en municipios costeros de Cuba\u201d. Acorde, adem\u00e1s, con el modelo de formaci\u00f3n continua de la educaci\u00f3n superior cubana (Resoluci\u00f3n No. 138\/19) y el Reglamento de la Educaci\u00f3n de Posgrado de la Rep\u00fablica de Cuba (Resoluci\u00f3n No. 140\/19), se inserta en los objetivos de trabajo para el a\u00f1o 2023 y en la Proyecci\u00f3n Estrat\u00e9gica de la Universidad para la formaci\u00f3n de los recursos humanos en los sectores estrat\u00e9gicos del territorio en temas vinculados a la visi\u00f3n y misi\u00f3n del centro.<\/p>\n\n\n\n<figure class=\"wp-block-table\"><table class=\"has-fixed-layout\"><tbody><tr><td>No.<\/td><td>Nombre del Curso<\/td><td>Docente<\/td><td>Fecha<\/td><td>Horas \/ Cr\u00e9ditos<\/td><\/tr><tr><td>1<\/td><td>Dise\u00f1o del plan de manejo costero y su articulaci\u00f3n en la Estrategia de desarrollo territorial en Cuba.<\/td><td>DrC Ramon Alarc\u00f3n Borges y DrC Ofelia P\u00e9rez Montero (ofelia@uo.edu.cu)<\/td><td>Junio \/ 2026<\/td><td>60 horas 2 Cr\u00e9ditos<\/td><\/tr><tr><td>2<\/td><td>Resiliencia costera y enfoque socio ecol\u00f3gico para la adaptaci\u00f3n al cambio clim\u00e1tico.<\/td><td>DrC. Yanet Cruz Portorreal (yanetc@ou.edu.cu)<\/td><td>Marzo &nbsp;\/ 2026<\/td><td>30 horas (2 Cr\u00e9ditos)<\/td><\/tr><tr><td>3<\/td><td>Mitigaci\u00f3n al cambio clim\u00e1tico: ecosistemas de manglar en la retenci\u00f3n de carbono.<\/td><td>DrC. Yanet Cruz Portorreal (yanetc@ou.edu.cu)<\/td><td>Mayo \/ 2026<\/td><td>30 horas (2 Cr\u00e9ditos)<\/td><\/tr><tr><td>4<\/td><td>Econom\u00eda Circular: Innovaci\u00f3n y Oportunidades para Cuba.<\/td><td>DrC. Alexis Perez Figueredo (alexis.figueredo@uo.edu.cu)<\/td><td>Junio \/ 2026<\/td><td>30 horas (2 Cr\u00e9ditos)<\/td><\/tr><tr><td>5<\/td><td>Configuraci\u00f3n y din\u00e1micas de la legislacion ambiental cubana en la actualidad<\/td><td>Dr.C Ramon Alarcon Borges, PT (ralarcon@uo.edu.cu)<\/td><td>Abril \/ 2026<\/td><td>30 horas (2 Cr\u00e9ditos)<\/td><\/tr><tr><td>6<\/td><td>Redaccion cientifica y bibliometria en revistas de alto impacto<\/td><td>Dr.C. Jorge Mesa Vazquez (jorge.mesa@uo.edu.cu)<\/td><td>Mayo \/ 2026<\/td><td>30 horas (2 Cr\u00e9ditos)<\/td><\/tr><\/tbody><\/table><\/figure>\n\n\n\n<p class=\"has-text-align-center\">La solicitud de inscripci\u00f3n a cada una de las opciones de superaci\u00f3n se realizar\u00e1 de forma obligatoria a trav\u00e9s del formulario en l\u00ednea en la siguiente direcci\u00f3n:<\/p>\n\n\n\n<p class=\"has-text-align-center\"><a href=\"https:\/\/forms.gle\/Sxptbu4rxmanVY9N7\">https:\/\/forms.gle\/Sxptbu4rxmanVY9N7<\/a><\/p>\n\n\n\n<p><\/p>\n","protected":false},"excerpt":{"rendered":"<p>El plan de posgrado acad\u00e9mico, superaci\u00f3n profesional y capacitaci\u00f3n del a\u00f1o 2026 que se presenta, responde a las prioridades del pa\u00eds, el territorio, y se alinea con los resultados de los proyectos \u201cMonitoreo y manejo integrado de ecosistemas costeros ante&hellip; <\/p>\n","protected":false},"author":21,"featured_media":0,"parent":229,"menu_order":3,"comment_status":"closed","ping_status":"closed","template":"","meta":{"_mc_calendar":[],"footnotes":""},"class_list":["post-4295","page","type-page","status-publish","hentry"],"_links":{"self":[{"href":"https:\/\/www.cent.uo.edu.cu\/cemzoc-uo\/wp-json\/wp\/v2\/pages\/4295","targetHints":{"allow":["GET"]}}],"collection":[{"href":"https:\/\/www.cent.uo.edu.cu\/cemzoc-uo\/wp-json\/wp\/v2\/pages"}],"about":[{"href":"https:\/\/www.cent.uo.edu.cu\/cemzoc-uo\/wp-json\/wp\/v2\/types\/page"}],"author":[{"embeddable":true,"href":"https:\/\/www.cent.uo.edu.cu\/cemzoc-uo\/wp-json\/wp\/v2\/users\/21"}],"replies":[{"embeddable":true,"href":"https:\/\/www.cent.uo.edu.cu\/cemzoc-uo\/wp-json\/wp\/v2\/comments?post=4295"}],"version-history":[{"count":5,"href":"https:\/\/www.cent.uo.edu.cu\/cemzoc-uo\/wp-json\/wp\/v2\/pages\/4295\/revisions"}],"predecessor-version":[{"id":6325,"href":"https:\/\/www.cent.uo.edu.cu\/cemzoc-uo\/wp-json\/wp\/v2\/pages\/4295\/revisions\/6325"}],"up":[{"embeddable":true,"href":"https:\/\/www.cent.uo.edu.cu\/cemzoc-uo\/wp-json\/wp\/v2\/pages\/229"}],"wp:attachment":[{"href":"https:\/\/www.cent.uo.edu.cu\/cemzoc-uo\/wp-json\/wp\/v2\/media?parent=4295"}],"curies":[{"name":"wp","href":"https:\/\/api.w.org\/{rel}","templated":true}]}}

<p>El plan de posgrado académico, superación profesional y capacitación del año 2026 que se presenta, responde a las prioridades del país, el territorio, y se alinea con los resultados de los proyectos “Monitoreo y manejo integrado de ecosistemas costeros ante el cambio climático en la región oriental de Cuba (ECOS)” y “Gobernanza adaptativa al cambio climático en municipios costeros de Cuba”. Acorde, además, con el modelo de formación continua de la educación superior cubana (Resolución No. 138/19) y el Reglamento de la Educación de Posgrado de la República de Cuba (Resolución No. 140/19), se inserta en los objetivos de trabajo para el año 2023 y en la Proyección Estratégica de la Universidad para la formación de los recursos humanos en los sectores estratégicos del territorio en temas vinculados a la visión y misión del centro.</p>



<figure class="wp-block-table"><table class="has-fixed-layout"><tbody><tr><td>No.</td><td>Nombre del Curso</td><td>Docente</td><td>Fecha</td><td>Horas / Créditos</td></tr><tr><td>1</td><td>Diseño del plan de manejo costero y su articulación en la Estrategia de desarrollo territorial en Cuba.</td><td>DrC Ramon Alarcón Borges y DrC Ofelia Pérez Montero (ofelia@uo.edu.cu)</td><td>Junio / 2026</td><td>60 horas 2 Créditos</td></tr><tr><td>2</td><td>Resiliencia costera y enfoque socio ecológico para la adaptación al cambio climático.</td><td>DrC. Yanet Cruz Portorreal (yanetc@ou.edu.cu)</td><td>Marzo &nbsp;/ 2026</td><td>30 horas (2 Créditos)</td></tr><tr><td>3</td><td>Mitigación al cambio climático: ecosistemas de manglar en la retención de carbono.</td><td>DrC. Yanet Cruz Portorreal (yanetc@ou.edu.cu)</td><td>Mayo / 2026</td><td>30 horas (2 Créditos)</td></tr><tr><td>4</td><td>Economía Circular: Innovación y Oportunidades para Cuba.</td><td>DrC. Alexis Perez Figueredo (alexis.figueredo@uo.edu.cu)</td><td>Junio / 2026</td><td>30 horas (2 Créditos)</td></tr><tr><td>5</td><td>Configuración y dinámicas de la legislacion ambiental cubana en la actualidad</td><td>Dr.C Ramon Alarcon Borges, PT (ralarcon@uo.edu.cu)</td><td>Abril / 2026</td><td>30 horas (2 Créditos)</td></tr><tr><td>6</td><td>Redaccion cientifica y bibliometria en revistas de alto impacto</td><td>Dr.C. Jorge Mesa Vazquez (jorge.mesa@uo.edu.cu)</td><td>Mayo / 2026</td><td>30 horas (2 Créditos)</td></tr></tbody></table></figure>



<p class="has-text-align-center">La solicitud de inscripción a cada una de las opciones de superación se realizará de forma obligatoria a través del formulario en línea en la siguiente dirección:</p>



<p class="has-text-align-center"><a href="https://forms.gle/Sxptbu4rxmanVY9N7">https://forms.gle/Sxptbu4rxmanVY9N7</a></p>



<p></p>

<p>El plan de posgrado académico, superación profesional y capacitación del año 2026 que se presenta, responde a las prioridades del país, el territorio, y se alinea con los resultados de los proyectos “Monitoreo y manejo integrado de ecosistemas costeros ante&hellip; </p>
