{"id":495,"date":"2021-03-18T12:45:02","date_gmt":"2021-03-18T12:45:02","guid":{"rendered":"https:\/\/www.cent.uo.edu.cu\/cemzoc-uo\/?page_id=495"},"modified":"2022-02-02T13:16:46","modified_gmt":"2022-02-02T17:16:46","slug":"evidencias-ecos","status":"publish","type":"page","link":"https:\/\/www.cent.uo.edu.cu\/cemzoc-uo\/proyectos\/monitoreo-y-manejo-integrado-de-ecosistemas-costeros-ante-el-cambio-climatico-en-la-region-oriental-de-cuba-ecos\/evidencias-ecos\/","title":{"rendered":"Reuni\u00f3n Virtual"},"content":{"rendered":"\n<p><strong>MINUTA DE LA PRIMERA REUNI\u00d3N VIRTUAL DEL PROYECTO MONITOREO Y MANEJO INTEGRADO DE ECOSISTEMAS COSTEROS ANTE EL CAMBIO CLIM\u00c1TICO EN LA REGI\u00d3N ORIENTAL DE CUBA. (ECOS).<\/strong><\/p>\n\n\n\n<p><strong>REALIZADA EN DOS FECHAS: 5 Y 11\/3\/21 <\/strong>(Para aquellos que no pudieron asistir a la primera convocatoria el 5 de marzo)<\/p>\n\n\n\n<p><strong>Hora de inicio el 5 de marzo de 2021:<\/strong> 11:00 am.<\/p>\n\n\n\n<p><strong>Hora de t\u00e9rmino:<\/strong> 12:30 pm.<\/p>\n\n\n\n<p><strong>Enlace empleado: <\/strong><a href=\"http:\/\/www.conferencias.uo.edu.cu\/cemzoc\">www.conferencias.uo.edu.cu\/cemzoc<\/a><\/p>\n\n\n\n<p><strong>Grabaci\u00f3n:<\/strong> S\u00ed<\/p>\n\n\n\n<p><strong>Hora de inicio el 11 de marzo de 2021<\/strong>: 10:00 am.<\/p>\n\n\n\n<p><strong>Hora de t\u00e9rmino:<\/strong> 11:05 am.<\/p>\n\n\n\n<p><strong>Enlace empleado: <\/strong><a href=\"http:\/\/www.conferencias.uo.edu.cu\/cemzoc\">www.conferencias.uo.edu.cu\/cemzoc<\/a><\/p>\n\n\n\n<p><strong>Grabaci\u00f3n:<\/strong> S\u00ed<\/p>\n\n\n\n<p><strong>Orden del d\u00eda:<\/strong><\/p>\n\n\n\n<ol class=\"wp-block-list\" type=\"1\"><li>Presentaci\u00f3n.<\/li><li>Presentaci\u00f3n de la estrategia general de trabajo del proyecto en el contexto epidemiol\u00f3gico actual.<\/li><li>Precisi\u00f3n de los principales resultados comprometidos.<\/li><\/ol>\n\n\n\n<p><strong>Discusi\u00f3n:<\/strong><\/p>\n\n\n\n<p>La reuni\u00f3n inici\u00f3 con la presentaci\u00f3n de los participantes. El primer d\u00eda la bienvenida fue dada por la Dra. Ofelia P\u00e9rez, directora del CEMZOC y el segundo d\u00eda por el Dr. Yunior R. Vel\u00e1zquez, jefe del proyecto ECOS. El d\u00eda 5, el Dr. Ram\u00f3n Alarc\u00f3n hizo referencia a aspectos \u00e9ticos y metodol\u00f3gicos comunes a los dos proyectos que se ejecutan desde el CEMZOC, entre los que se destacan:<\/p>\n\n\n\n<ul class=\"wp-block-list\"><li>Compromiso de cada miembro del proyecto con el cumplimiento de los resultados planificados, la asistencia a las reuniones y actividades planificadas.<\/li><li>Alto impacto social y ambiental de los proyectos, as\u00ed como en sectores estrat\u00e9gicos.<\/li><\/ul>\n\n\n\n<p>Tales aspectos fueron retomados el d\u00eda 11 de marzo por el Dr. Yunior Vel\u00e1zquez, quien en ambas ocasiones precis\u00f3 lo que a continuaci\u00f3n se detalla:<\/p>\n\n\n\n<p>El Proyecto<strong>: <\/strong>Monitoreo y manejo integrado de ecosistemas costeros ante el cambio clim\u00e1tico en la regi\u00f3n oriental de Cuba. (ECOS); es un <strong>PROYECTO ASOCIADO AL PROGRAMA SECTORIAL \u00a8EDUCACI\u00d3N SUPERIOR Y DESARROLLO SOSTENIBLE\u00a8.<\/strong><\/p>\n\n\n\n<p><strong>Responde a la: <\/strong><em>Necesidad de elaborar e implementar un manual de monitoreo y manejo integrado de ecosistemas de playa, manglar, cuenca hidrogr\u00e1fica y bah\u00eda ante el impacto del cambio clim\u00e1tico en la regi\u00f3n oriental de Cuba.<\/em><\/p>\n\n\n\n<p>En correspondencia con lo anterior, el proyecto se desarrolla en <em>la zona costera de la regi\u00f3n oriental de Cuba<\/em>, lo cual constituye el <strong>objeto de investigaci\u00f3n<\/strong>, y centra su atenci\u00f3n en el <em><u>monitoreo y manejo integrado de ecosistemas de playa, manglar, cuenca hidrogr\u00e1fica y bah\u00eda ante el impacto del cambio clim\u00e1tico en la regi\u00f3n oriental de Cuba<\/u>, <\/em>lo que representa el <strong>campo de acci\u00f3n.<\/strong><\/p>\n","protected":false},"excerpt":{"rendered":"<p>MINUTA DE LA PRIMERA REUNI\u00d3N VIRTUAL DEL PROYECTO MONITOREO Y MANEJO INTEGRADO DE ECOSISTEMAS COSTEROS ANTE EL CAMBIO CLIM\u00c1TICO EN LA REGI\u00d3N ORIENTAL DE CUBA. (ECOS). REALIZADA EN DOS FECHAS: 5 Y 11\/3\/21 (Para aquellos que no pudieron asistir a&hellip; <\/p>\n","protected":false},"author":21,"featured_media":0,"parent":289,"menu_order":0,"comment_status":"closed","ping_status":"closed","template":"","meta":{"_mc_calendar":[],"footnotes":""},"class_list":["post-495","page","type-page","status-publish","hentry"],"_links":{"self":[{"href":"https:\/\/www.cent.uo.edu.cu\/cemzoc-uo\/wp-json\/wp\/v2\/pages\/495","targetHints":{"allow":["GET"]}}],"collection":[{"href":"https:\/\/www.cent.uo.edu.cu\/cemzoc-uo\/wp-json\/wp\/v2\/pages"}],"about":[{"href":"https:\/\/www.cent.uo.edu.cu\/cemzoc-uo\/wp-json\/wp\/v2\/types\/page"}],"author":[{"embeddable":true,"href":"https:\/\/www.cent.uo.edu.cu\/cemzoc-uo\/wp-json\/wp\/v2\/users\/21"}],"replies":[{"embeddable":true,"href":"https:\/\/www.cent.uo.edu.cu\/cemzoc-uo\/wp-json\/wp\/v2\/comments?post=495"}],"version-history":[{"count":2,"href":"https:\/\/www.cent.uo.edu.cu\/cemzoc-uo\/wp-json\/wp\/v2\/pages\/495\/revisions"}],"predecessor-version":[{"id":3054,"href":"https:\/\/www.cent.uo.edu.cu\/cemzoc-uo\/wp-json\/wp\/v2\/pages\/495\/revisions\/3054"}],"up":[{"embeddable":true,"href":"https:\/\/www.cent.uo.edu.cu\/cemzoc-uo\/wp-json\/wp\/v2\/pages\/289"}],"wp:attachment":[{"href":"https:\/\/www.cent.uo.edu.cu\/cemzoc-uo\/wp-json\/wp\/v2\/media?parent=495"}],"curies":[{"name":"wp","href":"https:\/\/api.w.org\/{rel}","templated":true}]}}

Reunión Virtual

<p><strong>MINUTA DE LA PRIMERA REUNIÓN VIRTUAL DEL PROYECTO MONITOREO Y MANEJO INTEGRADO DE ECOSISTEMAS COSTEROS ANTE EL CAMBIO CLIMÁTICO EN LA REGIÓN ORIENTAL DE CUBA. (ECOS).</strong></p>



<p><strong>REALIZADA EN DOS FECHAS: 5 Y 11/3/21 </strong>(Para aquellos que no pudieron asistir a la primera convocatoria el 5 de marzo)</p>



<p><strong>Hora de inicio el 5 de marzo de 2021:</strong> 11:00 am.</p>



<p><strong>Hora de término:</strong> 12:30 pm.</p>



<p><strong>Enlace empleado: </strong><a href="http://www.conferencias.uo.edu.cu/cemzoc">www.conferencias.uo.edu.cu/cemzoc</a></p>



<p><strong>Grabación:</strong> Sí</p>



<p><strong>Hora de inicio el 11 de marzo de 2021</strong>: 10:00 am.</p>



<p><strong>Hora de término:</strong> 11:05 am.</p>



<p><strong>Enlace empleado: </strong><a href="http://www.conferencias.uo.edu.cu/cemzoc">www.conferencias.uo.edu.cu/cemzoc</a></p>



<p><strong>Grabación:</strong> Sí</p>



<p><strong>Orden del día:</strong></p>



<ol class="wp-block-list" type="1"><li>Presentación.</li><li>Presentación de la estrategia general de trabajo del proyecto en el contexto epidemiológico actual.</li><li>Precisión de los principales resultados comprometidos.</li></ol>



<p><strong>Discusión:</strong></p>



<p>La reunión inició con la presentación de los participantes. El primer día la bienvenida fue dada por la Dra. Ofelia Pérez, directora del CEMZOC y el segundo día por el Dr. Yunior R. Velázquez, jefe del proyecto ECOS. El día 5, el Dr. Ramón Alarcón hizo referencia a aspectos éticos y metodológicos comunes a los dos proyectos que se ejecutan desde el CEMZOC, entre los que se destacan:</p>



<ul class="wp-block-list"><li>Compromiso de cada miembro del proyecto con el cumplimiento de los resultados planificados, la asistencia a las reuniones y actividades planificadas.</li><li>Alto impacto social y ambiental de los proyectos, así como en sectores estratégicos.</li></ul>



<p>Tales aspectos fueron retomados el día 11 de marzo por el Dr. Yunior Velázquez, quien en ambas ocasiones precisó lo que a continuación se detalla:</p>



<p>El Proyecto<strong>: </strong>Monitoreo y manejo integrado de ecosistemas costeros ante el cambio climático en la región oriental de Cuba. (ECOS); es un <strong>PROYECTO ASOCIADO AL PROGRAMA SECTORIAL ¨EDUCACIÓN SUPERIOR Y DESARROLLO SOSTENIBLE¨.</strong></p>



<p><strong>Responde a la: </strong><em>Necesidad de elaborar e implementar un manual de monitoreo y manejo integrado de ecosistemas de playa, manglar, cuenca hidrográfica y bahía ante el impacto del cambio climático en la región oriental de Cuba.</em></p>



<p>En correspondencia con lo anterior, el proyecto se desarrolla en <em>la zona costera de la región oriental de Cuba</em>, lo cual constituye el <strong>objeto de investigación</strong>, y centra su atención en el <em><u>monitoreo y manejo integrado de ecosistemas de playa, manglar, cuenca hidrográfica y bahía ante el impacto del cambio climático en la región oriental de Cuba</u>, </em>lo que representa el <strong>campo de acción.</strong></p>

<p>MINUTA DE LA PRIMERA REUNIÓN VIRTUAL DEL PROYECTO MONITOREO Y MANEJO INTEGRADO DE ECOSISTEMAS COSTEROS ANTE EL CAMBIO CLIMÁTICO EN LA REGIÓN ORIENTAL DE CUBA. (ECOS). REALIZADA EN DOS FECHAS: 5 Y 11/3/21 (Para aquellos que no pudieron asistir a&hellip; </p>
