{"id":5364,"date":"2024-02-05T22:13:24","date_gmt":"2024-02-06T02:13:24","guid":{"rendered":"https:\/\/www.cent.uo.edu.cu\/cemzoc-uo\/?page_id=5364"},"modified":"2024-02-05T22:14:06","modified_gmt":"2024-02-06T02:14:06","slug":"vita-gaia","status":"publish","type":"page","link":"https:\/\/www.cent.uo.edu.cu\/cemzoc-uo\/catedra-anj\/iniciativas-ambientales\/vita-gaia\/","title":{"rendered":"Vita Gaia"},"content":{"rendered":"\n<p>Grupo Cient\u00edfico Estudiantil Multidisciplinario \u00abVita Gaia\u00bb. <strong>Surge por la necesidad y compromiso que sienten un grupo de j\u00f3venes de tomar acciones por la vida de nuestro planeta.<\/strong><\/p>\n\n\n\n<figure class=\"wp-block-image size-large is-resized\"><img loading=\"lazy\" decoding=\"async\" width=\"1024\" height=\"682\" src=\"http:\/\/www.cent.uo.edu.cu\/cemzoc-uo\/files\/2024\/02\/b8f9dbbf_-1024x682.jpg\" alt=\"\" class=\"wp-image-5354\" style=\"width:1140px;height:auto\" srcset=\"https:\/\/www.cent.uo.edu.cu\/cemzoc-uo\/files\/2024\/02\/b8f9dbbf_-1024x682.jpg 1024w, https:\/\/www.cent.uo.edu.cu\/cemzoc-uo\/files\/2024\/02\/b8f9dbbf_-300x200.jpg 300w, https:\/\/www.cent.uo.edu.cu\/cemzoc-uo\/files\/2024\/02\/b8f9dbbf_-768x512.jpg 768w, https:\/\/www.cent.uo.edu.cu\/cemzoc-uo\/files\/2024\/02\/b8f9dbbf_-1536x1024.jpg 1536w, https:\/\/www.cent.uo.edu.cu\/cemzoc-uo\/files\/2024\/02\/b8f9dbbf_-2048x1365.jpg 2048w, https:\/\/www.cent.uo.edu.cu\/cemzoc-uo\/files\/2024\/02\/b8f9dbbf_-306x205.jpg 306w\" sizes=\"auto, (max-width: 1024px) 100vw, 1024px\" \/><\/figure>\n\n\n\n<p>El nombre de dicho grupo se compone por dos palabras, Vita: significa vida en italiano, denota internacionalismo cultural y la esencia de las cosas, y Gaia: el primer nombre que adopta el planeta Tierra. El mismo est\u00e1 integrado por estudiantes de diversas carreras: Lic. Sociolog\u00eda, Lic. Comunicaci\u00f3n Social, Lic. Psicolog\u00eda, Lic. Derecho, Lic. Biolog\u00eda, Lic. Econom\u00eda, Ing. Industrial, Ing. Autom\u00e1tica, y Arquitectura y Urbanismo, que convergen en un espacio acad\u00e9mico e investigativo multidisciplinario con todo el compromiso de hacer ciencia y conciencia.<\/p>\n\n\n\n<!--more-->\n\n\n\n<p>La misi\u00f3n de este grupo es realizar investigaciones que den soluci\u00f3n a problem\u00e1ticas medioambientales, explicar de manera sencilla y accesible las formas de mitigar el cambio clim\u00e1tico, transmitiendo los acuerdos de las Conferencias de las Partes (COP) a trav\u00e9s de intervenciones, talleres y conferencias. Busca motivar a todos los sectores sociales a unirse a la lucha contra el cambio clim\u00e1tico, fomentando la adopci\u00f3n de acciones concretas.<br>Su visi\u00f3n es ser reconocidos como un grupo cient\u00edfico estudiantil multidisciplinario l\u00edder en la divulgaci\u00f3n del conocimiento sobre el cambio clim\u00e1tico <\/p>\n\n\n\n<figure class=\"wp-block-image size-large\"><img loading=\"lazy\" decoding=\"async\" width=\"1024\" height=\"682\" src=\"http:\/\/www.cent.uo.edu.cu\/cemzoc-uo\/files\/2024\/02\/9a83ab72_-1024x682.jpg\" alt=\"\" class=\"wp-image-5355\" srcset=\"https:\/\/www.cent.uo.edu.cu\/cemzoc-uo\/files\/2024\/02\/9a83ab72_-1024x682.jpg 1024w, https:\/\/www.cent.uo.edu.cu\/cemzoc-uo\/files\/2024\/02\/9a83ab72_-300x200.jpg 300w, https:\/\/www.cent.uo.edu.cu\/cemzoc-uo\/files\/2024\/02\/9a83ab72_-768x512.jpg 768w, https:\/\/www.cent.uo.edu.cu\/cemzoc-uo\/files\/2024\/02\/9a83ab72_-1536x1024.jpg 1536w, https:\/\/www.cent.uo.edu.cu\/cemzoc-uo\/files\/2024\/02\/9a83ab72_-2048x1365.jpg 2048w, https:\/\/www.cent.uo.edu.cu\/cemzoc-uo\/files\/2024\/02\/9a83ab72_-306x205.jpg 306w\" sizes=\"auto, (max-width: 1024px) 100vw, 1024px\" \/><\/figure>\n\n\n\n<p>Su objeto social es promover la conciencia ambiental y la adopci\u00f3n de medidas para mitigar el cambio clim\u00e1tico en diferentes sectores sociales y la poblaci\u00f3n en general. Implementan una estrategia comunicacional para alcanzar un posicionamiento en redes sociales y ampliar los espacios de distribuci\u00f3n de informaci\u00f3n y contenido.<\/p>\n","protected":false},"excerpt":{"rendered":"<p>Grupo Cient\u00edfico Estudiantil Multidisciplinario \u00abVita Gaia\u00bb. Surge por la necesidad y compromiso que sienten un grupo de j\u00f3venes de tomar acciones por la vida de nuestro planeta. El nombre de dicho grupo se compone por dos palabras, Vita: significa vida&hellip; <\/p>\n","protected":false},"author":21,"featured_media":0,"parent":5330,"menu_order":0,"comment_status":"closed","ping_status":"closed","template":"","meta":{"_mc_calendar":[],"footnotes":""},"class_list":["post-5364","page","type-page","status-publish","hentry"],"_links":{"self":[{"href":"https:\/\/www.cent.uo.edu.cu\/cemzoc-uo\/wp-json\/wp\/v2\/pages\/5364","targetHints":{"allow":["GET"]}}],"collection":[{"href":"https:\/\/www.cent.uo.edu.cu\/cemzoc-uo\/wp-json\/wp\/v2\/pages"}],"about":[{"href":"https:\/\/www.cent.uo.edu.cu\/cemzoc-uo\/wp-json\/wp\/v2\/types\/page"}],"author":[{"embeddable":true,"href":"https:\/\/www.cent.uo.edu.cu\/cemzoc-uo\/wp-json\/wp\/v2\/users\/21"}],"replies":[{"embeddable":true,"href":"https:\/\/www.cent.uo.edu.cu\/cemzoc-uo\/wp-json\/wp\/v2\/comments?post=5364"}],"version-history":[{"count":1,"href":"https:\/\/www.cent.uo.edu.cu\/cemzoc-uo\/wp-json\/wp\/v2\/pages\/5364\/revisions"}],"predecessor-version":[{"id":5365,"href":"https:\/\/www.cent.uo.edu.cu\/cemzoc-uo\/wp-json\/wp\/v2\/pages\/5364\/revisions\/5365"}],"up":[{"embeddable":true,"href":"https:\/\/www.cent.uo.edu.cu\/cemzoc-uo\/wp-json\/wp\/v2\/pages\/5330"}],"wp:attachment":[{"href":"https:\/\/www.cent.uo.edu.cu\/cemzoc-uo\/wp-json\/wp\/v2\/media?parent=5364"}],"curies":[{"name":"wp","href":"https:\/\/api.w.org\/{rel}","templated":true}]}}

<p>Grupo Científico Estudiantil Multidisciplinario «Vita Gaia». <strong>Surge por la necesidad y compromiso que sienten un grupo de jóvenes de tomar acciones por la vida de nuestro planeta.</strong></p>



<figure class="wp-block-image size-large is-resized"><img loading="lazy" decoding="async" width="1024" height="682" src="http://www.cent.uo.edu.cu/cemzoc-uo/files/2024/02/b8f9dbbf_-1024x682.jpg" alt="" class="wp-image-5354" style="width:1140px;height:auto" srcset="https://www.cent.uo.edu.cu/cemzoc-uo/files/2024/02/b8f9dbbf_-1024x682.jpg 1024w, https://www.cent.uo.edu.cu/cemzoc-uo/files/2024/02/b8f9dbbf_-300x200.jpg 300w, https://www.cent.uo.edu.cu/cemzoc-uo/files/2024/02/b8f9dbbf_-768x512.jpg 768w, https://www.cent.uo.edu.cu/cemzoc-uo/files/2024/02/b8f9dbbf_-1536x1024.jpg 1536w, https://www.cent.uo.edu.cu/cemzoc-uo/files/2024/02/b8f9dbbf_-2048x1365.jpg 2048w, https://www.cent.uo.edu.cu/cemzoc-uo/files/2024/02/b8f9dbbf_-306x205.jpg 306w" sizes="auto, (max-width: 1024px) 100vw, 1024px" /></figure>



<p>El nombre de dicho grupo se compone por dos palabras, Vita: significa vida en italiano, denota internacionalismo cultural y la esencia de las cosas, y Gaia: el primer nombre que adopta el planeta Tierra. El mismo está integrado por estudiantes de diversas carreras: Lic. Sociología, Lic. Comunicación Social, Lic. Psicología, Lic. Derecho, Lic. Biología, Lic. Economía, Ing. Industrial, Ing. Automática, y Arquitectura y Urbanismo, que convergen en un espacio académico e investigativo multidisciplinario con todo el compromiso de hacer ciencia y conciencia.</p>



<!--more-->



<p>La misión de este grupo es realizar investigaciones que den solución a problemáticas medioambientales, explicar de manera sencilla y accesible las formas de mitigar el cambio climático, transmitiendo los acuerdos de las Conferencias de las Partes (COP) a través de intervenciones, talleres y conferencias. Busca motivar a todos los sectores sociales a unirse a la lucha contra el cambio climático, fomentando la adopción de acciones concretas.<br>Su visión es ser reconocidos como un grupo científico estudiantil multidisciplinario líder en la divulgación del conocimiento sobre el cambio climático </p>



<figure class="wp-block-image size-large"><img loading="lazy" decoding="async" width="1024" height="682" src="http://www.cent.uo.edu.cu/cemzoc-uo/files/2024/02/9a83ab72_-1024x682.jpg" alt="" class="wp-image-5355" srcset="https://www.cent.uo.edu.cu/cemzoc-uo/files/2024/02/9a83ab72_-1024x682.jpg 1024w, https://www.cent.uo.edu.cu/cemzoc-uo/files/2024/02/9a83ab72_-300x200.jpg 300w, https://www.cent.uo.edu.cu/cemzoc-uo/files/2024/02/9a83ab72_-768x512.jpg 768w, https://www.cent.uo.edu.cu/cemzoc-uo/files/2024/02/9a83ab72_-1536x1024.jpg 1536w, https://www.cent.uo.edu.cu/cemzoc-uo/files/2024/02/9a83ab72_-2048x1365.jpg 2048w, https://www.cent.uo.edu.cu/cemzoc-uo/files/2024/02/9a83ab72_-306x205.jpg 306w" sizes="auto, (max-width: 1024px) 100vw, 1024px" /></figure>



<p>Su objeto social es promover la conciencia ambiental y la adopción de medidas para mitigar el cambio climático en diferentes sectores sociales y la población en general. Implementan una estrategia comunicacional para alcanzar un posicionamiento en redes sociales y ampliar los espacios de distribución de información y contenido.</p>

<p>Grupo Científico Estudiantil Multidisciplinario «Vita Gaia». Surge por la necesidad y compromiso que sienten un grupo de jóvenes de tomar acciones por la vida de nuestro planeta. El nombre de dicho grupo se compone por dos palabras, Vita: significa vida&hellip; </p>
