{"id":5366,"date":"2024-02-05T22:17:15","date_gmt":"2024-02-06T02:17:15","guid":{"rendered":"https:\/\/www.cent.uo.edu.cu\/cemzoc-uo\/?page_id=5366"},"modified":"2024-02-05T22:17:45","modified_gmt":"2024-02-06T02:17:45","slug":"periodismo-y-medio-ambiente","status":"publish","type":"page","link":"https:\/\/www.cent.uo.edu.cu\/cemzoc-uo\/catedra-anj\/iniciativas-ambientales\/periodismo-y-medio-ambiente\/","title":{"rendered":"Periodismo y Medio Ambiente"},"content":{"rendered":"\n<p>Coordinado por los profesores, Dra. C Giselle M\u00e9ndez Hern\u00e1ndez, (Jefa del Departamento de Periodismo) y\u00a0 Lic. Jos\u00e9 Jos\u00e9 Ram\u00edrez Rodriguez, el 22 de noviembre del 2022, surge el Grupo Cient\u00edfico Estudiantil, \u00abPeriodismo y Medio Ambiente\u00bb como iniciativa del Departamento de Periodismo de la Universidad de Oriente<strong>.<\/strong><\/p>\n\n\n\n<figure class=\"wp-block-image size-full is-resized\"><img loading=\"lazy\" decoding=\"async\" width=\"720\" height=\"405\" src=\"http:\/\/www.cent.uo.edu.cu\/cemzoc-uo\/files\/2024\/02\/FB_IMG_1706371362986.jpg\" alt=\"\" class=\"wp-image-5358\" style=\"width:1140px;height:auto\" srcset=\"https:\/\/www.cent.uo.edu.cu\/cemzoc-uo\/files\/2024\/02\/FB_IMG_1706371362986.jpg 720w, https:\/\/www.cent.uo.edu.cu\/cemzoc-uo\/files\/2024\/02\/FB_IMG_1706371362986-300x169.jpg 300w\" sizes=\"auto, (max-width: 720px) 100vw, 720px\" \/><\/figure>\n\n\n\n<p>Producto a la necesidad de Periodismo especializado en ciencia y su vertiente medio ambiente en los medios de comunicaci\u00f3n de Cuba, adem\u00e1s de la necesidad de estudios e investigaciones cient\u00edficas enfocados en mejorar y aportar soluciones e iniciativas desde las Ciencias de la Comunicaci\u00f3n. Con m\u00e1s de un a\u00f1o de actividad se logran resultados cient\u00edficos de impacto regional orientados en aportar a los Objetivos de Desarrollo Sostenible de la Agenda 2030, espec\u00edficamente en el n\u00famero 4 Educaci\u00f3n de Calidad, el 13 Acci\u00f3n por el Clima y el 15 Vida de Ecosistemas Terrestres. La producci\u00f3n cient\u00edfica y period\u00edstica de los estudiantes y profesores va enfocada a la Educaci\u00f3n para el Desarrollo Sostenible necesaria en contextos actuales, a trav\u00e9s de la difusi\u00f3n en medios de comunicaci\u00f3n tradicionales y digitales con el empleo de las nuevas herramientas que ofrecen las Tecnolog\u00edas de la Informaci\u00f3n y las Comunicaciones, para crear impacto y conciencia ambiental en las masas.<\/p>\n\n\n\n<!--more-->\n\n\n\n<p>El Grupo Cient\u00edfico desarrolla labores desde sus inicios con el Centro Oriental de Ecosistemas y Biodiversidad, Bioeco por sus siglas y\u00a0 expande sus proyecciones de colaboraci\u00f3n investigativa y period\u00edstica con otras instituciones como el Centro de Estudios Multidisciplinarios de Zonas Costeras en la Universidad de Oriente (CEMZOC) y el Centro Nacional de Investigaciones Sismol\u00f3gicas en Santiago de Cuba(CENAIS), para fortalecer la educaci\u00f3n ambiental y sostenible desde distintas ciencias referentes al medio ambiente.<\/p>\n\n\n\n<figure class=\"wp-block-image size-full\"><img loading=\"lazy\" decoding=\"async\" width=\"500\" height=\"500\" src=\"http:\/\/www.cent.uo.edu.cu\/cemzoc-uo\/files\/2024\/02\/FB_IMG_1706371293916.jpg\" alt=\"\" class=\"wp-image-5359\" srcset=\"https:\/\/www.cent.uo.edu.cu\/cemzoc-uo\/files\/2024\/02\/FB_IMG_1706371293916.jpg 500w, https:\/\/www.cent.uo.edu.cu\/cemzoc-uo\/files\/2024\/02\/FB_IMG_1706371293916-300x300.jpg 300w, https:\/\/www.cent.uo.edu.cu\/cemzoc-uo\/files\/2024\/02\/FB_IMG_1706371293916-150x150.jpg 150w\" sizes=\"auto, (max-width: 500px) 100vw, 500px\" \/><\/figure>\n\n\n\n<figure class=\"wp-block-image size-full\"><img loading=\"lazy\" decoding=\"async\" width=\"720\" height=\"540\" src=\"http:\/\/www.cent.uo.edu.cu\/cemzoc-uo\/files\/2024\/02\/FB_IMG_1706371321321.jpg\" alt=\"\" class=\"wp-image-5360\" srcset=\"https:\/\/www.cent.uo.edu.cu\/cemzoc-uo\/files\/2024\/02\/FB_IMG_1706371321321.jpg 720w, https:\/\/www.cent.uo.edu.cu\/cemzoc-uo\/files\/2024\/02\/FB_IMG_1706371321321-300x225.jpg 300w\" sizes=\"auto, (max-width: 720px) 100vw, 720px\" \/><\/figure>\n","protected":false},"excerpt":{"rendered":"<p>Coordinado por los profesores, Dra. C Giselle M\u00e9ndez Hern\u00e1ndez, (Jefa del Departamento de Periodismo) y\u00a0 Lic. Jos\u00e9 Jos\u00e9 Ram\u00edrez Rodriguez, el 22 de noviembre del 2022, surge el Grupo Cient\u00edfico Estudiantil, \u00abPeriodismo y Medio Ambiente\u00bb como iniciativa del Departamento de&hellip; <\/p>\n","protected":false},"author":21,"featured_media":0,"parent":5330,"menu_order":1,"comment_status":"closed","ping_status":"closed","template":"","meta":{"_mc_calendar":[],"footnotes":""},"class_list":["post-5366","page","type-page","status-publish","hentry"],"_links":{"self":[{"href":"https:\/\/www.cent.uo.edu.cu\/cemzoc-uo\/wp-json\/wp\/v2\/pages\/5366","targetHints":{"allow":["GET"]}}],"collection":[{"href":"https:\/\/www.cent.uo.edu.cu\/cemzoc-uo\/wp-json\/wp\/v2\/pages"}],"about":[{"href":"https:\/\/www.cent.uo.edu.cu\/cemzoc-uo\/wp-json\/wp\/v2\/types\/page"}],"author":[{"embeddable":true,"href":"https:\/\/www.cent.uo.edu.cu\/cemzoc-uo\/wp-json\/wp\/v2\/users\/21"}],"replies":[{"embeddable":true,"href":"https:\/\/www.cent.uo.edu.cu\/cemzoc-uo\/wp-json\/wp\/v2\/comments?post=5366"}],"version-history":[{"count":1,"href":"https:\/\/www.cent.uo.edu.cu\/cemzoc-uo\/wp-json\/wp\/v2\/pages\/5366\/revisions"}],"predecessor-version":[{"id":5367,"href":"https:\/\/www.cent.uo.edu.cu\/cemzoc-uo\/wp-json\/wp\/v2\/pages\/5366\/revisions\/5367"}],"up":[{"embeddable":true,"href":"https:\/\/www.cent.uo.edu.cu\/cemzoc-uo\/wp-json\/wp\/v2\/pages\/5330"}],"wp:attachment":[{"href":"https:\/\/www.cent.uo.edu.cu\/cemzoc-uo\/wp-json\/wp\/v2\/media?parent=5366"}],"curies":[{"name":"wp","href":"https:\/\/api.w.org\/{rel}","templated":true}]}}

<p>Coordinado por los profesores, Dra. C Giselle Méndez Hernández, (Jefa del Departamento de Periodismo) y  Lic. José José Ramírez Rodriguez, el 22 de noviembre del 2022, surge el Grupo Científico Estudiantil, «Periodismo y Medio Ambiente» como iniciativa del Departamento de Periodismo de la Universidad de Oriente<strong>.</strong></p>



<figure class="wp-block-image size-full is-resized"><img loading="lazy" decoding="async" width="720" height="405" src="http://www.cent.uo.edu.cu/cemzoc-uo/files/2024/02/FB_IMG_1706371362986.jpg" alt="" class="wp-image-5358" style="width:1140px;height:auto" srcset="https://www.cent.uo.edu.cu/cemzoc-uo/files/2024/02/FB_IMG_1706371362986.jpg 720w, https://www.cent.uo.edu.cu/cemzoc-uo/files/2024/02/FB_IMG_1706371362986-300x169.jpg 300w" sizes="auto, (max-width: 720px) 100vw, 720px" /></figure>



<p>Producto a la necesidad de Periodismo especializado en ciencia y su vertiente medio ambiente en los medios de comunicación de Cuba, además de la necesidad de estudios e investigaciones científicas enfocados en mejorar y aportar soluciones e iniciativas desde las Ciencias de la Comunicación. Con más de un año de actividad se logran resultados científicos de impacto regional orientados en aportar a los Objetivos de Desarrollo Sostenible de la Agenda 2030, específicamente en el número 4 Educación de Calidad, el 13 Acción por el Clima y el 15 Vida de Ecosistemas Terrestres. La producción científica y periodística de los estudiantes y profesores va enfocada a la Educación para el Desarrollo Sostenible necesaria en contextos actuales, a través de la difusión en medios de comunicación tradicionales y digitales con el empleo de las nuevas herramientas que ofrecen las Tecnologías de la Información y las Comunicaciones, para crear impacto y conciencia ambiental en las masas.</p>



<!--more-->



<p>El Grupo Científico desarrolla labores desde sus inicios con el Centro Oriental de Ecosistemas y Biodiversidad, Bioeco por sus siglas y  expande sus proyecciones de colaboración investigativa y periodística con otras instituciones como el Centro de Estudios Multidisciplinarios de Zonas Costeras en la Universidad de Oriente (CEMZOC) y el Centro Nacional de Investigaciones Sismológicas en Santiago de Cuba(CENAIS), para fortalecer la educación ambiental y sostenible desde distintas ciencias referentes al medio ambiente.</p>



<figure class="wp-block-image size-full"><img loading="lazy" decoding="async" width="500" height="500" src="http://www.cent.uo.edu.cu/cemzoc-uo/files/2024/02/FB_IMG_1706371293916.jpg" alt="" class="wp-image-5359" srcset="https://www.cent.uo.edu.cu/cemzoc-uo/files/2024/02/FB_IMG_1706371293916.jpg 500w, https://www.cent.uo.edu.cu/cemzoc-uo/files/2024/02/FB_IMG_1706371293916-300x300.jpg 300w, https://www.cent.uo.edu.cu/cemzoc-uo/files/2024/02/FB_IMG_1706371293916-150x150.jpg 150w" sizes="auto, (max-width: 500px) 100vw, 500px" /></figure>



<figure class="wp-block-image size-full"><img loading="lazy" decoding="async" width="720" height="540" src="http://www.cent.uo.edu.cu/cemzoc-uo/files/2024/02/FB_IMG_1706371321321.jpg" alt="" class="wp-image-5360" srcset="https://www.cent.uo.edu.cu/cemzoc-uo/files/2024/02/FB_IMG_1706371321321.jpg 720w, https://www.cent.uo.edu.cu/cemzoc-uo/files/2024/02/FB_IMG_1706371321321-300x225.jpg 300w" sizes="auto, (max-width: 720px) 100vw, 720px" /></figure>

<p>Coordinado por los profesores, Dra. C Giselle Méndez Hernández, (Jefa del Departamento de Periodismo) y  Lic. José José Ramírez Rodriguez, el 22 de noviembre del 2022, surge el Grupo Científico Estudiantil, «Periodismo y Medio Ambiente» como iniciativa del Departamento de&hellip; </p>
