{"id":6369,"date":"2026-04-16T13:37:51","date_gmt":"2026-04-16T17:37:51","guid":{"rendered":"https:\/\/www.cent.uo.edu.cu\/cemzoc-uo\/?page_id=6369"},"modified":"2026-04-16T13:43:54","modified_gmt":"2026-04-16T17:43:54","slug":"revelando-vinculos-entre-los-ecosistemas-sociales-costeros-y-el-cambio-climatico-para-mejorar-la-resiliencia-en-el-oriente-de-cuba","status":"publish","type":"page","link":"https:\/\/www.cent.uo.edu.cu\/cemzoc-uo\/proyectos\/revelando-vinculos-entre-los-ecosistemas-sociales-costeros-y-el-cambio-climatico-para-mejorar-la-resiliencia-en-el-oriente-de-cuba\/","title":{"rendered":"Revelando v\u00ednculos entre los ecosistemas sociales costeros y el cambio clim\u00e1tico para mejorar la resiliencia en el oriente de Cuba"},"content":{"rendered":"\n<p>Proyecto de colaboraci\u00f3n internacional entre la Universidad de Hassel en B\u00e9lgica y la de Oriente en Cuba, titulado: Unveiling Linkages Between Coastal Social-Ecosystems and Climate Change to Enhance Resilience in Eastern Cuba. Project code: CU2025SIN409A104. Programme Short Initiatives. VLIR.<\/p>\n\n\n\n<p><strong>Instituciones participantes:<\/strong><\/p>\n\n\n\n<ul class=\"wp-block-list\">\n<li>Universidad de Oriente (principal entidad ejecutora)<\/li>\n\n\n\n<li>Universidad de Hasselt (entidad implementadora principal)<\/li>\n\n\n\n<li>Empresa Flora y Fauna Santiago de Cuba<\/li>\n\n\n\n<li>Empresa Agroforestal (Guam\u00e1), bajo el Ministerio de Agricultura<\/li>\n\n\n\n<li>Delegaci\u00f3n Provincial del CITMA Guant\u00e1namo (UMA)<br>Instituci\u00f3n financiera (agencia): Consejo Interuniversitario de Universidades Flamencas (VLIR-UOS, B\u00e9lgica)<br>Duraci\u00f3n: 2 a\u00f1os (septiembre de 2025 \u2013 septiembre de 2027)<br>Presupuesto: 68,413.32 euros<\/li>\n\n\n\n<li><\/li>\n\n\n\n<li><strong>Resumen<\/strong><br>El proyecto tiene como objetivo mejorar la resiliencia clim\u00e1tica en los socio-ecosistemas costeros del oriente de Cuba, abordando la interdependencia entre los manglares y las comunidades, con \u00e9nfasis en su capacidad de captura de carbono. Utilizando un enfoque interdisciplinario, la investigaci\u00f3n integra m\u00e9todos socio-ecol\u00f3gicos para evaluar las interacciones en la zona costera, y propone soluciones innovadoras para la toma de decisiones y la adaptaci\u00f3n al cambio clim\u00e1tico. Esta iniciativa forma parte de una colaboraci\u00f3n internacional clave entre instituciones cubanas y la Universidad de Hasselt (UH) en B\u00e9lgica, que aporta metodolog\u00edas avanzadas, capacitaci\u00f3n t\u00e9cnica y redes cient\u00edficas globales. El proyecto incluye el an\u00e1lisis de datos sobre la percepci\u00f3n de los servicios ecosist\u00e9micos del manglar, mediante encuestas y entrevistas con las partes interesadas locales, para integrar el conocimiento cient\u00edfico y tradicional en la gesti\u00f3n sostenible. <\/li>\n\n\n\n<li>Los resultados esperados contribuir\u00e1n a la formulaci\u00f3n de iniciativas de adaptaci\u00f3n basadas en la naturaleza, proporcionar\u00e1n informaci\u00f3n relevante para las pol\u00edticas ambientales y fortalecer\u00e1n la resiliencia de las comunidades costeras. Con un enfoque participativo e interdisciplinario, el proyecto abordar\u00e1 vac\u00edos de conocimiento, incluidas deficiencias metodol\u00f3gicas en el seguimiento y gesti\u00f3n de los cambios en los socio-ecosistemas costeros del este de Cuba, dentro del contexto del cambio clim\u00e1tico. Adem\u00e1s, buscar\u00e1 reducir el desajuste entre la investigaci\u00f3n cient\u00edfica y las pol\u00edticas p\u00fablicas en Cuba.<\/li>\n<\/ul>\n","protected":false},"excerpt":{"rendered":"<p>Proyecto de colaboraci\u00f3n internacional entre la Universidad de Hassel en B\u00e9lgica y la de Oriente en Cuba, titulado: Unveiling Linkages Between Coastal Social-Ecosystems and Climate Change to Enhance Resilience in Eastern Cuba. Project code: CU2025SIN409A104. Programme Short Initiatives. VLIR. Instituciones&hellip; <\/p>\n","protected":false},"author":21,"featured_media":0,"parent":23,"menu_order":0,"comment_status":"closed","ping_status":"closed","template":"","meta":{"_mc_calendar":[],"footnotes":""},"class_list":["post-6369","page","type-page","status-publish","hentry"],"_links":{"self":[{"href":"https:\/\/www.cent.uo.edu.cu\/cemzoc-uo\/wp-json\/wp\/v2\/pages\/6369","targetHints":{"allow":["GET"]}}],"collection":[{"href":"https:\/\/www.cent.uo.edu.cu\/cemzoc-uo\/wp-json\/wp\/v2\/pages"}],"about":[{"href":"https:\/\/www.cent.uo.edu.cu\/cemzoc-uo\/wp-json\/wp\/v2\/types\/page"}],"author":[{"embeddable":true,"href":"https:\/\/www.cent.uo.edu.cu\/cemzoc-uo\/wp-json\/wp\/v2\/users\/21"}],"replies":[{"embeddable":true,"href":"https:\/\/www.cent.uo.edu.cu\/cemzoc-uo\/wp-json\/wp\/v2\/comments?post=6369"}],"version-history":[{"count":3,"href":"https:\/\/www.cent.uo.edu.cu\/cemzoc-uo\/wp-json\/wp\/v2\/pages\/6369\/revisions"}],"predecessor-version":[{"id":6375,"href":"https:\/\/www.cent.uo.edu.cu\/cemzoc-uo\/wp-json\/wp\/v2\/pages\/6369\/revisions\/6375"}],"up":[{"embeddable":true,"href":"https:\/\/www.cent.uo.edu.cu\/cemzoc-uo\/wp-json\/wp\/v2\/pages\/23"}],"wp:attachment":[{"href":"https:\/\/www.cent.uo.edu.cu\/cemzoc-uo\/wp-json\/wp\/v2\/media?parent=6369"}],"curies":[{"name":"wp","href":"https:\/\/api.w.org\/{rel}","templated":true}]}}