{"id":103,"date":"2014-01-10T20:14:17","date_gmt":"2014-01-10T20:14:17","guid":{"rendered":"http:\/\/www.cent.uo.edu.cu\/cenpis\/?page_id=103"},"modified":"2017-01-27T16:18:23","modified_gmt":"2017-01-27T16:18:23","slug":"publicaciones-recientes-4","status":"publish","type":"page","link":"https:\/\/www.cent.uo.edu.cu\/cenpis\/generales\/colectivo\/dr-c-enrique-juan-maranon-reyes\/publicaciones-recientes-4\/","title":{"rendered":"Publicaciones recientes"},"content":{"rendered":"<p><strong>D. I. Escobedo B., F. Sanabria M., E. J. Mara\u00f1\u00f3n R., S. Cano O., L. Zamora M., L. Reg\u00fceiferos P., L. Capdevila B (2013)<\/strong>\u00a0\u201cPRECLASIFICACI\u00d3N DE LLANTO INFANTIL Y PRUEBAS PRELIMINARES DE VALIDEZ\u201d. Inform\u00e1tica 2013. I Congreso Integracionista de las Ciencias y las Tecnolog\u00edas Inform\u00e1ticas, Santiago de Cuba, Cuba.\u00a0ISBN: 978-959-7213-02-4<\/p>\n<p><strong>Felipe Rodriguez Arias, Frank Sanabria Mac\u00edas, Pedro Soto Vega, Enrique Mara\u00f1\u00f3n Reyes, Maite Balart Cid.<\/strong>\u00a0AN\u00c1LISIS COMPARATIVO DE LOS ALGORITMOS ICA Y WAVELETS EN LA B\u00daSQUEDA DE IM\u00c1GENES BASADA EN CONTENIDO. Inform\u00e1tica 2013. I Congreso Integracionista de las Ciencias y las Tecnolog\u00edas Inform\u00e1ticas, Santiago de Cuba. ISBN: 978-959-7213-02-4<\/p>\n<p><strong>Yissel Rodr\u00edguez Aldana, Enrique Mara\u00f1\u00f3n Reyes, Valia Rodr\u00edguez Rodr\u00edguez, Teresa M. Puebla.<\/strong>\u00a0DETECCI\u00d3N Y ELIMINACI\u00d3N DE ARTEFACTOS DEL ELECTROENCEFALOGRAMA OBTENIDO EN UCI. Inform\u00e1tica 2013. I Congreso Integracionista de las Ciencias y las Tecnolog\u00edas Inform\u00e1ticas, XV\u00a0 Convenci\u00f3n Internacional Inform\u00e1tica 2013, Santiago de Cuba. ISBN: 978-959-7213-02-4<\/p>\n<p><strong>D.I.Escobedo B; F.Sanabria M; S.D.Cano O; E.J.Mara\u00f1\u00f3n R. (2009)<\/strong>\u00a0\u201cADAPTACI\u00d3N DEL DIAGRAMA DE BLOQUES DE UN ALGORITMO PARA LA EXTRACCI\u00d3N DE LA FRECUENCIA FUNDAMENTAL EN EL LLANTO INFANTIL\u201d. Revista Electr\u00f3nica Ciencia en su PC N\u00famero 2. pp. 50-60, CITMA. Santiago de Cuba.\u00a0ISSN: 1027-2887<\/p>\n<p><strong>F. Sanabria M; Dr. E. J. Mara\u00f1\u00f3n; M. Noriega; J. Santos (2007)<\/strong>\u00a0\u201cSELECCI\u00d3N DE CARACTER\u00cdSTICAS USANDO MATLAB\u201d. Conferencia Internacional FIE 2008, Cuba.\u00a0ISBN: 978-84-00-08680-0<\/p>\n<p><strong>D.I.Escobedo B; F.Sanabria M; S.D.Cano O; E.J.Mara\u00f1\u00f3n R. (2007)<\/strong>\u00a0\u201cANALIZADOR DE VOZ, LLANTO INFANTIL Y HABLA USANDO MATLAB\u201d. Conferencia Internacional FIE 2008, Cuba.\u00a0ISBN: 978-84-00-08680-0<\/p>\n<p><strong>M. Noriega; E. Mara\u00f1\u00f3n; A. Montoya; F. Sanabria; J. Santos (2007)<\/strong>\u00a0\u201cENTROP\u00cdA COMO M\u00c9TODO DE EXTRACCI\u00d3N DE CARACTER\u00cdSTICAS DE LA SE\u00d1AL EEG\u201d. Conferencia Internacional FIE 2008, Cuba.ISBN: 978-84-00-08680-0<\/p>\n","protected":false},"excerpt":{"rendered":"<p>D. I. Escobedo B., F. Sanabria M., E. J. Mara\u00f1\u00f3n R., S. Cano O., L. Zamora M., L. Reg\u00fceiferos P., L. Capdevila B (2013)\u00a0\u201cPRECLASIFICACI\u00d3N DE LLANTO INFANTIL Y PRUEBAS PRELIMINARES DE VALIDEZ\u201d. Inform\u00e1tica 2013. I Congreso Integracionista de las Ciencias &hellip; <a href=\"https:\/\/www.cent.uo.edu.cu\/cenpis\/generales\/colectivo\/dr-c-enrique-juan-maranon-reyes\/publicaciones-recientes-4\/\">Sigue leyendo <span class=\"meta-nav\">&rarr;<\/span><\/a><\/p>\n","protected":false},"author":10,"featured_media":0,"parent":23,"menu_order":0,"comment_status":"closed","ping_status":"closed","template":"","meta":{"ngg_post_thumbnail":0,"footnotes":""},"class_list":["post-103","page","type-page","status-publish","hentry"],"_links":{"self":[{"href":"https:\/\/www.cent.uo.edu.cu\/cenpis\/wp-json\/wp\/v2\/pages\/103","targetHints":{"allow":["GET"]}}],"collection":[{"href":"https:\/\/www.cent.uo.edu.cu\/cenpis\/wp-json\/wp\/v2\/pages"}],"about":[{"href":"https:\/\/www.cent.uo.edu.cu\/cenpis\/wp-json\/wp\/v2\/types\/page"}],"author":[{"embeddable":true,"href":"https:\/\/www.cent.uo.edu.cu\/cenpis\/wp-json\/wp\/v2\/users\/10"}],"replies":[{"embeddable":true,"href":"https:\/\/www.cent.uo.edu.cu\/cenpis\/wp-json\/wp\/v2\/comments?post=103"}],"version-history":[{"count":2,"href":"https:\/\/www.cent.uo.edu.cu\/cenpis\/wp-json\/wp\/v2\/pages\/103\/revisions"}],"predecessor-version":[{"id":277,"href":"https:\/\/www.cent.uo.edu.cu\/cenpis\/wp-json\/wp\/v2\/pages\/103\/revisions\/277"}],"up":[{"embeddable":true,"href":"https:\/\/www.cent.uo.edu.cu\/cenpis\/wp-json\/wp\/v2\/pages\/23"}],"wp:attachment":[{"href":"https:\/\/www.cent.uo.edu.cu\/cenpis\/wp-json\/wp\/v2\/media?parent=103"}],"curies":[{"name":"wp","href":"https:\/\/api.w.org\/{rel}","templated":true}]}}