{"id":135,"date":"2014-01-10T20:24:34","date_gmt":"2014-01-10T20:24:34","guid":{"rendered":"http:\/\/www.cent.uo.edu.cu\/cenpis\/?page_id=135"},"modified":"2017-01-27T15:36:37","modified_gmt":"2017-01-27T15:36:37","slug":"grupo-de-procesamiento-de-voz","status":"publish","type":"page","link":"https:\/\/www.cent.uo.edu.cu\/cenpis\/investigacion\/grupos-de-investigacion\/grupo-de-procesamiento-de-voz\/","title":{"rendered":"Grupo de Procesamiento de Voz"},"content":{"rendered":"<h4>L\u00ednea de Trabajo: Procesamiento de Voz<\/h4>\n<p>Este Grupo inici\u00f3 sus trabajos con el tema fundamental de An\u00e1lisis, S\u00edntesis y Reconocimiento de Voz, en el a\u00f1o 1987. Sus inspiradores principales fueron los doctores Enrique Mara\u00f1\u00f3n Reyes y Vitelio Ruiz Hern\u00e1ndez, los cuales con entusiasmo, dedicaci\u00f3n y el esfuerzo de un peque\u00f1o colectivo pudieron desarrollar una serie de trabajos en un tema donde se funden la Ingenier\u00eda y la Ling\u00fc\u00edstica con otras esferas del conocimiento.<\/p>\n<p>El grupo naci\u00f3 en la Facultad de Ingenier\u00eda El\u00e9ctrica del ISPJAM, hoy facultad de igual nombre, de la Universidad de Oriente (UO) sede \u201cJulio Antonio Mella\u201d, donde desarrolla su trabajo interdisciplinario junto a m\u00e9dicos y otros especialistas.<\/p>\n<p>Tambi\u00e9n cont\u00f3 con la colaboraci\u00f3n de ling\u00fcistas del actual Centro de Ling\u00fc\u00edstica Aplicada del Ministerio de Ciencia, Tecnolog\u00eda y Medio Ambiente (CITMA) en Santiago de Cuba.<\/p>\n<h2>Proyectos<\/h2>\n<p>\u201cIndicadores psicol\u00f3gicos y neurocognitivos para la evaluaci\u00f3n y caracterizaci\u00f3n neuropsicol\u00f3gica y neuroling\u00fc\u00edstica del paciente af\u00e1sico\u201d\u00a0<a title=\"Indicadores psicol\u00f3gicos y neurocognitivos para la evaluaci\u00f3n y caracterizaci\u00f3n neuropsicol\u00f3gica y neuroling\u00fc\u00edstica del paciente af\u00e1sico\" href=\"http:\/\/localhost\/wp\/investigacion\/proyectos\/indicadores-psicologicos-y-neurocognitivos-para-la-evaluacion-y-caracterizacion-neuropsicologica-y-neurolinguistica-del-paciente-afasico\/\"><em>Leer m\u00e1s\u2026<\/em><\/a><\/p>\n<p>\u201cValidaci\u00f3n de un preclasificador de llanto Infantil en reci\u00e9n nacidos normales y patol\u00f3gicos con hipoxia\u201d\u00a0<a title=\"Validaci\u00f3n de un preclasificador de llanto Infantil en reci\u00e9n nacidos normales y patol\u00f3gicos con hipoxia.\" href=\"http:\/\/localhost\/wp\/investigacion\/proyectos\/validacion-de-un-preclasificador-de-llanto-infantil-en-recien-nacidos-normales-y-patologicos-con-hipoxia\/\"><em>Leer m\u00e1s\u2026<\/em>\u00a0<\/a><\/p>\n<p>\u201cPerceptual evaluation of induced cries from normal and abnormal infants\u201d\u00a0<a title=\"Perceptual evaluation of induced cries from normal and abnormal infants\" href=\"http:\/\/localhost\/wp\/investigacion\/proyectos\/perceptual-evaluation-of-induced-cries-from-normal-and-abnormal-infants\/\"><em>Leer m\u00e1s\u2026<\/em>\u00a0<\/a><\/p>\n<h2>Jefe de Grupo<\/h2>\n<p><a title=\"Dr.C. Daniel I. Escobedo Beceiro\" href=\"http:\/\/www.cent.uo.edu.cu\/cenpis\/generales\/colectivo\/dr-c-daniel-i-escobedo-beceiro\/\">Dr.C. Daniel Isac Escobedo Beceiro<\/a><\/p>\n<h2>Integrantes<\/h2>\n<p><a title=\"Dr.C. Sergio D. Cano Ortiz\" href=\"http:\/\/www.cent.uo.edu.cu\/cenpis\/generales\/colectivo\/dr-c-sergio-d-cano-ortiz\/\">Dr.C. Sergio D. Cano Ortiz<\/a><\/p>\n<p><a title=\"Ing. Frank Sanabria Mac\u00ed\u00adas\" href=\"http:\/\/www.cent.uo.edu.cu\/cenpis\/generales\/colectivo\/ing-frank-sanabria-maci%c2%adas\/\">Ing. Frank Sanabria Mac\u00ed\u00adas<\/a><\/p>\n<p><a title=\"MSc. Onelia Carballo Reina\" href=\"http:\/\/www.cent.uo.edu.cu\/cenpis\/generales\/colectivo\/msc-onelia-carballo-reina\/\">MSc. Onelia Carballo Reina<\/a><\/p>\n<p><a title=\"MSc. Erislandy Omar Mart\u00ednez\" href=\"http:\/\/localhost\/wp\/generales\/colectivo\/erislandy\/\">MSc. Erislandy Omar Mart\u00ednez<\/a><\/p>\n","protected":false},"excerpt":{"rendered":"<p>L\u00ednea de Trabajo: Procesamiento de Voz Este Grupo inici\u00f3 sus trabajos con el tema fundamental de An\u00e1lisis, S\u00edntesis y Reconocimiento de Voz, en el a\u00f1o 1987. Sus inspiradores principales fueron los doctores Enrique Mara\u00f1\u00f3n Reyes y Vitelio Ruiz Hern\u00e1ndez, los &hellip; <a href=\"https:\/\/www.cent.uo.edu.cu\/cenpis\/investigacion\/grupos-de-investigacion\/grupo-de-procesamiento-de-voz\/\">Sigue leyendo <span class=\"meta-nav\">&rarr;<\/span><\/a><\/p>\n","protected":false},"author":10,"featured_media":0,"parent":385,"menu_order":0,"comment_status":"closed","ping_status":"closed","template":"","meta":{"ngg_post_thumbnail":0,"footnotes":""},"class_list":["post-135","page","type-page","status-publish","hentry"],"_links":{"self":[{"href":"https:\/\/www.cent.uo.edu.cu\/cenpis\/wp-json\/wp\/v2\/pages\/135","targetHints":{"allow":["GET"]}}],"collection":[{"href":"https:\/\/www.cent.uo.edu.cu\/cenpis\/wp-json\/wp\/v2\/pages"}],"about":[{"href":"https:\/\/www.cent.uo.edu.cu\/cenpis\/wp-json\/wp\/v2\/types\/page"}],"author":[{"embeddable":true,"href":"https:\/\/www.cent.uo.edu.cu\/cenpis\/wp-json\/wp\/v2\/users\/10"}],"replies":[{"embeddable":true,"href":"https:\/\/www.cent.uo.edu.cu\/cenpis\/wp-json\/wp\/v2\/comments?post=135"}],"version-history":[{"count":4,"href":"https:\/\/www.cent.uo.edu.cu\/cenpis\/wp-json\/wp\/v2\/pages\/135\/revisions"}],"predecessor-version":[{"id":459,"href":"https:\/\/www.cent.uo.edu.cu\/cenpis\/wp-json\/wp\/v2\/pages\/135\/revisions\/459"}],"up":[{"embeddable":true,"href":"https:\/\/www.cent.uo.edu.cu\/cenpis\/wp-json\/wp\/v2\/pages\/385"}],"wp:attachment":[{"href":"https:\/\/www.cent.uo.edu.cu\/cenpis\/wp-json\/wp\/v2\/media?parent=135"}],"curies":[{"name":"wp","href":"https:\/\/api.w.org\/{rel}","templated":true}]}}