{"id":14,"date":"2014-01-10T18:22:33","date_gmt":"2014-01-10T18:22:33","guid":{"rendered":"http:\/\/www.cent.uo.edu.cu\/cenpis\/?page_id=14"},"modified":"2017-10-23T14:52:18","modified_gmt":"2017-10-23T14:52:18","slug":"generales","status":"publish","type":"page","link":"https:\/\/www.cent.uo.edu.cu\/cenpis\/generales\/","title":{"rendered":"Rese\u00f1a Hist\u00f3rica | Misi\u00f3n"},"content":{"rendered":"<p><strong>Misi\u00f3n<\/strong><\/p>\n<p>El CENPIS tiene como misi\u00f3n el estudio y procesamiento de se\u00f1ales para el desarrollo de aplicaciones que se vinculen fundamentalmente a los problemas de la salud humana, su ambiente y calidad de vida, y para que el estudio y resultados de estas investigaciones conduzcan a la creaci\u00f3n de nuevos software, dispositivos y equipos m\u00e9dicos, o al desarrollo de los ya existentes. Tambi\u00e9n impartir y dirigir la educaci\u00f3n de postgrado sobre Ingenier\u00eda Biom\u00e9dica a nivel de cursos de superaci\u00f3n profesional, diplomados, especialidad de postgrado, maestr\u00eda y doctorados en el territorio oriental del pa\u00eds y desarrollar investigaciones sobre el tema.<\/p>\n<p><strong>Rese\u00f1a hist\u00f3rica<\/strong><\/p>\n<p>La Escuela de Ingenier\u00eda El\u00e9ctrica fue fundada en el a\u00f1o 1956 en la Universidad de Oriente. Desde momentos muy tempranos comenz\u00f3 el trabajo enfocado a investigaciones sobre el desarrollo de equipos y software m\u00e9dicos para contribuir al desarrollo de la salud p\u00fablica cubana. Ya en la segunda parte de la d\u00e9cada de los a\u00f1os 80, la ya Facultad de Ingenier\u00eda El\u00e9ctrica hab\u00eda comenzado un acercamiento al \u00e1rea de las aplicaciones m\u00e9dicas.<br \/>\nEn 1986 se crea el Grupo de Equipos M\u00e9dicos, el que junto a profesores de los departamentos docentes de Telecomunicaciones, Electr\u00f3nica y Control Autom\u00e1tico desarrollaron prototipos de un ri\u00f1\u00f3n artificial y un monitor de plasmaf\u00e9resis. De esos a\u00f1os tambi\u00e9n datan los intercambios del Grupo de Procesamiento de Voz, creado en 1987 e integrado por profesores de la Facultad de Ingenier\u00eda El\u00e9ctrica con ling\u00fcistas y m\u00e9dicos, los que dieron una muestra de trabajo interdisciplinario con vistas al desarrollo de investigaciones de este tipo dedicadas a la medicina.<br \/>\nM\u00e1s recientemente se crea el Grupo de Bioingenier\u00eda, devenido en sucesor del Grupo de Equipos M\u00e9dicos e integrado por profesores del departamento de Telecomunicaciones y del Centro de Estudios de Equipos e Inform\u00e1tica M\u00e9dica CORPUS, los cuales han obtenido resultados positivos en la adquisici\u00f3n y procesamiento de se\u00f1ales cardiovasculares con equipos y software de bajo costo.<br \/>\nLa creaci\u00f3n y el trabajo de estos grupos a lo largo de sus a\u00f1os de vida ha contado con el apoyo de las instituciones universitarias.<br \/>\nEn el a\u00f1o 2004 se crea el Centro de Estudios de Neurociencias y Procesamiento de Im\u00e1genes y Se\u00f1ales (CENPIS) que agrupa a profesores y especialistas de la Facultad de Ingenier\u00eda El\u00e9ctrica de la Universidad de Oriente.<\/p>\n","protected":false},"excerpt":{"rendered":"<p>Misi\u00f3n El CENPIS tiene como misi\u00f3n el estudio y procesamiento de se\u00f1ales para el desarrollo de aplicaciones que se vinculen fundamentalmente a los problemas de la salud humana, su ambiente y calidad de vida, y para que el estudio y &hellip; <a href=\"https:\/\/www.cent.uo.edu.cu\/cenpis\/generales\/\">Sigue leyendo <span class=\"meta-nav\">&rarr;<\/span><\/a><\/p>\n","protected":false},"author":10,"featured_media":0,"parent":0,"menu_order":1,"comment_status":"closed","ping_status":"closed","template":"","meta":{"ngg_post_thumbnail":0,"footnotes":""},"class_list":["post-14","page","type-page","status-publish","hentry"],"_links":{"self":[{"href":"https:\/\/www.cent.uo.edu.cu\/cenpis\/wp-json\/wp\/v2\/pages\/14","targetHints":{"allow":["GET"]}}],"collection":[{"href":"https:\/\/www.cent.uo.edu.cu\/cenpis\/wp-json\/wp\/v2\/pages"}],"about":[{"href":"https:\/\/www.cent.uo.edu.cu\/cenpis\/wp-json\/wp\/v2\/types\/page"}],"author":[{"embeddable":true,"href":"https:\/\/www.cent.uo.edu.cu\/cenpis\/wp-json\/wp\/v2\/users\/10"}],"replies":[{"embeddable":true,"href":"https:\/\/www.cent.uo.edu.cu\/cenpis\/wp-json\/wp\/v2\/comments?post=14"}],"version-history":[{"count":7,"href":"https:\/\/www.cent.uo.edu.cu\/cenpis\/wp-json\/wp\/v2\/pages\/14\/revisions"}],"predecessor-version":[{"id":397,"href":"https:\/\/www.cent.uo.edu.cu\/cenpis\/wp-json\/wp\/v2\/pages\/14\/revisions\/397"}],"wp:attachment":[{"href":"https:\/\/www.cent.uo.edu.cu\/cenpis\/wp-json\/wp\/v2\/media?parent=14"}],"curies":[{"name":"wp","href":"https:\/\/api.w.org\/{rel}","templated":true}]}}