{"id":158,"date":"2014-01-10T20:41:56","date_gmt":"2014-01-10T20:41:56","guid":{"rendered":"http:\/\/www.cent.uo.edu.cu\/cenpis\/?page_id=158"},"modified":"2017-10-23T14:46:32","modified_gmt":"2017-10-23T14:46:32","slug":"publicaciones","status":"publish","type":"page","link":"https:\/\/www.cent.uo.edu.cu\/cenpis\/investigacion\/publicaciones\/","title":{"rendered":"Publicaciones"},"content":{"rendered":"<p>(M\u00e1s importantes)<\/p>\n<p>Jo\u00e3o P.V. Madeiro, William B. Nicolson, Paulo C. Cortez, Jo\u00e3o A.L. Marques, Carlos R. V\u00e1zquez-Seisdedos, Narmadha Elangovan, G. Andre Ng, Fernando S. Schlindwein (2013).\u00a0New approach for T-wave peak detection and T-wave end location in 12-lead paced ECG signals based on a mathematical model.Med Eng Phys, Volume 35, Issue 8, August 2013, Pages\u00a01105\u20131115.\u00a0<a href=\"http:\/\/authors.elsevier.com\/sd\/article\/S1350453312003116\">http:\/\/authors.elsevier.com\/sd\/article\/S1350453312003116<\/a><\/p>\n<p>Erislandy Omar Mart\u00ednez, Aymara Reyes Saborit y V\u00edctor Manuel Pardo Maza (2013).\u00a0Test de emparejamiento sem\u00e1ntico de im\u00e1genes para la exploraci\u00f3n neuropsicol\u00f3gica en la afasia.\u00a0Neurolog\u00eda Argentina 2013; 5 (1). (Science Citation Index Expanded).\u00a0<a href=\"http:\/\/dx.doi.org\/10.1016\/j.neuarg.2012.10.006\">http:\/\/dx.doi.org\/10.1016\/j.neuarg.2012.10.006<\/a><\/p>\n<p>Jo\u00e3o P.V. Madeiro, Paulo C. Cortez, Jo\u00e3o A.L. Marques, Carlos R.V. Seisdedos, CarlosR.M.R. Sobrinho (2012).\u00a0An innovative approach of QRS segmentation based on first-derivative, Hilbert and Wavelet Transforms. Medical Engineering and Physics.<br \/>\n<a href=\"http:\/\/www.sciencedirect.com\/science\/article\/pii\/S1350453311003250\">http:\/\/www.sciencedirect.com\/science\/article\/pii\/S1350453311003250<\/a><br \/>\n<a href=\"http:\/\/dx.doi.org\/10.1016\/j.medengphy.2011.12.011\">http:\/\/dx.doi.org\/10.1016\/j.medengphy.2011.12.011<\/a><\/p>\n<p>Erislandy Omar Mart\u00ednez (2012). Factores asociados a alteraciones secundarias del Sistema de\u00a0Control Atencional en pacientes af\u00e1sicos.\u00a0 Neurolog\u00eda Argentina 2012; 4 (2): 59-66, (Science\u00a0Citation Index Expanded).\u00a0ISSN: 1853-0028.<\/p>\n<p>Carlos R. V\u00e1zquez Seisdedos; Jo\u00e3o E. Neto; Enrique J. Mara\u00f1\u00f3n R; Aldebaro Klautau;\u00a0Roberto C. Lim\u00e3o de Oliveira (2011).New approach for t-wave end detection on\u00a0electrocardiogram: performance in noisy conditions. BioMedical Engineering OnLine 2011, 10:77.\u00a0Doi:10.1186\/1475-925X-10-77.\u00a0ISSN 1475-925X.<b><b>\u00a0<\/b><\/b><a href=\"http:\/\/www.biomedical-engineeringonline.com\/qc\/content\/10\/1\/77\">http:\/\/www.biomedical-engineeringonline.com\/qc\/content\/10\/1\/77<\/a>. Bases de datos: ISI\/Thomson, Thomson Reuters\/ISI (Factor de\u00a0impacto: 1.12), Citebase, Google, Google Acholar, Index Copernicus, OAIster, PubMed, PubMed\u00a0Central, Scirus, SOCOLAR, Zetoc, MEDLINE.<\/p>\n<p>C. A. Reyes G; O. Reyes G; S. D. Cano O; D. I. Escobedo B; R. Zatarain; L. Barr\u00f3n E.\u00a0(2010).\u00a0Soft computing approaches to the problem of infant cry classification with diagnostic\u00a0purposes. Studies in Computational Intelligence. Book series. Vol. 312. pp. 3-18.\u00a0<b>ISSN:\u00a0<\/b>1860949X. ISBN: 978-364215110-1.\u00a0DOI: 10.1007\/978-3-642-15111-8_1.\u00a0<a href=\"http:\/\/www.scopus.com.scopeesprx.elsevier.com\/record\/display.url?eid=2-s2.0-\">http:\/\/www.scopus.com.scopeesprx.elsevier.com\/record\/display.url?eid=2-s2.0-<\/a><a href=\"http:\/\/www.scopus.com.scopeesprx.elsevier.com\/record\/display.url?eid=2-s2.0-\">77958582030&amp;origin=resultslist&amp;sort=plf-f&amp;src=<\/a>.\u00a0Bases de datos: Scopus, Elsevier.<\/p>\n<p>Orion Fausto Reyes-Galaviz, Sergio Daniel Cano-Ortiz, Carlos Alberto Reyes-Garc\u00eda(2009).<strong>\u00a0<\/strong>Validation of the Cry Unit As Primary Element for Cry Analysis Using an Evolutionary-NeuralApproach. Pg. 261-268., Eds. Alexander Gelbukh &amp; Michel Adiba, IEEE Computer Society. January\u00a02009.ISBN: 978-0-7695-3439-8 ISSN: 1550-4069.\u00a0(Special issue from Ninth Mexican\u00a0International Conference on Computer Science, ENC 2008., Universidad Aut\u00f3noma de Baja\u00a0California, Mexicali Baja California, M\u00e9xico. Proceedings). Bases: ISI WoS, IEEExplore, CSDigital\u00a0Library.<\/p>\n<p>Legr\u00e1, E. Mara\u00f1\u00f3n, H. P\u00e9rez, Lisandro De La Torre R. Quir\u00f3s, and A. Quintana (2008).Automatic Identification of Weapons From Images of the Cartridge Case. Recent Advances In\u00a0Systems, Communications &amp; Computers. Selected Papers from the WSEAS Conference in\u00a0Hangzhou, China (April 6-8, 2008), pag. 236-241.\u00a0ISBN 978-960-6766-61-9.<b><b>\u00a0<\/b><\/b>Indexada en Base\u00a0del ISI WoS<\/p>\n<p>F.E. Vald\u00e9s-P\u00e9rez, C.R. V\u00e1zquez-Seisdedos, G. Yared, J.L. Sansone and E.D. Moreno(2007).\u00a0Determinaci\u00f3n de la posici\u00f3n del sonido S1 por promediado de puntos en la energ\u00eda delfonocardiograma. CLAIB 2007, IFMBE Proceedings 18, pp. 145\u2013149, 2007. (indexada en\u00a0<a href=\"http:\/\/www.springerlink.com\/\">www.springerlink.com<\/a>\u00a0\u00a9 Springer-Verlag Berlin Heidelberg 2007).<\/p>\n<p>C.R. V\u00e1zquez-Seisdedos, F.E. Vald\u00e9s-P\u00e9rez, M. Gomes, G. Yared, G. Garc\u00eda del Pino, E. D.\u00a0Moreno (2007).\u00a0M\u00e9todo estad\u00edstico-geom\u00e9trico para medir la variabilidad de la frecuencia\u00a0card\u00edaca. CLAIB 2007, IFMBE Proceedings 18, pp. 140\u2013144, 2007. (indexada en\u00a0<a href=\"http:\/\/www.springerlink.com\/\">www.springerlink.com<\/a>\u00a0\u00a9 Springer-Verlag Berlin Heidelberg 2007).<\/p>\n<p>S. D. Cano O; I. Suaste; D. I. Escobedo B; C. A. Reyes-Garc\u00eda; T. Ekkel (2006)\u00a0A combined\u00a0classifier of cry units with new acoustic attributes. Lecture Notes in Computer Science. LNCS 4225.\u00a0Springer Verlag Berlin, pp 416-425.\u00a0ISSN 0302-9743<\/p>\n","protected":false},"excerpt":{"rendered":"<p>(M\u00e1s importantes) Jo\u00e3o P.V. Madeiro, William B. Nicolson, Paulo C. Cortez, Jo\u00e3o A.L. Marques, Carlos R. V\u00e1zquez-Seisdedos, Narmadha Elangovan, G. Andre Ng, Fernando S. Schlindwein (2013).\u00a0New approach for T-wave peak detection and T-wave end location in 12-lead paced ECG signals &hellip; <a href=\"https:\/\/www.cent.uo.edu.cu\/cenpis\/investigacion\/publicaciones\/\">Sigue leyendo <span class=\"meta-nav\">&rarr;<\/span><\/a><\/p>\n","protected":false},"author":10,"featured_media":0,"parent":127,"menu_order":2,"comment_status":"closed","ping_status":"closed","template":"","meta":{"ngg_post_thumbnail":0,"footnotes":""},"class_list":["post-158","page","type-page","status-publish","hentry"],"_links":{"self":[{"href":"https:\/\/www.cent.uo.edu.cu\/cenpis\/wp-json\/wp\/v2\/pages\/158","targetHints":{"allow":["GET"]}}],"collection":[{"href":"https:\/\/www.cent.uo.edu.cu\/cenpis\/wp-json\/wp\/v2\/pages"}],"about":[{"href":"https:\/\/www.cent.uo.edu.cu\/cenpis\/wp-json\/wp\/v2\/types\/page"}],"author":[{"embeddable":true,"href":"https:\/\/www.cent.uo.edu.cu\/cenpis\/wp-json\/wp\/v2\/users\/10"}],"replies":[{"embeddable":true,"href":"https:\/\/www.cent.uo.edu.cu\/cenpis\/wp-json\/wp\/v2\/comments?post=158"}],"version-history":[{"count":11,"href":"https:\/\/www.cent.uo.edu.cu\/cenpis\/wp-json\/wp\/v2\/pages\/158\/revisions"}],"predecessor-version":[{"id":618,"href":"https:\/\/www.cent.uo.edu.cu\/cenpis\/wp-json\/wp\/v2\/pages\/158\/revisions\/618"}],"up":[{"embeddable":true,"href":"https:\/\/www.cent.uo.edu.cu\/cenpis\/wp-json\/wp\/v2\/pages\/127"}],"wp:attachment":[{"href":"https:\/\/www.cent.uo.edu.cu\/cenpis\/wp-json\/wp\/v2\/media?parent=158"}],"curies":[{"name":"wp","href":"https:\/\/api.w.org\/{rel}","templated":true}]}}