{"id":23,"date":"2014-01-10T19:36:22","date_gmt":"2014-01-10T19:36:22","guid":{"rendered":"http:\/\/www.cent.uo.edu.cu\/cenpis\/?page_id=23"},"modified":"2017-03-08T20:01:23","modified_gmt":"2017-03-08T20:01:23","slug":"dr-c-enrique-juan-maranon-reyes","status":"publish","type":"page","link":"https:\/\/www.cent.uo.edu.cu\/cenpis\/generales\/colectivo\/dr-c-enrique-juan-maranon-reyes\/","title":{"rendered":"DrC. Enrique Juan Mara\u00f1\u00f3n Reyes"},"content":{"rendered":"<h4>Profesor Titular<\/h4>\n<p><strong>Labor que desempe\u00f1a: <\/strong>Profesor, Miembro del Grupo de Direcci\u00f3n.<\/p>\n<p><strong>Grado(s) Cient\u00edficos(s):<\/strong><\/p>\n<ul>\n<li>Ingeniero Electricista. Esp de Telecomunicaciones, Universidad de la Habana, 1963<\/li>\n<li>Doctor en Ciencias T\u00e9cnicas, Universidad T\u00e9cnica de Praga, 1984<\/li>\n<\/ul>\n<p><strong>Intereses Cient\u00edficos:<\/strong><\/p>\n<p>Procesamiento de voz para aplicaciones m\u00e9dicas. Reconocimiento de patrones en im\u00e1genes, contornos activos (snakes) para el reconocimiento de forma. Procesamiento de EEG. Desarrollo de indicadores cuantitativos. Desarrollo de un monitor de profundidad anest\u00e9sica. Participaci\u00f3n en desarrollo de Monitor de EEG para salas de terapia intensiva.<br \/>\nEn estos trabajos ha participado en dos proyectos de programas nacionales de ciencia y t\u00e9cnica y en 3 proyectos de ciencia y conciencia.<\/p>\n<p><strong>Cursos que habitualmente imparte:<\/strong><\/p>\n<ul>\n<li>Pregrado:<br \/>\nTeor\u00eda de Circuitos El\u00e9ctricos, S\u00edntesis de Redes, An\u00e1lisis y S\u00edntesis de Redes, Procesamiento Digital de Se\u00f1ales.<\/li>\n<li>Postgrado:<br \/>\nProcesamiento Digital de Se\u00f1ales y Biose\u00f1ales.<br \/>\nProcesamiento de Im\u00e1genes.<br \/>\nTeor\u00eda de Se\u00f1ales y Sistemas.<\/li>\n<\/ul>\n<p>M\u00e1s informaci\u00f3n en:<em> <a href=\"http:\/\/investigadores.uo.edu.cu\/index.php\/2016\/09\/22\/enrique-juan-maranon-reyes-2\/\">\u00abQui\u00e9n es Qui\u00e9n en las Ciencias en la UO\u00bb<\/a><\/em><\/p>\n","protected":false},"excerpt":{"rendered":"<p>Profesor Titular Labor que desempe\u00f1a: Profesor, Miembro del Grupo de Direcci\u00f3n. Grado(s) Cient\u00edficos(s): Ingeniero Electricista. Esp de Telecomunicaciones, Universidad de la Habana, 1963 Doctor en Ciencias T\u00e9cnicas, Universidad T\u00e9cnica de Praga, 1984 Intereses Cient\u00edficos: Procesamiento de voz para aplicaciones m\u00e9dicas. &hellip; <a href=\"https:\/\/www.cent.uo.edu.cu\/cenpis\/generales\/colectivo\/dr-c-enrique-juan-maranon-reyes\/\">Sigue leyendo <span class=\"meta-nav\">&rarr;<\/span><\/a><\/p>\n","protected":false},"author":10,"featured_media":0,"parent":20,"menu_order":0,"comment_status":"closed","ping_status":"closed","template":"","meta":{"ngg_post_thumbnail":0,"footnotes":""},"class_list":["post-23","page","type-page","status-publish","hentry"],"_links":{"self":[{"href":"https:\/\/www.cent.uo.edu.cu\/cenpis\/wp-json\/wp\/v2\/pages\/23","targetHints":{"allow":["GET"]}}],"collection":[{"href":"https:\/\/www.cent.uo.edu.cu\/cenpis\/wp-json\/wp\/v2\/pages"}],"about":[{"href":"https:\/\/www.cent.uo.edu.cu\/cenpis\/wp-json\/wp\/v2\/types\/page"}],"author":[{"embeddable":true,"href":"https:\/\/www.cent.uo.edu.cu\/cenpis\/wp-json\/wp\/v2\/users\/10"}],"replies":[{"embeddable":true,"href":"https:\/\/www.cent.uo.edu.cu\/cenpis\/wp-json\/wp\/v2\/comments?post=23"}],"version-history":[{"count":10,"href":"https:\/\/www.cent.uo.edu.cu\/cenpis\/wp-json\/wp\/v2\/pages\/23\/revisions"}],"predecessor-version":[{"id":613,"href":"https:\/\/www.cent.uo.edu.cu\/cenpis\/wp-json\/wp\/v2\/pages\/23\/revisions\/613"}],"up":[{"embeddable":true,"href":"https:\/\/www.cent.uo.edu.cu\/cenpis\/wp-json\/wp\/v2\/pages\/20"}],"wp:attachment":[{"href":"https:\/\/www.cent.uo.edu.cu\/cenpis\/wp-json\/wp\/v2\/media?parent=23"}],"curies":[{"name":"wp","href":"https:\/\/api.w.org\/{rel}","templated":true}]}}