{"id":287,"date":"2014-01-14T21:38:58","date_gmt":"2014-01-14T21:38:58","guid":{"rendered":"http:\/\/www.cent.uo.edu.cu\/cenpis\/?page_id=287"},"modified":"2014-01-14T21:38:58","modified_gmt":"2014-01-14T21:38:58","slug":"publicaciones-recientes-5","status":"publish","type":"page","link":"https:\/\/www.cent.uo.edu.cu\/cenpis\/generales\/colectivo\/dr-c-fernando-e-valdes-perez\/publicaciones-recientes-5\/","title":{"rendered":"Publicaciones recientes"},"content":{"rendered":"<p><strong>Beatriz Rodr\u00edguez-Alvarez, Jos\u00e9 R. Ledea-Vargas, Fernando E. Vald\u00e9s-P\u00e9rez, Renato Pe\u00f1a-Cabrera and Jos\u00e9 R. Malleuve-Palancar.<\/strong>\u00a0METHOD TO CORRECT ARTIFACTS IN MULTILEAD ECG USING SIGNAL ENTROPY. Progress in Pattern Recognition, Image Analysis, Computer Vision, and Applications. 18th Iberoamerican Congress, CIARP 2013 Havana, Cuba, November 20-23, 2013. Proceedings, Part I. LNCS vol. 8258. pp. 512\u2013518. ISSN: 0302-9743; e-ISSN: 1611-3349 ISBN: 978-3-642-41826-6; e-ISBN: 978-3-642-41827-3 DOI: 10.1007\/978-3-642-41827-3 Springer Heidelberg NewYork Dordrecht London<\/p>\n<p><strong>R. Mora Arias, R. D. L\u00f3pez Noa, F. E. Vald\u00e9s P\u00e9rez.<\/strong>\u00a0SISTEMA DE TELECONTROL Y\u00a0AJUSTE DE LA MODULACI\u00d3N PARA LA RADIODIFUSI\u00d3N EN AM. I Congreso Integracionista de las Ciencias y las Tecnolog\u00edas Inform\u00e1ticas. XV Convenci\u00f3n y Feria Internacional Inform\u00e1tica 2013. La Habana, marzo de 2013. ISBN: 978-959-7213-02-4<\/p>\n<p><strong>Fernando E. Vald\u00e9s P\u00e9rez, Manuel Romero Paz, Luis C\u00f3rdova Rivadeneira, y Edwin Palacios Mel\u00e9ndez (2012)<\/strong>\u00a0\u201cPROGRAMACI\u00d3N CON LABWINDOWS CVI PARA INSTRUMENTACI\u00d3N VIRTUAL\u201d. Dreams Magnet Publishing, New York, USA.\u00a0ISBN-10: 0988673223, ISBN-13: 978-0988673229<\/p>\n<p><strong>C.R. V\u00e1zquez-Seisdedos, Y. Fadraga-Acosta y F.E. Vald\u00e9s-P\u00e9rez (2011)<\/strong>\u00a0\u201cDELINEACI\u00d3N DE MOVIMIENTOS OCULARES SAC\u00c1DICOS: DESEMPE\u00d1O EN PRESENCIA DE RUIDO\u201d. V Congreso Latinoamericano de Ingenier\u00eda Biom\u00e9dica CLAIB 2011, La Habana, Cuba.\u00a0ISBN 978-3-642-21197-3<\/p>\n<p><strong>F.E. Vald\u00e9s-P\u00e9rez, A. Serrano-Romero y C.R. V\u00e1zquez-Seisdedos (2011)<\/strong>\u00a0\u201cM\u00c9TODO DE LA PLANTILLA GAUSSIANA PARA EXTRAER PAR\u00c1METROS DEL PRIMER SONIDO CARD\u00cdACO: EVALUACI\u00d3N DE SU EXACTITUD Y ROBUSTEZ AL RUIDO\u201d. V Congreso Latinoamericano de Ingenier\u00eda Biom\u00e9dica CLAIB 2011, La Habana, Cuba.\u00a0ISBN 978-3-642-21197-3<\/p>\n<p><strong>Fernando E. Valdes-Perez and Ramon Pallas-Areny (2009)<\/strong>\u00a0\u201cMICROCONTROLLERS: FUNDAMENTALS AND APPLICATIONS WITH PIC\u201d. CRC Press, Boca Raton, USA.\u00a0ISBN: 9781420077674, ISBN 10: 1420077678<\/p>\n<p><strong>F.E. Vald\u00e9s-P\u00e9rez, C.R. V\u00e1quez-Seisdedos, G. Yared, J.L. Sansone and E.D. Moreno (2006)<\/strong>\u201cDETERMINACI\u00d3N DE LA POSICI\u00d3N DEL SONIDO S1 POR PROMEDIADO DE PUNTOS EN LA ENERG\u00c3\u00adA DEL FONOCARDIOGRAMA\u201d. CLAIB 2007, IFMBE Proceedings 18, pp. 145-149<\/p>\n","protected":false},"excerpt":{"rendered":"<p>Beatriz Rodr\u00edguez-Alvarez, Jos\u00e9 R. Ledea-Vargas, Fernando E. Vald\u00e9s-P\u00e9rez, Renato Pe\u00f1a-Cabrera and Jos\u00e9 R. Malleuve-Palancar.\u00a0METHOD TO CORRECT ARTIFACTS IN MULTILEAD ECG USING SIGNAL ENTROPY. Progress in Pattern Recognition, Image Analysis, Computer Vision, and Applications. 18th Iberoamerican Congress, CIARP 2013 Havana, Cuba, &hellip; <a href=\"https:\/\/www.cent.uo.edu.cu\/cenpis\/generales\/colectivo\/dr-c-fernando-e-valdes-perez\/publicaciones-recientes-5\/\">Sigue leyendo <span class=\"meta-nav\">&rarr;<\/span><\/a><\/p>\n","protected":false},"author":10,"featured_media":0,"parent":33,"menu_order":0,"comment_status":"open","ping_status":"open","template":"","meta":{"ngg_post_thumbnail":0,"footnotes":""},"class_list":["post-287","page","type-page","status-publish","hentry"],"_links":{"self":[{"href":"https:\/\/www.cent.uo.edu.cu\/cenpis\/wp-json\/wp\/v2\/pages\/287","targetHints":{"allow":["GET"]}}],"collection":[{"href":"https:\/\/www.cent.uo.edu.cu\/cenpis\/wp-json\/wp\/v2\/pages"}],"about":[{"href":"https:\/\/www.cent.uo.edu.cu\/cenpis\/wp-json\/wp\/v2\/types\/page"}],"author":[{"embeddable":true,"href":"https:\/\/www.cent.uo.edu.cu\/cenpis\/wp-json\/wp\/v2\/users\/10"}],"replies":[{"embeddable":true,"href":"https:\/\/www.cent.uo.edu.cu\/cenpis\/wp-json\/wp\/v2\/comments?post=287"}],"version-history":[{"count":1,"href":"https:\/\/www.cent.uo.edu.cu\/cenpis\/wp-json\/wp\/v2\/pages\/287\/revisions"}],"predecessor-version":[{"id":288,"href":"https:\/\/www.cent.uo.edu.cu\/cenpis\/wp-json\/wp\/v2\/pages\/287\/revisions\/288"}],"up":[{"embeddable":true,"href":"https:\/\/www.cent.uo.edu.cu\/cenpis\/wp-json\/wp\/v2\/pages\/33"}],"wp:attachment":[{"href":"https:\/\/www.cent.uo.edu.cu\/cenpis\/wp-json\/wp\/v2\/media?parent=287"}],"curies":[{"name":"wp","href":"https:\/\/api.w.org\/{rel}","templated":true}]}}