{"id":303,"date":"2014-01-14T21:47:22","date_gmt":"2014-01-14T21:47:22","guid":{"rendered":"http:\/\/www.cent.uo.edu.cu\/cenpis\/?page_id=303"},"modified":"2014-01-14T21:47:43","modified_gmt":"2014-01-14T21:47:43","slug":"publicaciones-recientes-10","status":"publish","type":"page","link":"https:\/\/www.cent.uo.edu.cu\/cenpis\/generales\/colectivo\/msc-erislandy-omar-martinez\/publicaciones-recientes-10\/","title":{"rendered":"Publicaciones recientes"},"content":{"rendered":"<p><strong>Erislandy Omar Mart\u00ednez, Aymara Reyes Saborit y V\u00edctor Manuel Pardo Maza.<\/strong>\u00a0TEST DEEMPAREJAMIENTO SEM\u00c1NTICO DE IM\u00c1GENES PARA LA EXPLORACI\u00d3N NEUROPSICOL\u00d3GICA EN LA AFASIA. Neurolog\u00eda Argentina 2013; 5 (1).\u00a0(Science Citation\u00a0Index Expanded).<a href=\"http:\/\/dx.doi.org\/10.1016\/j.neuarg.2012.10.006\">http:\/\/dx.doi.org\/10.1016\/j.neuarg.2012.10.006<\/a>\u00a0ISSN: 1853-0028<\/p>\n<p><strong>Erislandy Omar Mart\u00ednez y V\u00edctor Manuel Pardo Maza.<\/strong>\u00a0LAS NEUROCIENCIAS EN LA\u00a0FORMACI\u00d3N PROFESIONAL DEL PSIC\u00d3LOGO. UN AN\u00c1LISIS A PARTIR DE SU PRESENCIA EN LAS MAYAS CURRICULARES DE PSICOLOG\u00cdA EN UNIVERSIDADES LATINOAMERICANAS. En: CD-ROM del Congreso de la ALFEPSI. P\u00e1g. 146-152. Ciudad Panam\u00e1, Octubre de 2012. ISBN: 978-9962-634-04-1<\/p>\n<p><strong>Erislandy Omar Mart\u00ednez, V\u00edctor Manuel Pardo Maza, y Vladimir Alejandro Ant\u00fanez Laffita.<\/strong>EVOLUCI\u00d3N HIST\u00d3RICA DEL CONCEPTO AFASIA: APUNTES SOBRE SU\u00a0ABORDAJE TE\u00d3RICO EN NEUROPSICOLOG\u00cdA. En: Actualizaciones en Comunicaci\u00f3n Social, Volumen I. P\u00e1g. 423-427. Ediciones Centro de Ling\u00fc\u00edstica Aplicada, Santiago de Cuba, 2013. ISBN: 978-959-7174-22-6<\/p>\n","protected":false},"excerpt":{"rendered":"<p>Erislandy Omar Mart\u00ednez, Aymara Reyes Saborit y V\u00edctor Manuel Pardo Maza.\u00a0TEST DEEMPAREJAMIENTO SEM\u00c1NTICO DE IM\u00c1GENES PARA LA EXPLORACI\u00d3N NEUROPSICOL\u00d3GICA EN LA AFASIA. Neurolog\u00eda Argentina 2013; 5 (1).\u00a0(Science Citation\u00a0Index Expanded).http:\/\/dx.doi.org\/10.1016\/j.neuarg.2012.10.006\u00a0ISSN: 1853-0028 Erislandy Omar Mart\u00ednez y V\u00edctor Manuel Pardo Maza.\u00a0LAS NEUROCIENCIAS EN &hellip; <a href=\"https:\/\/www.cent.uo.edu.cu\/cenpis\/generales\/colectivo\/msc-erislandy-omar-martinez\/publicaciones-recientes-10\/\">Sigue leyendo <span class=\"meta-nav\">&rarr;<\/span><\/a><\/p>\n","protected":false},"author":10,"featured_media":0,"parent":43,"menu_order":0,"comment_status":"open","ping_status":"open","template":"","meta":{"ngg_post_thumbnail":0,"footnotes":""},"class_list":["post-303","page","type-page","status-publish","hentry"],"_links":{"self":[{"href":"https:\/\/www.cent.uo.edu.cu\/cenpis\/wp-json\/wp\/v2\/pages\/303","targetHints":{"allow":["GET"]}}],"collection":[{"href":"https:\/\/www.cent.uo.edu.cu\/cenpis\/wp-json\/wp\/v2\/pages"}],"about":[{"href":"https:\/\/www.cent.uo.edu.cu\/cenpis\/wp-json\/wp\/v2\/types\/page"}],"author":[{"embeddable":true,"href":"https:\/\/www.cent.uo.edu.cu\/cenpis\/wp-json\/wp\/v2\/users\/10"}],"replies":[{"embeddable":true,"href":"https:\/\/www.cent.uo.edu.cu\/cenpis\/wp-json\/wp\/v2\/comments?post=303"}],"version-history":[{"count":1,"href":"https:\/\/www.cent.uo.edu.cu\/cenpis\/wp-json\/wp\/v2\/pages\/303\/revisions"}],"predecessor-version":[{"id":304,"href":"https:\/\/www.cent.uo.edu.cu\/cenpis\/wp-json\/wp\/v2\/pages\/303\/revisions\/304"}],"up":[{"embeddable":true,"href":"https:\/\/www.cent.uo.edu.cu\/cenpis\/wp-json\/wp\/v2\/pages\/43"}],"wp:attachment":[{"href":"https:\/\/www.cent.uo.edu.cu\/cenpis\/wp-json\/wp\/v2\/media?parent=303"}],"curies":[{"name":"wp","href":"https:\/\/api.w.org\/{rel}","templated":true}]}}