{"id":347,"date":"2014-01-20T18:58:46","date_gmt":"2014-01-20T18:58:46","guid":{"rendered":"http:\/\/www.cent.uo.edu.cu\/cenpis\/?page_id=347"},"modified":"2014-01-20T18:58:46","modified_gmt":"2014-01-20T18:58:46","slug":"validacion-de-un-preclasificador-de-llanto-infantil-en-recien-nacidos-normales-y-patologicos-con-hipoxia","status":"publish","type":"page","link":"https:\/\/www.cent.uo.edu.cu\/cenpis\/investigacion\/proyectos\/validacion-de-un-preclasificador-de-llanto-infantil-en-recien-nacidos-normales-y-patologicos-con-hipoxia\/","title":{"rendered":"Validaci\u00f3n de un preclasificador de llanto Infantil en reci\u00e9n nacidos normales y patol\u00f3gicos con hipoxia."},"content":{"rendered":"<ul>\n<li>Proyecto Universitario<\/li>\n<\/ul>\n<p><strong>Jefe de Proyecto<\/strong><\/p>\n<ul>\n<li><a title=\"Dr.C. Daniel Isac Escobedo Beceiro\" href=\"http:\/\/localhost\/wp\/generales\/colectivo\/escobedo\/\">Dr.C. Daniel Isac Escobedo Beceiro<\/a><\/li>\n<\/ul>\n<p><strong>Otros datos\u2026<\/strong><\/p>\n<ul>\n<li>Fecha de inicio: 2012<\/li>\n<li>Fecha de culminaci\u00f3n: 2013<\/li>\n<\/ul>\n","protected":false},"excerpt":{"rendered":"<p>Proyecto Universitario Jefe de Proyecto Dr.C. Daniel Isac Escobedo Beceiro Otros datos\u2026 Fecha de inicio: 2012 Fecha de culminaci\u00f3n: 2013<\/p>\n","protected":false},"author":10,"featured_media":0,"parent":143,"menu_order":0,"comment_status":"open","ping_status":"open","template":"","meta":{"ngg_post_thumbnail":0,"footnotes":""},"class_list":["post-347","page","type-page","status-publish","hentry"],"_links":{"self":[{"href":"https:\/\/www.cent.uo.edu.cu\/cenpis\/wp-json\/wp\/v2\/pages\/347","targetHints":{"allow":["GET"]}}],"collection":[{"href":"https:\/\/www.cent.uo.edu.cu\/cenpis\/wp-json\/wp\/v2\/pages"}],"about":[{"href":"https:\/\/www.cent.uo.edu.cu\/cenpis\/wp-json\/wp\/v2\/types\/page"}],"author":[{"embeddable":true,"href":"https:\/\/www.cent.uo.edu.cu\/cenpis\/wp-json\/wp\/v2\/users\/10"}],"replies":[{"embeddable":true,"href":"https:\/\/www.cent.uo.edu.cu\/cenpis\/wp-json\/wp\/v2\/comments?post=347"}],"version-history":[{"count":1,"href":"https:\/\/www.cent.uo.edu.cu\/cenpis\/wp-json\/wp\/v2\/pages\/347\/revisions"}],"predecessor-version":[{"id":348,"href":"https:\/\/www.cent.uo.edu.cu\/cenpis\/wp-json\/wp\/v2\/pages\/347\/revisions\/348"}],"up":[{"embeddable":true,"href":"https:\/\/www.cent.uo.edu.cu\/cenpis\/wp-json\/wp\/v2\/pages\/143"}],"wp:attachment":[{"href":"https:\/\/www.cent.uo.edu.cu\/cenpis\/wp-json\/wp\/v2\/media?parent=347"}],"curies":[{"name":"wp","href":"https:\/\/api.w.org\/{rel}","templated":true}]}}