{"id":462,"date":"2015-01-16T14:35:57","date_gmt":"2015-01-16T14:35:57","guid":{"rendered":"http:\/\/www.cent.uo.edu.cu\/cenpis\/?page_id=462"},"modified":"2017-10-23T14:36:19","modified_gmt":"2017-10-23T14:36:19","slug":"cenpis-diez-anos-de-una-senal-de-ciencia-y-vida","status":"publish","type":"page","link":"https:\/\/www.cent.uo.edu.cu\/cenpis\/galeria-de-imagenes\/cenpis-diez-anos-de-una-senal-de-ciencia-y-vida\/","title":{"rendered":"CENPIS, diez a\u00f1os de una se\u00f1al de ciencia y vida"},"content":{"rendered":"<p><a href=\"http:\/\/www.cent.uo.edu.cu\/cenpis\/files\/2015\/01\/7C7A0595.jpg\"><img loading=\"lazy\" decoding=\"async\" class=\"size-medium wp-image-464 alignleft\" alt=\"7C7A0595\" src=\"http:\/\/www.cent.uo.edu.cu\/cenpis\/files\/2015\/01\/7C7A0595-300x200.jpg\" width=\"300\" height=\"200\" srcset=\"https:\/\/www.cent.uo.edu.cu\/cenpis\/files\/2015\/01\/7C7A0595-300x200.jpg 300w, https:\/\/www.cent.uo.edu.cu\/cenpis\/files\/2015\/01\/7C7A0595-449x300.jpg 449w, https:\/\/www.cent.uo.edu.cu\/cenpis\/files\/2015\/01\/7C7A0595.jpg 1024w\" sizes=\"auto, (max-width: 300px) 100vw, 300px\" \/><\/a><\/p>\n<p>En acto celebrado en el Sal\u00f3n Azul de la Universidad de Oriente (UO) se congratul\u00f3 la primera d\u00e9cada de existencia del Centro de Estudios de Neurociencias, Procesamiento de Im\u00e1genes y Se\u00f1ales (CENPIS), que desde su fundaci\u00f3n en 2004 ha generado significativos aportes en el \u00e1mbito universitario y al sistema de salud cubano.<\/p>\n<p>A trav\u00e9s de un material audiovisual se rememor\u00f3 algunos de los hitos en la investigaci\u00f3n y el desarrollo de software en las principales \u00e1reas de inter\u00e9s del centro, pre\u00e1mbulo necesario para la intervenci\u00f3n de su director, el Dr.C. Enrique Juan Mara\u00f1\u00f3n Reyes, sobre las razones que dieron origen al CENPIS.<\/p>\n<p>Al decir del doctor Mara\u00f1\u00f3n, el centro fue una aspiraci\u00f3n de profesores y estudiantes de la de la Facultad de Ingenier\u00eda El\u00e9ctrica (FIE), un movimiento de investigadores que se anticiparon en el af\u00e1n de avanzar en el campo de la ingenier\u00eda biom\u00e9dica en Cuba.<\/p>\n<p>Resalt\u00f3 que la UO ya contaba con una base cient\u00edfica que sosten\u00eda esos prop\u00f3sitos, al articularse la creaci\u00f3n del CENPIS con la labor previa del Centro Nacional de Electromagnetismo Aplicado (CNEA) y el Centro de Biof\u00edsica M\u00e9dica. Asimismo, se\u00f1al\u00f3 como desaf\u00edos la consolidaci\u00f3n de productos dise\u00f1ados y la formaci\u00f3n doctoral de j\u00f3venes investigadores.<\/p>\n<p>En la ocasi\u00f3n, se entregaron reconocimientos a fundadores y trabajadores j\u00f3venes del CENPIS, as\u00ed como a los doctores Julio Garc\u00eda Garay e Hip\u00f3lito Carvajal Fals. Especial gratificaci\u00f3n recibieron tres colaboradores por su v\u00ednculo ininterrumpido con el centro. Son ellos, los doctores: Arqu\u00edmedes Montoya Padr\u00f3n, jefe del Departamento del Neurofisiolog\u00eda Cl\u00ednica del Hospital Cl\u00ednico-Quir\u00fargico \u201cDr. Juan Bruno Zayas\u201d; Leonardo Capdevila Bravo, especialista en Neonatolog\u00eda de la mencionada instituci\u00f3n m\u00e9dica, y Jos\u00e9 Malleuve Palancar, jefe del servicio de Cardiolog\u00eda del Hospital Provincial \u201cSaturnino Lora\u201d.<\/p>\n<p>La Dra.C. Diana Sedal Yanes, vicerrectora primera del alma mater oriental, en las palabras conclusivas del acto, expres\u00f3 que lo alcanzado durante estos dos lustros por el CENPIS ha demostrado la validez de la idea inicial y, asegur\u00f3 que, en el futuro, los resultados superar\u00e1n lo ya logrado.<\/p>\n<p>De igual modo exhort\u00f3 a sus trabajadores a abrir nuevos campos de relaciones con centros de investigaci\u00f3n fuera de la Universidad; elogi\u00f3 la labor del doctor Enrique Mara\u00f1\u00f3n, por su dedicaci\u00f3n a la UO tanto en el \u00e1rea administrativa como en la de investigaci\u00f3n, e invit\u00f3 a no dejar de apostar por los j\u00f3venes, un empe\u00f1o que caracteriza el devenir del centro.<\/p>\n<p><b>Tras una huella<\/b><\/p>\n<p>El CENPIS fue creado por la resoluci\u00f3n ministerial no. 136\/2004 del 7 de julio de 2004, con la misi\u00f3n de estudiar y procesar se\u00f1ales para el desarrollo de aplicaciones que se vinculen a los problemas de la salud humana, su ambiente y calidad de vida, para que sus resultados conduzcan a la creaci\u00f3n de nuevos software, dispositivos y equipos m\u00e9dicos. Se cre\u00f3 a partir de distintos grupos de investigaci\u00f3n pertenecientes a la Facultad de Ingenier\u00eda El\u00e9ctrica que, desde la d\u00e9cada de 1980, se hab\u00edan dirigido hacia el \u00e1rea de las aplicaciones m\u00e9dicas, con resultados importantes.<\/p>\n<p>Desde sus inicios, el centro potenci\u00f3 su vinculaci\u00f3n con el Polo Cient\u00edfico de Oeste de la Capital y otros organismos. Su trabajo se adscribe al Sistema de Organizaci\u00f3n de la Ciencia en nuestro pa\u00eds, coordinado desde el Ministerio de Ciencia Tecnolog\u00eda y Medio Ambiente (CITMA), y es coherente con la pol\u00edtica cient\u00edfica de un centro de estudios del Ministerio de Educaci\u00f3n Superior (MES), por lo cual desarrolla la atenci\u00f3n al pregrado de diversas carreras de la Universidad en especialidades afines a sus tem\u00e1ticas (fundamentalmente, de la Facultad de Ingenier\u00eda El\u00e9ctrica).<\/p>\n<p>El CENPIS cuenta con cinco grupos cient\u00edficos, que trabajan en diferentes l\u00edneas investigativas, como son: Neurotecnolog\u00eda, Procesamiento de Voz, Instrumentaci\u00f3n y Procesamiento de Se\u00f1ales Cardiovasculares, Sistemas de Visi\u00f3n y Producci\u00f3n de Software. Esta \u00faltima permite la terminaci\u00f3n de software y prototipos.<em><\/em><\/p>\n<p>En el CENPIS tambi\u00e9n se imparten y dirigen diplomados, maestr\u00edas y doctorados dentro del territorio oriental del pa\u00eds, para desarrollar investigaciones sobre la Ingenier\u00eda Biom\u00e9dica y as\u00ed llevar a cabo la superaci\u00f3n de sus profesores de manera arm\u00f3nica.<\/p>\n<p>La labor cient\u00edfica del centro est\u00e1 organizada por Proyectos de Investigaci\u00f3n y Desarrollo (I+D). Actualmente, el centro tiene en ejecuci\u00f3n varios proyectos universitarios, un proyecto nacional de ciencia y t\u00e9cnica y cuatro proyectos internacionales; de ellos, 3 vinculados\u00a0proyecto\u00a0de cooperaci\u00f3n institucional que se lleva a cabo entre el Consejo Interuniversitario Flamenco (VLIR) y la Universidad de Oriente; y uno con la Universidad de Alcal\u00e1, en Espa\u00f1a.<\/p>\n<p>El pr\u00f3ximo a\u00f1o, se incorporar\u00e1n dos proyectos no asociados a Programa, ya aprobados. La totalidad de proyectos del CENPIS cubre todas las l\u00edneas de investigaci\u00f3n declaradas y, en ellos, est\u00e1n involucrados todos los miembros del centro. Hay que destacar que cada proyecto internacional tiene asociado un proyecto nacional y, en algunos casos, el proyecto nacional proviene de un proyecto universitario.<\/p>\n<p>El CENPIS tiene relaciones de trabajo con varios centros e instituciones externas a la Universidad de Oriente, por lo cual soporta sus investigaciones m\u00e9dicas a trav\u00e9s de la colaboraci\u00f3n con el Hospital General Juan Bruno Zayas, el Hospital Provincial Saturnino Lora y hospitales materno \u2013 infantil de la ciudad de Santiago de Cuba. Otras de las entidades con las que el centro tiene relaciones de trabajo es el Centro de Investigaciones Tecnol\u00f3gicas Integradas (CITI) en el Instituto Superior Polit\u00e9cnico Jos\u00e9 Antonio Echavarr\u00eda (ISPJAE), el Centro de Neurociencias de Cuba (CNEURO) y el Instituto Central de Investigaciones Digitales (ICID).<\/p>\n<p>En el \u00e1mbito internacional, tiene relaciones con la Universidad Cat\u00f3lica de Leuven y la Universidad Libre de Bruselas ambas universidades en B\u00e9lgica, con la Universidad Polit\u00e9cnica Territorial de Aragua \u201cFederico Brito\u201d en Venezuela, la Universidad de Alcal\u00e1 de Henares en Espa\u00f1a y la Escuela Superior Polit\u00e9cnica de Chimborazo en Ecuador.<a href=\"http:\/\/www.cent.uo.edu.cu\/cenpis\/files\/2015\/01\/cenpis.jpg\"><img loading=\"lazy\" decoding=\"async\" class=\"alignnone size-full wp-image-466\" alt=\"cenpis\" src=\"http:\/\/www.cent.uo.edu.cu\/cenpis\/files\/2015\/01\/cenpis.jpg\" width=\"299\" height=\"149\" \/><\/a><a href=\"http:\/\/www.cent.uo.edu.cu\/cenpis\/files\/2015\/01\/7C7A0633.jpg\"><img loading=\"lazy\" decoding=\"async\" class=\"alignnone size-medium wp-image-465\" alt=\"7C7A0633\" src=\"http:\/\/www.cent.uo.edu.cu\/cenpis\/files\/2015\/01\/7C7A0633-300x200.jpg\" width=\"300\" height=\"200\" srcset=\"https:\/\/www.cent.uo.edu.cu\/cenpis\/files\/2015\/01\/7C7A0633-300x200.jpg 300w, https:\/\/www.cent.uo.edu.cu\/cenpis\/files\/2015\/01\/7C7A0633-449x300.jpg 449w, https:\/\/www.cent.uo.edu.cu\/cenpis\/files\/2015\/01\/7C7A0633.jpg 1024w\" sizes=\"auto, (max-width: 300px) 100vw, 300px\" \/><\/a><\/p>\n<p>&nbsp;<\/p>\n","protected":false},"excerpt":{"rendered":"<p>En acto celebrado en el Sal\u00f3n Azul de la Universidad de Oriente (UO) se congratul\u00f3 la primera d\u00e9cada de existencia del Centro de Estudios de Neurociencias, Procesamiento de Im\u00e1genes y Se\u00f1ales (CENPIS), que desde su fundaci\u00f3n en 2004 ha generado &hellip; <a href=\"https:\/\/www.cent.uo.edu.cu\/cenpis\/galeria-de-imagenes\/cenpis-diez-anos-de-una-senal-de-ciencia-y-vida\/\">Sigue leyendo <span class=\"meta-nav\">&rarr;<\/span><\/a><\/p>\n","protected":false},"author":10,"featured_media":0,"parent":179,"menu_order":0,"comment_status":"closed","ping_status":"closed","template":"","meta":{"ngg_post_thumbnail":0,"footnotes":""},"class_list":["post-462","page","type-page","status-publish","hentry"],"_links":{"self":[{"href":"https:\/\/www.cent.uo.edu.cu\/cenpis\/wp-json\/wp\/v2\/pages\/462","targetHints":{"allow":["GET"]}}],"collection":[{"href":"https:\/\/www.cent.uo.edu.cu\/cenpis\/wp-json\/wp\/v2\/pages"}],"about":[{"href":"https:\/\/www.cent.uo.edu.cu\/cenpis\/wp-json\/wp\/v2\/types\/page"}],"author":[{"embeddable":true,"href":"https:\/\/www.cent.uo.edu.cu\/cenpis\/wp-json\/wp\/v2\/users\/10"}],"replies":[{"embeddable":true,"href":"https:\/\/www.cent.uo.edu.cu\/cenpis\/wp-json\/wp\/v2\/comments?post=462"}],"version-history":[{"count":5,"href":"https:\/\/www.cent.uo.edu.cu\/cenpis\/wp-json\/wp\/v2\/pages\/462\/revisions"}],"predecessor-version":[{"id":637,"href":"https:\/\/www.cent.uo.edu.cu\/cenpis\/wp-json\/wp\/v2\/pages\/462\/revisions\/637"}],"up":[{"embeddable":true,"href":"https:\/\/www.cent.uo.edu.cu\/cenpis\/wp-json\/wp\/v2\/pages\/179"}],"wp:attachment":[{"href":"https:\/\/www.cent.uo.edu.cu\/cenpis\/wp-json\/wp\/v2\/media?parent=462"}],"curies":[{"name":"wp","href":"https:\/\/api.w.org\/{rel}","templated":true}]}}