{"id":53,"date":"2014-01-10T19:47:58","date_gmt":"2014-01-10T19:47:58","guid":{"rendered":"http:\/\/www.cent.uo.edu.cu\/cenpis\/?page_id=53"},"modified":"2017-10-23T14:41:27","modified_gmt":"2017-10-23T14:41:27","slug":"consejo-de-direccion","status":"publish","type":"page","link":"https:\/\/www.cent.uo.edu.cu\/cenpis\/generales\/consejo-de-direccion\/","title":{"rendered":"Grupo de Direcci\u00f3n"},"content":{"rendered":"<h4>Director General<\/h4>\n<p><a title=\"Ing. Frank Sanabria Mac\u00ed\u00adas\" href=\"http:\/\/www.cent.uo.edu.cu\/cenpis\/generales\/colectivo\/ing-frank-sanabria-maci%c2%adas\/\">Ing. Lic.\u00a0 Frank Sanabria Mac\u00edas<\/a><\/p>\n<h4>Dem\u00e1s miembros<\/h4>\n<p><a title=\"Dr.C. Enrique Juan Mara\u00f1\u00f3n Reyes\" href=\"http:\/\/www.cent.uo.edu.cu\/cenpis\/generales\/colectivo\/dr-c-enrique-juan-maranon-reyes\/\">DrC. Enrique J. Mara\u00f1\u00f3n Reyes<\/a><\/p>\n<p><a title=\"Dr.C. Daniel I. Escobedo Beceiro\" href=\"http:\/\/www.cent.uo.edu.cu\/cenpis\/generales\/colectivo\/dr-c-daniel-i-escobedo-beceiro\/\">DrC. Daniel I. Escobedo Beceiro<\/a><\/p>\n<p><a title=\"Dr.C. Carlos R. V\u00e1zquez Seisdedos\" href=\"http:\/\/www.cent.uo.edu.cu\/cenpis\/generales\/colectivo\/dr-c-carlos-r-vazquez-seisdedos\/\">DrC. Carlos R. V\u00e1zquez Seisdedos<\/a><\/p>\n<p><a title=\"Ing. Felipe Rodr\u00edguez Arias\" href=\"http:\/\/www.cent.uo.edu.cu\/cenpis\/generales\/colectivo\/ing-felipe-rodriguez-arias\/\">MSc. Felipe Rodr\u00edguez Arias<\/a><\/p>\n","protected":false},"excerpt":{"rendered":"<p>Director General Ing. Lic.\u00a0 Frank Sanabria Mac\u00edas Dem\u00e1s miembros DrC. Enrique J. Mara\u00f1\u00f3n Reyes DrC. Daniel I. Escobedo Beceiro DrC. Carlos R. V\u00e1zquez Seisdedos MSc. Felipe Rodr\u00edguez Arias<\/p>\n","protected":false},"author":10,"featured_media":0,"parent":14,"menu_order":0,"comment_status":"closed","ping_status":"closed","template":"","meta":{"ngg_post_thumbnail":0,"footnotes":""},"class_list":["post-53","page","type-page","status-publish","hentry"],"_links":{"self":[{"href":"https:\/\/www.cent.uo.edu.cu\/cenpis\/wp-json\/wp\/v2\/pages\/53","targetHints":{"allow":["GET"]}}],"collection":[{"href":"https:\/\/www.cent.uo.edu.cu\/cenpis\/wp-json\/wp\/v2\/pages"}],"about":[{"href":"https:\/\/www.cent.uo.edu.cu\/cenpis\/wp-json\/wp\/v2\/types\/page"}],"author":[{"embeddable":true,"href":"https:\/\/www.cent.uo.edu.cu\/cenpis\/wp-json\/wp\/v2\/users\/10"}],"replies":[{"embeddable":true,"href":"https:\/\/www.cent.uo.edu.cu\/cenpis\/wp-json\/wp\/v2\/comments?post=53"}],"version-history":[{"count":9,"href":"https:\/\/www.cent.uo.edu.cu\/cenpis\/wp-json\/wp\/v2\/pages\/53\/revisions"}],"predecessor-version":[{"id":559,"href":"https:\/\/www.cent.uo.edu.cu\/cenpis\/wp-json\/wp\/v2\/pages\/53\/revisions\/559"}],"up":[{"embeddable":true,"href":"https:\/\/www.cent.uo.edu.cu\/cenpis\/wp-json\/wp\/v2\/pages\/14"}],"wp:attachment":[{"href":"https:\/\/www.cent.uo.edu.cu\/cenpis\/wp-json\/wp\/v2\/media?parent=53"}],"curies":[{"name":"wp","href":"https:\/\/api.w.org\/{rel}","templated":true}]}}