{"id":104,"date":"2013-01-21T17:09:34","date_gmt":"2013-01-21T22:09:34","guid":{"rendered":"http:\/\/www.cent.uo.edu.cu\/cnea\/?page_id=104"},"modified":"2019-09-02T16:32:47","modified_gmt":"2019-09-02T20:32:47","slug":"quienes-somos","status":"publish","type":"page","link":"https:\/\/www.cent.uo.edu.cu\/cnea\/quienes-somos\/","title":{"rendered":"\u00bfQui\u00e9nes somos?"},"content":{"rendered":"<div id=\"attachment_1384\" style=\"width: 363px\" class=\"wp-caption alignright\"><a href=\"http:\/\/www.cent.uo.edu.cu\/cnea\/files\/2013\/01\/vista-actual-del-CNEA.jpg\"><img loading=\"lazy\" decoding=\"async\" aria-describedby=\"caption-attachment-1384\" class=\" wp-image-1384\" src=\"http:\/\/www.cent.uo.edu.cu\/cnea\/files\/2013\/01\/vista-actual-del-CNEA-300x169.jpg\" alt=\"Vista exterior del Centro Nacional de Electromagnetismo Aplicado\" width=\"353\" height=\"199\" srcset=\"https:\/\/www.cent.uo.edu.cu\/cnea\/files\/2013\/01\/vista-actual-del-CNEA-300x169.jpg 300w, https:\/\/www.cent.uo.edu.cu\/cnea\/files\/2013\/01\/vista-actual-del-CNEA.jpg 733w\" sizes=\"auto, (max-width: 353px) 100vw, 353px\" \/><\/a><p id=\"caption-attachment-1384\" class=\"wp-caption-text\">Vista exterior del CNEA<\/p><\/div>\n<p style=\"text-align: justify\">El <strong>Centro Nacional de Electromagnetismo Aplicado (CNEA)<\/strong> se funda el 16 de Enero de 1992 como una instituci\u00f3n de alcance nacional que pertenece, conjuntamente con otros grupos y centros de investigaci\u00f3n de la provincia, al polo cient\u00edfico-productivo de Santiago de Cuba. Inicialmente, se crea como un centro de estudio de la Universidad de Oriente, reconoci\u00e9ndose como <strong>Centro de Magnetismo<\/strong> mediante la resoluci\u00f3n 140\/1997, firmada por el Dr.C. Fernando Vecino Alegre, Ministro de Educaci\u00f3n Superior (MES), la cual formaliza los centros de estudios que hasta ese momento exist\u00edan en el MES.<\/p>\n<p style=\"text-align: justify\">M\u00e1s tarde, mediante la resoluci\u00f3n 171\/2002, de fecha 29 de marzo del 2002, el Rector de la Universidad de Oriente, reformula el nombre del centro, quedando el que se conoce actualmente. Ya en el a\u00f1o 2009, mediante la resoluci\u00f3n 80\/09, el CNEA es reconocido como unidad presupuestada subordinada al Ministerio de Educaci\u00f3n Superior y atendida en su funcionamiento por la Universidad de Oriente<\/p>\n<p style=\"text-align: justify\">A partir del a\u00f1o 2005 el CNEA fue inscrito en el Registro Nacional de Entidades de Ciencia e Innovaci\u00f3n Tecnol\u00f3gica (ECIT), como un Centro de Investigaci\u00f3n, lo que legalmente reconoce la labor cient\u00edfica, tecnol\u00f3gica e innovadora desarrollada en la instituci\u00f3n.<\/p>\n<p style=\"text-align: justify\">Merecedor durante m\u00e1s de 15 a\u00f1os consecutivos de la condici\u00f3n de Colectivo Vanguardia Nacional, sus trabajadores se enfrentan a diario al reto de mantener la imagen creada desde aquellos primeros tiempos en los cuales el amplio universo de ideas y resultados apenas ten\u00eda cabida entre las \u201ccuatro paredes\u201d de una peque\u00f1a construcci\u00f3n perteneciente a una de las sedes de la Universidad de Oriente, en Santiago de Cuba.<\/p>\n<p style=\"text-align: justify\">Hoy, con una infraestructura m\u00e1s favorable, el colectivo de investigadores, docentes, t\u00e9cnicos, obreros y personal administrativo y de servicios, laboran con la proyecci\u00f3n de ser referencia nacional e internacional en las investigaciones y aplicaciones del electromagnetismo.<\/p>\n<p style=\"text-align: justify\"><strong>MISI\u00d3N<\/strong><\/p>\n<p style=\"text-align: justify\">Investigar, innovar, desarrollar y producir y comercializar tecnolog\u00edas aplicando el electromagnetismo para lograr impactos en la industria, en la agricultura, la salud y el medio ambiente.<\/p>\n<p style=\"text-align: justify\"><strong>VISI\u00d3N<\/strong><\/p>\n<p style=\"text-align: justify\">Somos centro de referencia nacional e internacional en las investigaciones y aplicaciones del electromagnetismo<\/p>\n<p style=\"text-align: justify\"><strong>ESTRUCTURA<\/strong><\/p>\n<p style=\"text-align: justify\">El CNEA tiene una estructura conformada por tres direcciones que atienden los procesos fundamentales: <strong>Ciencia e Innovaci\u00f3n<\/strong>; <strong>Desarrollo Tecnol\u00f3gico<\/strong> y <strong>Transferencia de Resultados de la Investigaci\u00f3n<\/strong>; as\u00ed como dos direcciones de apoyo.&nbsp; La gesti\u00f3n por procesos y la estructura transversal garantizan el cumplimiento de los objetivos estrat\u00e9gicos y la misi\u00f3n institucional (Figura 1).<\/p>\n<ul>\n<li><strong><a href=\"http:\/\/www.cent.uo.edu.cu\/cnea\/quienes-somos\/direccion-general\/\">Direcci\u00f3n general:<\/a><\/strong><br \/>\n<span style=\"text-decoration: underline\">Directora:<\/span> Dra. Melek Campos Sofia<br \/>\n<span style=\"text-decoration: underline\">Email:<\/span> <a href=\"mailto:melek@uo.edu.cu\">melek@uo.edu.cu<\/a><\/li>\n<\/ul>\n<ul>\n<li style=\"list-style-type: none\">\n<ul>\n<li>\n<div id=\"attachment_3263\" style=\"width: 310px\" class=\"wp-caption alignright\"><a href=\"http:\/\/www.cent.uo.edu.cu\/cnea\/files\/2013\/01\/Organigrama.jpg\"><img loading=\"lazy\" decoding=\"async\" aria-describedby=\"caption-attachment-3263\" class=\"size-medium wp-image-3263\" src=\"http:\/\/www.cent.uo.edu.cu\/cnea\/files\/2013\/01\/Organigrama-300x295.jpg\" alt=\"Organigrama del CNEA\" width=\"300\" height=\"295\" srcset=\"https:\/\/www.cent.uo.edu.cu\/cnea\/files\/2013\/01\/Organigrama-300x295.jpg 300w, https:\/\/www.cent.uo.edu.cu\/cnea\/files\/2013\/01\/Organigrama.jpg 379w\" sizes=\"auto, (max-width: 300px) 100vw, 300px\" \/><\/a><p id=\"caption-attachment-3263\" class=\"wp-caption-text\">&nbsp;&nbsp;&nbsp;&nbsp;&nbsp;&nbsp;&nbsp;&nbsp;&nbsp;&nbsp;&nbsp;&nbsp;&nbsp;&nbsp;&nbsp;&nbsp; Organigrama del CNEA<\/p><\/div>\n<p><strong><a href=\"http:\/\/www.cent.uo.edu.cu\/cnea\/quienes-somos\/direccion-general\/\">Consejo de Direcci\u00f3n<\/a><\/strong><\/li>\n<li><strong><a href=\"http:\/\/www.cent.uo.edu.cu\/cnea\/quienes-somos\/direccion-general\/\">Consejo Cient\u00edfico<\/a><\/strong><\/li>\n<\/ul>\n<\/li>\n<\/ul>\n<ul>\n<li><strong><a href=\"http:\/\/www.cent.uo.edu.cu\/cnea\/direccion-de-investigacion\/\">Subdirecci\u00f3n General<\/a>:<\/strong><br \/>\n<u>Directora:<\/u> Dra.C. M\u00f3nica Berenguer Hungaro<br \/>\n<u>Email:<\/u> <u><a href=\"mailto:elizabetha@uo.edu.cu\">monicab@uo.edu.cu<\/a><\/u><\/li>\n<\/ul>\n<p>&nbsp;<\/p>\n<ul>\n<li><strong><a href=\"http:\/\/www.cent.uo.edu.cu\/cnea\/direccion-de-investigacion\/\">Direcci\u00f3n de Ciencia e Innovaci\u00f3n<\/a>:<\/strong><br \/>\n<u>Directora:<\/u> Dra.C. Elizabeth Isaac Aleman<br \/>\n<u>Email:<\/u> <u><a href=\"mailto:elizabetha@uo.edu.cu\">elizabetha@uo.edu.cu<\/a><\/u><\/li>\n<\/ul>\n<ul>\n<li><strong><a href=\"http:\/\/www.cent.uo.edu.cu\/cnea\/produccion\/\">Direcci\u00f3n de Desarrollo Tecnol\u00f3gico<\/a>:<br \/>\n<\/strong><u>Director:<\/u> MsC. Antonio Garc\u00eda Leyva<strong><br \/>\n<\/strong><u>Email:<\/u> <u><a href=\"mailto:tony@uo.edu.cu\">tony@uo.edu.cu<\/a><\/u><\/li>\n<\/ul>\n<ul>\n<li><strong><a href=\"http:\/\/www.cent.uo.edu.cu\/cnea\/direccion-de-transferencia\/\">Direcci\u00f3n de Transferencia de Resultados<\/a>:<\/strong><br \/>\n<u>Directora:<\/u>&nbsp;MSc. Rebeca Conde Garc\u00eda<br \/>\n<u>Email:<\/u> <u><a href=\"mailto:rebeca@uo.edu.cu\">rebeca@uo.edu.cu<\/a><\/u><\/li>\n<\/ul>\n<ul>\n<li><strong><a href=\"http:\/\/www.cent.uo.edu.cu\/cnea\/quienes-somos\/colectivo-de-economia\/\">Especialista Econ\u00f3mica Principal<\/a>:<\/strong><br \/>\n<u>Especialista:<\/u> Lic. Lyxy Rafaela Rivera Rodr\u00edguez<br \/>\n<u>Email<\/u>: <span style=\"text-decoration: underline\"><a href=\"mailto:lyxy@uo.edu.cu\">lyxy@uo.edu.cu<\/a><\/span><\/li>\n<li><strong><a href=\"http:\/\/www.cent.uo.edu.cu\/cnea\/quienes-somos\/colectivo-de-economia\/\">Direcci\u00f3n de Econom\u00eda<\/a>:<\/strong><br \/>\n<u>Director:<\/u> Lic. \u00c1ngel Luis P\u00e9rez Arias<br \/>\n<u>Email<\/u>: <a href=\"mailto:lyxy@uo.edu.cu\">angel.pereza@uo.edu.cu<\/a><\/li>\n<\/ul>\n<ul>\n<li><strong><a href=\"http:\/\/www.cent.uo.edu.cu\/cnea\/direccion-administrativa\/\">Direcci\u00f3n Administrativa<\/a>:<\/strong><br \/>\n<u>Director:<\/u> Ing. Dagoberto Ferrer Albear<br \/>\n<u>Email:<\/u> <u><a href=\"mailto:dagoberto@uo.edu.cu\">dagoberto@uo.edu.cu<\/a><\/u><\/li>\n<\/ul>\n<p>&nbsp;<\/p>\n","protected":false},"excerpt":{"rendered":"<p>El Centro Nacional de Electromagnetismo Aplicado (CNEA) se funda el 16 de Enero de 1992 como una instituci\u00f3n de alcance nacional que pertenece, conjuntamente con [&#8230;]<\/p>\n","protected":false},"author":4,"featured_media":0,"parent":0,"menu_order":0,"comment_status":"closed","ping_status":"closed","template":"","meta":{"ngg_post_thumbnail":0,"footnotes":""},"class_list":["post-104","page","type-page","status-publish","hentry"],"_links":{"self":[{"href":"https:\/\/www.cent.uo.edu.cu\/cnea\/wp-json\/wp\/v2\/pages\/104","targetHints":{"allow":["GET"]}}],"collection":[{"href":"https:\/\/www.cent.uo.edu.cu\/cnea\/wp-json\/wp\/v2\/pages"}],"about":[{"href":"https:\/\/www.cent.uo.edu.cu\/cnea\/wp-json\/wp\/v2\/types\/page"}],"author":[{"embeddable":true,"href":"https:\/\/www.cent.uo.edu.cu\/cnea\/wp-json\/wp\/v2\/users\/4"}],"replies":[{"embeddable":true,"href":"https:\/\/www.cent.uo.edu.cu\/cnea\/wp-json\/wp\/v2\/comments?post=104"}],"version-history":[{"count":58,"href":"https:\/\/www.cent.uo.edu.cu\/cnea\/wp-json\/wp\/v2\/pages\/104\/revisions"}],"predecessor-version":[{"id":4514,"href":"https:\/\/www.cent.uo.edu.cu\/cnea\/wp-json\/wp\/v2\/pages\/104\/revisions\/4514"}],"wp:attachment":[{"href":"https:\/\/www.cent.uo.edu.cu\/cnea\/wp-json\/wp\/v2\/media?parent=104"}],"curies":[{"name":"wp","href":"https:\/\/api.w.org\/{rel}","templated":true}]}}