{"id":11,"date":"2013-01-21T16:30:49","date_gmt":"2013-01-21T21:30:49","guid":{"rendered":"http:\/\/www.cent.uo.edu.cu\/cnea\/?page_id=11"},"modified":"2017-12-20T15:48:31","modified_gmt":"2017-12-20T20:48:31","slug":"direccion-de-investigacion","status":"publish","type":"page","link":"https:\/\/www.cent.uo.edu.cu\/cnea\/direccion-de-investigacion\/","title":{"rendered":"Direcci\u00f3n de Ciencia e Innovaci\u00f3n"},"content":{"rendered":"<p><strong>MISI\u00d3N<\/strong><\/p>\n<p style=\"text-align: justify\">Gestionar los procesos de ciencia e innovaci\u00f3n, en correspondencia con la estrategia nacional de Ciencia, Tecnolog\u00eda e Innovaci\u00f3n, para contribuir de manera efectiva y sostenible al cumplimiento de la misi\u00f3n institucional e impactar en el desarrollo social.<\/p>\n<p><strong><a href=\"http:\/\/www.cent.uo.edu.cu\/cnea\/files\/2013\/01\/Elizabet.jpg\"><img loading=\"lazy\" decoding=\"async\" class=\"alignleft  wp-image-2176\" src=\"http:\/\/www.cent.uo.edu.cu\/cnea\/files\/2013\/01\/Elizabet-300x225.jpg\" alt=\"Elizabet\" width=\"192\" height=\"144\" srcset=\"https:\/\/www.cent.uo.edu.cu\/cnea\/files\/2013\/01\/Elizabet-300x225.jpg 300w, https:\/\/www.cent.uo.edu.cu\/cnea\/files\/2013\/01\/Elizabet.jpg 313w\" sizes=\"auto, (max-width: 192px) 100vw, 192px\" \/><\/a> <\/strong><\/p>\n<p style=\"line-height: 30%\">\u00a0<strong>Directora:<\/strong> Dra. C. Elizabeth Isaac Aleman<\/p>\n<p style=\"line-height: 30%\"><strong>E-mail:<\/strong> <a href=\"mailto:elizabetha@uo.edu.cu\">elizabetha@uo.edu.cu<\/a><\/p>\n<p style=\"line-height: 30%\"><strong>Curriculum vitae:<\/strong> (no disponible)<\/p>\n<p>&nbsp;<\/p>\n<p><strong>L\u00cdNEAS DE INVESTIGACI\u00d3N<\/strong><\/p>\n<ol>\n<li><em><strong>Investigaci\u00f3n, aplicaci\u00f3n y desarrollo de los Campos Electromagn\u00e9ticos (CEM) para terapia y diagn\u00f3stico <\/strong><\/em><\/li>\n<\/ol>\n<p>Coordinador: Dr.C H\u00e9ctor Camu\u00e9 Ciria<\/p>\n<p>E-mail: <a href=\"mailto:camue@cnea.uo.edu.cu\">camue@uo.edu.cu<\/a><\/p>\n<ol start=\"2\">\n<li><strong><em>Investigaci\u00f3n, aplicaci\u00f3n y desarrollo de los CEM para la Biotecnolog\u00eda y la Agropecuaria<\/em><\/strong><\/li>\n<\/ol>\n<p>Coordinador: Dra.C. Elizabeth Isaac Aleman<\/p>\n<p>E-mail: <a href=\"mailto:elizabeth@cnea.uo.edu.cu\">elizabeth@uo.edu.cu<\/a><\/p>\n<ol start=\"3\">\n<li><strong><em>Investigaci\u00f3n, aplicaci\u00f3n y desarrollo de los CEM para los sistemas ingenieros<\/em><\/strong><\/li>\n<\/ol>\n<p>Coordinador: Dr.C Guillermo Ribeaux Kindel\u00e1n<\/p>\n<p>E-mail: <a href=\"mailto:ribeaux@cnea.uo.edu.cu\">ribeaux@uo.edu.cu<\/a><\/p>\n<p>&nbsp;<\/p>\n<p><a href=\"http:\/\/www.cent.uo.edu.cu\/cnea\/files\/2013\/01\/INVESTIGACIONES.jpg\"><img loading=\"lazy\" decoding=\"async\" class=\"aligncenter  wp-image-1281\" src=\"http:\/\/www.cent.uo.edu.cu\/cnea\/files\/2013\/01\/INVESTIGACIONES-1024x422.jpg\" alt=\"INVESTIGACIONES\" width=\"480\" height=\"198\" srcset=\"https:\/\/www.cent.uo.edu.cu\/cnea\/files\/2013\/01\/INVESTIGACIONES-1024x422.jpg 1024w, https:\/\/www.cent.uo.edu.cu\/cnea\/files\/2013\/01\/INVESTIGACIONES-300x123.jpg 300w, https:\/\/www.cent.uo.edu.cu\/cnea\/files\/2013\/01\/INVESTIGACIONES.jpg 1307w\" sizes=\"auto, (max-width: 480px) 100vw, 480px\" \/><\/a><\/p>\n<p><strong>COMPOSICI\u00d3N DEL POTENCIAL CIENT\u00cdFICO<\/strong><\/p>\n<p style=\"text-align: justify\">Para el desarrollo de la investigaci\u00f3n\/producci\u00f3n\/transferencia el CNEA cuenta con Doctores en Ciencias (<strong>5<\/strong>), M\u00e1steres en Ciencias (<strong>12<\/strong>); y especialistas que se forman en ambas categor\u00edas cient\u00edficas (Dr.C. en formaci\u00f3n: <strong>11<\/strong>; MSc. en formaci\u00f3n: <strong>2<\/strong>).<\/p>\n<p>&nbsp;<\/p>\n","protected":false},"excerpt":{"rendered":"<p>MISI\u00d3N Gestionar los procesos de ciencia e innovaci\u00f3n, en correspondencia con la estrategia nacional de Ciencia, Tecnolog\u00eda e Innovaci\u00f3n, para contribuir de manera efectiva y [&#8230;]<\/p>\n","protected":false},"author":4,"featured_media":0,"parent":0,"menu_order":0,"comment_status":"closed","ping_status":"closed","template":"","meta":{"ngg_post_thumbnail":0,"footnotes":""},"class_list":["post-11","page","type-page","status-publish","hentry"],"_links":{"self":[{"href":"https:\/\/www.cent.uo.edu.cu\/cnea\/wp-json\/wp\/v2\/pages\/11","targetHints":{"allow":["GET"]}}],"collection":[{"href":"https:\/\/www.cent.uo.edu.cu\/cnea\/wp-json\/wp\/v2\/pages"}],"about":[{"href":"https:\/\/www.cent.uo.edu.cu\/cnea\/wp-json\/wp\/v2\/types\/page"}],"author":[{"embeddable":true,"href":"https:\/\/www.cent.uo.edu.cu\/cnea\/wp-json\/wp\/v2\/users\/4"}],"replies":[{"embeddable":true,"href":"https:\/\/www.cent.uo.edu.cu\/cnea\/wp-json\/wp\/v2\/comments?post=11"}],"version-history":[{"count":38,"href":"https:\/\/www.cent.uo.edu.cu\/cnea\/wp-json\/wp\/v2\/pages\/11\/revisions"}],"predecessor-version":[{"id":3524,"href":"https:\/\/www.cent.uo.edu.cu\/cnea\/wp-json\/wp\/v2\/pages\/11\/revisions\/3524"}],"wp:attachment":[{"href":"https:\/\/www.cent.uo.edu.cu\/cnea\/wp-json\/wp\/v2\/media?parent=11"}],"curies":[{"name":"wp","href":"https:\/\/api.w.org\/{rel}","templated":true}]}}