{"id":113,"date":"2013-01-21T17:21:45","date_gmt":"2013-01-21T22:21:45","guid":{"rendered":"http:\/\/www.cent.uo.edu.cu\/cnea\/?page_id=113"},"modified":"2016-07-27T15:23:52","modified_gmt":"2016-07-27T19:23:52","slug":"contacto","status":"publish","type":"page","link":"https:\/\/www.cent.uo.edu.cu\/cnea\/contacto\/","title":{"rendered":"Contacto"},"content":{"rendered":"<p style=\"text-align: justify\">Para alguna duda, opini\u00f3n o sugerencia, puede contactarnos a trav\u00e9s de:<\/p>\n<p style=\"text-align: justify\"><strong>Centro Nacional de Electromagnetismo Aplicado (CNEA)<\/strong>.<br \/>\n<strong>Universidad del Oriente.<\/strong><br \/>\n<strong>Direcci\u00f3n:<\/strong> Ave Las Am\u00e9ricas s\/n esquina Calle I, Reparto Ampliaci\u00f3n de Terrazas, GP\/ 4078. CP 90400. Santiago de Cuba.<br \/>\n<strong>Tel:<\/strong> (53) (22) 643721, 646378, 646380,\u00a0\u00a0646376<br \/>\n<strong>E-mail:<\/strong>\u00a0<a href=\"mailto:dcnea@cnea.uo.edu.cu\">dcnea@cnea.uo.edu.cu<\/a> y <a href=\"mailto:comunicacion-cnea@eventos.uo.edu.cu\">comunicacion-cnea@eventos.uo.edu.cu<\/a><\/p>\n<p>O a rellenando el formulario siguiente<\/p>\n<p>[contact-form-7 id=\u00bb112&#8243; title=\u00bbFormulario de contacto 1&#8243;]<\/p>\n<p>Gracias por su mensaje<\/p>\n","protected":false},"excerpt":{"rendered":"<p>Para alguna duda, opini\u00f3n o sugerencia, puede contactarnos a trav\u00e9s de: Centro Nacional de Electromagnetismo Aplicado (CNEA). Universidad del Oriente. Direcci\u00f3n: Ave Las Am\u00e9ricas s\/n [&#8230;]<\/p>\n","protected":false},"author":4,"featured_media":0,"parent":0,"menu_order":0,"comment_status":"closed","ping_status":"closed","template":"","meta":{"ngg_post_thumbnail":0,"footnotes":""},"class_list":["post-113","page","type-page","status-publish","hentry"],"_links":{"self":[{"href":"https:\/\/www.cent.uo.edu.cu\/cnea\/wp-json\/wp\/v2\/pages\/113","targetHints":{"allow":["GET"]}}],"collection":[{"href":"https:\/\/www.cent.uo.edu.cu\/cnea\/wp-json\/wp\/v2\/pages"}],"about":[{"href":"https:\/\/www.cent.uo.edu.cu\/cnea\/wp-json\/wp\/v2\/types\/page"}],"author":[{"embeddable":true,"href":"https:\/\/www.cent.uo.edu.cu\/cnea\/wp-json\/wp\/v2\/users\/4"}],"replies":[{"embeddable":true,"href":"https:\/\/www.cent.uo.edu.cu\/cnea\/wp-json\/wp\/v2\/comments?post=113"}],"version-history":[{"count":11,"href":"https:\/\/www.cent.uo.edu.cu\/cnea\/wp-json\/wp\/v2\/pages\/113\/revisions"}],"predecessor-version":[{"id":2870,"href":"https:\/\/www.cent.uo.edu.cu\/cnea\/wp-json\/wp\/v2\/pages\/113\/revisions\/2870"}],"wp:attachment":[{"href":"https:\/\/www.cent.uo.edu.cu\/cnea\/wp-json\/wp\/v2\/media?parent=113"}],"curies":[{"name":"wp","href":"https:\/\/api.w.org\/{rel}","templated":true}]}}