{"id":148,"date":"2013-01-22T09:02:26","date_gmt":"2013-01-22T14:02:26","guid":{"rendered":"http:\/\/www.cent.uo.edu.cu\/cnea\/?page_id=148"},"modified":"2017-03-06T11:33:10","modified_gmt":"2017-03-06T16:33:10","slug":"servicios","status":"publish","type":"page","link":"https:\/\/www.cent.uo.edu.cu\/cnea\/direccion-de-transferencia\/servicios\/","title":{"rendered":"Servicios"},"content":{"rendered":"<p style=\"text-align: justify\">El Centro Nacional de Electromagnetismo Aplicado pone a su disposici\u00f3n una amplia variedad de servicios dirigidos a satisfacer sus necesidades. Los mismos est\u00e1n garantizados por la experiencia acumulada durante m\u00e1s de veinte a\u00f1os por un colectivo de investigadores y personal t\u00e9cnico especializado.<\/p>\n<p><strong>SERVICIOS CIENT\u00cdFICO-T\u00c9CNICOS<\/strong><\/p>\n<ul>\n<li><a href=\"http:\/\/www.cent.uo.edu.cu\/cnea\/caracterizacion-magnetica-y-simulacion-de-campo-magnetico-en-2d-y-3d\/\">Caracterizaci\u00f3n magn\u00e9tica y simulaci\u00f3n de campo magn\u00e9tico en 2D y 3D<\/a><\/li>\n<li><a href=\"http:\/\/www.cent.uo.edu.cu\/cnea\/cuserscnea-noeldesktopfebreroservicioscarga-de-imanes-docx\/\">Carga de imanes y dispositivos ferromagn\u00e9ticos<\/a><\/li>\n<li><a href=\"http:\/\/www.cent.uo.edu.cu\/cnea\/diagnostico-ambiental-integral\/\">An\u00e1lisis ambiental integral<\/a><\/li>\n<li><a href=\"http:\/\/www.cent.uo.edu.cu\/cnea\/analisis-integral-de-agua\/\">An\u00e1lisis integral de agua<\/a><\/li>\n<li><a href=\"http:\/\/www.cent.uo.edu.cu\/cnea\/asesoria-y-diagnostico-contaminacion-electromagnetica\/\">Asesor\u00eda y diagn\u00f3stico de contaminaci\u00f3n electromagn\u00e9tica<\/a><\/li>\n<li><a href=\"http:\/\/www.cent.uo.edu.cu\/cnea\/asesoria-y-diagnostico-para-uso-de-dispositivos-magneticos-en-sistemas-ingenieros\/\">Asesor\u00eda y diagn\u00f3stico para uso de dispositivos magn\u00e9ticos en sistemas ingenieros<\/a><\/li>\n<li><a href=\"http:\/\/www.cent.uo.edu.cu\/cnea\/estimulacion-magnetica-para-cultivos-in-vitro\/\">Estimulaci\u00f3n magn\u00e9tica para cultivos <em>in vitro<\/em><\/a><\/li>\n<li><a href=\"http:\/\/www.cent.uo.edu.cu\/cnea\/analisis-de-gases-contaminates\/\">An\u00e1lisis de gases contaminantes<\/a><\/li>\n<li><a href=\"http:\/\/www.cent.uo.edu.cu\/cnea\/eficiencia-y-sostenibilidad-para-la-industria-hotelera\/\">Eficiencia y sostenibilidad para la industria hotelera<\/a><\/li>\n<li><a href=\"http:\/\/www.cent.uo.edu.cu\/cnea\/asesoria-para-el-ahorro-de-portadores-energeticos\/\">Asesor\u00eda para el ahorro de portadores energ\u00e9ticos<\/a><\/li>\n<li><a href=\"http:\/\/www.cent.uo.edu.cu\/cnea\/rotoevaporacion-de-solventes\/\">Rotoevaporaci\u00f3n de solventes<\/a><\/li>\n<\/ul>\n<p><strong>SERVICIOS ACAD\u00c9MICOS<\/strong><\/p>\n<div>\n<p><strong>Formaci\u00f3n Postgraduada:<\/strong> Diplomados, Doctorados Tutelares, Cursos, Adiestramientos, Tutor\u00edas, etc., en aplicaciones de los campos magn\u00e9ticos en la Industria, la Agricultura,\u00a0 la Salud y el Medio Ambiente. Los mismos son puestos en convocatoria, o pueden ser realizados a solicitud de clientes interesados, previa coordinaci\u00f3n con la instituci\u00f3n.<\/p>\n<p style=\"text-align: justify\"><strong><a href=\"http:\/\/www.cent.uo.edu.cu\/cnea\/direccion-de-investigacion\/eventos\/foro-de-comunicacion-de-las-ciencias\/\">Eventos cient\u00edficos<\/a>:<\/strong> Talleres, <a href=\"http:\/\/www.cent.uo.edu.cu\/cnea\/direccion-de-investigacion\/eventos\/foro-de-comunicacion-de-las-ciencias\/\">Foros<\/a>, <a href=\"http:\/\/www.cent.uo.edu.cu\/cnea\/direccion-de-investigacion\/eventos\/eventos-cnea\/\">Conferencias<\/a>, Seminarios, entre otros, especializados en la divulgaci\u00f3n de la actividad cient\u00edfica dentro de este campo del conocimiento con alcance nacional e internacional. En todos los casos, la instituci\u00f3n cuenta con una infraestructura que re\u00fane todas las condiciones para el exitoso desarrollo de estos eventos.<\/p>\n<p style=\"text-align: justify\"><strong>OTROS SERVICIOS<\/strong><\/p>\n<ul>\n<li style=\"text-align: justify\">\n<div id=\"attachment_1175\" style=\"width: 253px\" class=\"wp-caption alignright\"><a href=\"http:\/\/www.cent.uo.edu.cu\/cnea\/files\/2014\/07\/DSC_9203.jpg\"><img loading=\"lazy\" decoding=\"async\" aria-describedby=\"caption-attachment-1175\" class=\" wp-image-1175\" src=\"http:\/\/www.cent.uo.edu.cu\/cnea\/files\/2014\/07\/DSC_9203.jpg\" alt=\"Vista del Sal\u00f3n de Protocolos del CNEA\" width=\"243\" height=\"163\" srcset=\"https:\/\/www.cent.uo.edu.cu\/cnea\/files\/2014\/07\/DSC_9203.jpg 448w, https:\/\/www.cent.uo.edu.cu\/cnea\/files\/2014\/07\/DSC_9203-300x201.jpg 300w\" sizes=\"auto, (max-width: 243px) 100vw, 243px\" \/><\/a><p id=\"caption-attachment-1175\" class=\"wp-caption-text\">Vista del Sal\u00f3n de Protocolos del CNEA<\/p><\/div>\n<p>Salones de conferencias | La instituci\u00f3n cuenta con un sal\u00f3n de conferencias (Sal\u00f3n de Protocolos) equipado con moderna tecnolog\u00eda de proyecci\u00f3n de im\u00e1genes y audio; ideales para la realizaci\u00f3n de reuniones, conferencias, talleres,\u00a0 ruedas de prensa, u otras actvividades similares; con atenci\u00f3n protocolar en caso de requerirla. Para la celebraci\u00f3n de eventos cient\u00edficos de gran convocatoria, el CNEA cuenta con otros locales que igualmente son adaptados para su uso como salones de conferencia, de menor capacidad.<\/li>\n<li style=\"text-align: justify\">Medios y equipos de proyecci\u00f3n<\/li>\n<li style=\"text-align: justify\">Reproducci\u00f3n y digitalizaci\u00f3n de documentos | Se trata de un servicio de amplia demanda por parte de la poblaci\u00f3n universitaria a la cual pertenece el CNEA, dentro de la Sede Julio Antonio Mella, de la Universidad de Oriente.<\/li>\n<\/ul>\n<p style=\"text-align: justify\">\n<\/div>\n","protected":false},"excerpt":{"rendered":"<p>El Centro Nacional de Electromagnetismo Aplicado pone a su disposici\u00f3n una amplia variedad de servicios dirigidos a satisfacer sus necesidades. Los mismos est\u00e1n garantizados por [&#8230;]<\/p>\n","protected":false},"author":4,"featured_media":0,"parent":122,"menu_order":0,"comment_status":"closed","ping_status":"closed","template":"","meta":{"ngg_post_thumbnail":0,"footnotes":""},"class_list":["post-148","page","type-page","status-publish","hentry"],"_links":{"self":[{"href":"https:\/\/www.cent.uo.edu.cu\/cnea\/wp-json\/wp\/v2\/pages\/148","targetHints":{"allow":["GET"]}}],"collection":[{"href":"https:\/\/www.cent.uo.edu.cu\/cnea\/wp-json\/wp\/v2\/pages"}],"about":[{"href":"https:\/\/www.cent.uo.edu.cu\/cnea\/wp-json\/wp\/v2\/types\/page"}],"author":[{"embeddable":true,"href":"https:\/\/www.cent.uo.edu.cu\/cnea\/wp-json\/wp\/v2\/users\/4"}],"replies":[{"embeddable":true,"href":"https:\/\/www.cent.uo.edu.cu\/cnea\/wp-json\/wp\/v2\/comments?post=148"}],"version-history":[{"count":64,"href":"https:\/\/www.cent.uo.edu.cu\/cnea\/wp-json\/wp\/v2\/pages\/148\/revisions"}],"predecessor-version":[{"id":3168,"href":"https:\/\/www.cent.uo.edu.cu\/cnea\/wp-json\/wp\/v2\/pages\/148\/revisions\/3168"}],"up":[{"embeddable":true,"href":"https:\/\/www.cent.uo.edu.cu\/cnea\/wp-json\/wp\/v2\/pages\/122"}],"wp:attachment":[{"href":"https:\/\/www.cent.uo.edu.cu\/cnea\/wp-json\/wp\/v2\/media?parent=148"}],"curies":[{"name":"wp","href":"https:\/\/api.w.org\/{rel}","templated":true}]}}