{"id":2,"date":"2012-03-23T15:04:04","date_gmt":"2012-03-23T20:04:04","guid":{"rendered":"http:\/\/www.cent.uo.edu.cu\/cnea\/?page_id=2"},"modified":"2015-05-26T17:46:00","modified_gmt":"2015-05-26T21:46:00","slug":"mision","status":"publish","type":"page","link":"https:\/\/www.cent.uo.edu.cu\/cnea\/quienes-somos\/mision\/","title":{"rendered":"Misi\u00f3n\/Visi\u00f3n"},"content":{"rendered":"<p style=\"text-align: justify\"><strong>Misi\u00f3n:<\/strong> El Centro Nacional de Electromagnetismo Aplicado, es una instituci\u00f3n cient\u00edfica que, con calidad y profesionalidad, investiga, innova y desarrolla tecnolog\u00edas, aplicando el electromagnetismo para lograr impactos en la industria, la agricultura, la salud y el medio ambiente.<\/p>\n<p style=\"text-align: justify\"><strong>Visi\u00f3n:<\/strong> Somos centro de referencia nacional e internacional en las investigaciones y aplicaciones del electromagnetismo.<\/p>\n","protected":false},"excerpt":{"rendered":"<p>Misi\u00f3n: El Centro Nacional de Electromagnetismo Aplicado, es una instituci\u00f3n cient\u00edfica que, con calidad y profesionalidad, investiga, innova y desarrolla tecnolog\u00edas, aplicando el electromagnetismo para [&#8230;]<\/p>\n","protected":false},"author":2,"featured_media":0,"parent":104,"menu_order":0,"comment_status":"closed","ping_status":"closed","template":"","meta":{"ngg_post_thumbnail":0,"footnotes":""},"class_list":["post-2","page","type-page","status-publish","hentry"],"_links":{"self":[{"href":"https:\/\/www.cent.uo.edu.cu\/cnea\/wp-json\/wp\/v2\/pages\/2","targetHints":{"allow":["GET"]}}],"collection":[{"href":"https:\/\/www.cent.uo.edu.cu\/cnea\/wp-json\/wp\/v2\/pages"}],"about":[{"href":"https:\/\/www.cent.uo.edu.cu\/cnea\/wp-json\/wp\/v2\/types\/page"}],"author":[{"embeddable":true,"href":"https:\/\/www.cent.uo.edu.cu\/cnea\/wp-json\/wp\/v2\/users\/2"}],"replies":[{"embeddable":true,"href":"https:\/\/www.cent.uo.edu.cu\/cnea\/wp-json\/wp\/v2\/comments?post=2"}],"version-history":[{"count":14,"href":"https:\/\/www.cent.uo.edu.cu\/cnea\/wp-json\/wp\/v2\/pages\/2\/revisions"}],"predecessor-version":[{"id":2173,"href":"https:\/\/www.cent.uo.edu.cu\/cnea\/wp-json\/wp\/v2\/pages\/2\/revisions\/2173"}],"up":[{"embeddable":true,"href":"https:\/\/www.cent.uo.edu.cu\/cnea\/wp-json\/wp\/v2\/pages\/104"}],"wp:attachment":[{"href":"https:\/\/www.cent.uo.edu.cu\/cnea\/wp-json\/wp\/v2\/media?parent=2"}],"curies":[{"name":"wp","href":"https:\/\/api.w.org\/{rel}","templated":true}]}}