{"id":2108,"date":"2015-05-26T10:54:20","date_gmt":"2015-05-26T14:54:20","guid":{"rendered":"http:\/\/www.cent.uo.edu.cu\/cnea\/?page_id=2108"},"modified":"2015-07-17T11:08:36","modified_gmt":"2015-07-17T15:08:36","slug":"v-foro-de-comunicacion","status":"publish","type":"page","link":"https:\/\/www.cent.uo.edu.cu\/cnea\/v-foro-de-comunicacion\/","title":{"rendered":"V Foro de Comunicaci\u00f3n de las Ciencias"},"content":{"rendered":"<div class=\"entry_wrap fix\">\n<div class=\"entry_content\">\n<p style=\"text-align: justify\">El V Foro de Comunicaci\u00f3n de las Ciencias tuvo lugar el 4 y 5 de mayo en el Centro Nacional de Electromagnetismo Aplicado (CNEA), como parte de la Jornada Cient\u00edfica CNEA 2015.<\/p>\n<p style=\"text-align: justify\">El mismo se presenta como un espacio para el debate, el intercambio de ideas, opiniones y experiencias relacionadas con la comunicaci\u00f3n y divulgaci\u00f3n de los resultados de la ciencia y la innovaci\u00f3n en diferentes esferas del desarrollo. Para ello se cuenta con la participaci\u00f3n de investigadores, docentes, estudiantes universitarios, comunicadores sociales, periodistas, divulgadores cient\u00edficos, directivos de universidades y centros de investigaci\u00f3n, editores de revistas y otros especialistas afines e interesados en el impacto de los resultados cient\u00edficos e innovativos en la sociedad.<\/p>\n<p style=\"text-align: justify\">A esta edici\u00f3n de 2015 se cont\u00f3 con la participaci\u00f3n de 30 personas; de ellas:<\/p>\n<p style=\"text-align: justify\">Ponentes: 17, incluyendo 3 Conferencistas<strong>.<\/strong><\/p>\n<p style=\"text-align: justify\">Delegados: 13<\/p>\n<p style=\"text-align: justify\">De manera general se vieron representadas 3 provincias del pa\u00eds; desglosados de la siguiente manera:<\/p>\n<p style=\"text-align: justify\">Holgu\u00edn, Guant\u00e1namo y Santiago de Cuba.<\/p>\n<p style=\"text-align: justify\"><strong>4\/5<\/strong>. El programa del Foro de Comunicaci\u00f3n de las Ciencias, se inici\u00f3 con las palabras de bienvenida de MSc. Melek Campos Sof\u00eda, Directora General del Centro Nacional de Electromagnetismo Aplicado, seguida por la Conferencia Magistral: 500 A\u00f1os de Ciencia en Santiago de Cuba, por el Dr. C. Giovanni Villal\u00f3n Garc\u00eda.<\/p>\n<p style=\"text-align: justify\">Luego se realiz\u00f3 una Mesa Redonda con la presentaci\u00f3n de 5 trabajos (55%), vinculados a dos tem\u00e1ticas: Cultura cient\u00edfica y percepci\u00f3n social de la ciencia y Normalizaci\u00f3n, evaluaci\u00f3n e Impacto de las publicaciones cient\u00edficas. Se realiz\u00f3 un fruct\u00edfero debate sobre los diferentes trabajos presentados, evidenciando la importancia de estos temas.<\/p>\n<p style=\"text-align: justify\">Como parte de la actividad inaugural fue presentado el libro <em>Estados Unidos y otros temas Martianos,<\/em> del Profesor Titular de Historia Dr.C. Hebert P\u00e9rez Concepci\u00f3n. Estuvieron presentes adem\u00e1s de los participantes del Foro, integrantes del programa VLIR-UO.<\/p>\n<p style=\"text-align: justify\"><strong>5\/5<\/strong>. Comenz\u00f3 con la Conferencia Magistral impartida por el Profesor Belga Dr.C. Hichem Sahli <em>\u201cPublish or Perish. The Added Value of internacional Colaboration\u201d.<\/em> Posteriormente se desarroll\u00f3 el trabajo en comisiones, en donde se analizaron los temas: Restos de la comunicaci\u00f3n de los resultados de la ciencia y la tecnolog\u00eda, y la Comunicaci\u00f3n desde los centros de Ciencia, present\u00e1ndose 9 trabajos (60%).<\/p>\n<p style=\"text-align: justify\">Culminado el trabajo en comisiones, se desarroll\u00f3 la Conferencia Magistral por el Dr.C David Maceira, Sub-Director Cient\u00edfico del Centro Oriental de Ecosistemas y Biodiversidad (BIOECO), \u201cConservaci\u00f3n de la naturaleza en las Antillas\u201d<\/p>\n<p style=\"text-align: justify\">Concluyendo el Foro con la presentaci\u00f3n del Diplomado de Comunicaci\u00f3n de la Ciencia del Centro Nacional de Electromagnetismo Aplicado.<\/p>\n<p style=\"text-align: justify\">De manera general, se destaca la intenci\u00f3n por parte de todos los presentes, de mantener el Foro de Comunicaci\u00f3n, como un espacio a favor del desarrollo de la Ciencia, pues fueron presentados en su mayor\u00eda productos comunicativos, los cuales constituyen una forma de acercar el pensamiento cient\u00edfico a la sociedad.<\/p>\n<p style=\"text-align: justify\">Desde ac\u00e1 puede acceder al Libro de res\u00famenes y a algunos de los art\u00edculos recogidos en el CD de Memorias del IV Foro de Comunicaci\u00f3n de las Ciencias; ISBN\u00a0978-959-207-404-0<\/p>\n<p style=\"text-align: center\"><span style=\"font-size: 10pt\">\u00a0<strong>Comit\u00e9 Organizador del V Foro de Comunicaci\u00f3n de las Ciencias<\/strong><\/span><\/p>\n<\/div>\n<\/div>\n","protected":false},"excerpt":{"rendered":"<p>El V Foro de Comunicaci\u00f3n de las Ciencias tuvo lugar el 4 y 5 de mayo en el Centro Nacional de Electromagnetismo Aplicado (CNEA), como [&#8230;]<\/p>\n","protected":false},"author":14,"featured_media":0,"parent":0,"menu_order":0,"comment_status":"closed","ping_status":"closed","template":"","meta":{"ngg_post_thumbnail":0,"footnotes":""},"class_list":["post-2108","page","type-page","status-publish","hentry"],"_links":{"self":[{"href":"https:\/\/www.cent.uo.edu.cu\/cnea\/wp-json\/wp\/v2\/pages\/2108","targetHints":{"allow":["GET"]}}],"collection":[{"href":"https:\/\/www.cent.uo.edu.cu\/cnea\/wp-json\/wp\/v2\/pages"}],"about":[{"href":"https:\/\/www.cent.uo.edu.cu\/cnea\/wp-json\/wp\/v2\/types\/page"}],"author":[{"embeddable":true,"href":"https:\/\/www.cent.uo.edu.cu\/cnea\/wp-json\/wp\/v2\/users\/14"}],"replies":[{"embeddable":true,"href":"https:\/\/www.cent.uo.edu.cu\/cnea\/wp-json\/wp\/v2\/comments?post=2108"}],"version-history":[{"count":7,"href":"https:\/\/www.cent.uo.edu.cu\/cnea\/wp-json\/wp\/v2\/pages\/2108\/revisions"}],"predecessor-version":[{"id":2579,"href":"https:\/\/www.cent.uo.edu.cu\/cnea\/wp-json\/wp\/v2\/pages\/2108\/revisions\/2579"}],"wp:attachment":[{"href":"https:\/\/www.cent.uo.edu.cu\/cnea\/wp-json\/wp\/v2\/media?parent=2108"}],"curies":[{"name":"wp","href":"https:\/\/api.w.org\/{rel}","templated":true}]}}

V Foro de Comunicación de las Ciencias

<div class="entry_wrap fix">
<div class="entry_content">
<p style="text-align: justify">El V Foro de Comunicación de las Ciencias tuvo lugar el 4 y 5 de mayo en el Centro Nacional de Electromagnetismo Aplicado (CNEA), como parte de la Jornada Científica CNEA 2015.</p>
<p style="text-align: justify">El mismo se presenta como un espacio para el debate, el intercambio de ideas, opiniones y experiencias relacionadas con la comunicación y divulgación de los resultados de la ciencia y la innovación en diferentes esferas del desarrollo. Para ello se cuenta con la participación de investigadores, docentes, estudiantes universitarios, comunicadores sociales, periodistas, divulgadores científicos, directivos de universidades y centros de investigación, editores de revistas y otros especialistas afines e interesados en el impacto de los resultados científicos e innovativos en la sociedad.</p>
<p style="text-align: justify">A esta edición de 2015 se contó con la participación de 30 personas; de ellas:</p>
<p style="text-align: justify">Ponentes: 17, incluyendo 3 Conferencistas<strong>.</strong></p>
<p style="text-align: justify">Delegados: 13</p>
<p style="text-align: justify">De manera general se vieron representadas 3 provincias del país; desglosados de la siguiente manera:</p>
<p style="text-align: justify">Holguín, Guantánamo y Santiago de Cuba.</p>
<p style="text-align: justify"><strong>4/5</strong>. El programa del Foro de Comunicación de las Ciencias, se inició con las palabras de bienvenida de MSc. Melek Campos Sofía, Directora General del Centro Nacional de Electromagnetismo Aplicado, seguida por la Conferencia Magistral: 500 Años de Ciencia en Santiago de Cuba, por el Dr. C. Giovanni Villalón García.</p>
<p style="text-align: justify">Luego se realizó una Mesa Redonda con la presentación de 5 trabajos (55%), vinculados a dos temáticas: Cultura científica y percepción social de la ciencia y Normalización, evaluación e Impacto de las publicaciones científicas. Se realizó un fructífero debate sobre los diferentes trabajos presentados, evidenciando la importancia de estos temas.</p>
<p style="text-align: justify">Como parte de la actividad inaugural fue presentado el libro <em>Estados Unidos y otros temas Martianos,</em> del Profesor Titular de Historia Dr.C. Hebert Pérez Concepción. Estuvieron presentes además de los participantes del Foro, integrantes del programa VLIR-UO.</p>
<p style="text-align: justify"><strong>5/5</strong>. Comenzó con la Conferencia Magistral impartida por el Profesor Belga Dr.C. Hichem Sahli <em>“Publish or Perish. The Added Value of internacional Colaboration”.</em> Posteriormente se desarrolló el trabajo en comisiones, en donde se analizaron los temas: Restos de la comunicación de los resultados de la ciencia y la tecnología, y la Comunicación desde los centros de Ciencia, presentándose 9 trabajos (60%).</p>
<p style="text-align: justify">Culminado el trabajo en comisiones, se desarrolló la Conferencia Magistral por el Dr.C David Maceira, Sub-Director Científico del Centro Oriental de Ecosistemas y Biodiversidad (BIOECO), “Conservación de la naturaleza en las Antillas”</p>
<p style="text-align: justify">Concluyendo el Foro con la presentación del Diplomado de Comunicación de la Ciencia del Centro Nacional de Electromagnetismo Aplicado.</p>
<p style="text-align: justify">De manera general, se destaca la intención por parte de todos los presentes, de mantener el Foro de Comunicación, como un espacio a favor del desarrollo de la Ciencia, pues fueron presentados en su mayoría productos comunicativos, los cuales constituyen una forma de acercar el pensamiento científico a la sociedad.</p>
<p style="text-align: justify">Desde acá puede acceder al Libro de resúmenes y a algunos de los artículos recogidos en el CD de Memorias del IV Foro de Comunicación de las Ciencias; ISBN 978-959-207-404-0</p>
<p style="text-align: center"><span style="font-size: 10pt"> <strong>Comité Organizador del V Foro de Comunicación de las Ciencias</strong></span></p>
</div>
</div>

<p>El V Foro de Comunicación de las Ciencias tuvo lugar el 4 y 5 de mayo en el Centro Nacional de Electromagnetismo Aplicado (CNEA), como [&#8230;]</p>
