{"id":3102,"date":"2017-02-22T16:22:30","date_gmt":"2017-02-22T21:22:30","guid":{"rendered":"http:\/\/www.cent.uo.edu.cu\/cnea\/?page_id=3102"},"modified":"2017-03-06T11:38:25","modified_gmt":"2017-03-06T16:38:25","slug":"diagnostico-ambiental-integral","status":"publish","type":"page","link":"https:\/\/www.cent.uo.edu.cu\/cnea\/diagnostico-ambiental-integral\/","title":{"rendered":"Diagn\u00f3stico ambiental integral"},"content":{"rendered":"<p>El cliente puede obtener el resultado del an\u00e1lisis de la calidad del aire, del agua y de los niveles de contaminaci\u00f3n electromagn\u00e9tica en sus instalaciones. Se ha concebido con una estructura modular en la que el cliente podr\u00e1 seleccionar aquellos componentes que se ajustan a sus necesidades. El servicio comprende:<\/p>\n<ul>\n<li>\u00a0An\u00e1lisis multiparam\u00e9trico del agua Evaluaci\u00f3n de la tendencia corrosiva e incrustante.<\/li>\n<li>\u00a0Identificaci\u00f3n y recuento de fitoplancton<\/li>\n<li>\u00a0Determinaci\u00f3n de clorofila A y ficocianina C, presencia de cianobacterias<\/li>\n<li>\u00a0An\u00e1lisis de gases contaminantes a la atm\u00f3sfera.<\/li>\n<li>\u00a0An\u00e1lisis de contaminaci\u00f3n electromagn\u00e9tica<\/li>\n<li>\u00a0Evaluaci\u00f3n del uso de portadores energ\u00e9ticos<\/li>\n<li>Informe t\u00e9cnico detallado<\/li>\n<li>Capacitaci\u00f3n y asesor\u00eda<\/li>\n<\/ul>\n","protected":false},"excerpt":{"rendered":"<p>El cliente puede obtener el resultado del an\u00e1lisis de la calidad del aire, del agua y de los niveles de contaminaci\u00f3n electromagn\u00e9tica en sus instalaciones. [&#8230;]<\/p>\n","protected":false},"author":14,"featured_media":0,"parent":0,"menu_order":0,"comment_status":"closed","ping_status":"closed","template":"","meta":{"ngg_post_thumbnail":0,"footnotes":""},"class_list":["post-3102","page","type-page","status-publish","hentry"],"_links":{"self":[{"href":"https:\/\/www.cent.uo.edu.cu\/cnea\/wp-json\/wp\/v2\/pages\/3102","targetHints":{"allow":["GET"]}}],"collection":[{"href":"https:\/\/www.cent.uo.edu.cu\/cnea\/wp-json\/wp\/v2\/pages"}],"about":[{"href":"https:\/\/www.cent.uo.edu.cu\/cnea\/wp-json\/wp\/v2\/types\/page"}],"author":[{"embeddable":true,"href":"https:\/\/www.cent.uo.edu.cu\/cnea\/wp-json\/wp\/v2\/users\/14"}],"replies":[{"embeddable":true,"href":"https:\/\/www.cent.uo.edu.cu\/cnea\/wp-json\/wp\/v2\/comments?post=3102"}],"version-history":[{"count":2,"href":"https:\/\/www.cent.uo.edu.cu\/cnea\/wp-json\/wp\/v2\/pages\/3102\/revisions"}],"predecessor-version":[{"id":3171,"href":"https:\/\/www.cent.uo.edu.cu\/cnea\/wp-json\/wp\/v2\/pages\/3102\/revisions\/3171"}],"wp:attachment":[{"href":"https:\/\/www.cent.uo.edu.cu\/cnea\/wp-json\/wp\/v2\/media?parent=3102"}],"curies":[{"name":"wp","href":"https:\/\/api.w.org\/{rel}","templated":true}]}}