{"id":990,"date":"2014-05-28T09:59:22","date_gmt":"2014-05-28T13:59:22","guid":{"rendered":"http:\/\/www.cent.uo.edu.cu\/cnea\/?page_id=990"},"modified":"2016-06-25T12:02:13","modified_gmt":"2016-06-25T16:02:13","slug":"iv-foro-de-comunicacion-de-la-ciencias","status":"publish","type":"page","link":"https:\/\/www.cent.uo.edu.cu\/cnea\/direccion-de-investigacion\/publicaciones\/iv-foro-de-comunicacion-de-la-ciencias\/","title":{"rendered":"IV Foro de Comunicaci\u00f3n de la Ciencias"},"content":{"rendered":"<p style=\"text-align: justify\">Desde ac\u00e1 puede acceder al Libro de res\u00famenes y a algunos de los art\u00edculos recogidos en el CD de Memorias del IV Foro de Comunicaci\u00f3n de las Ciencias; ISBN\u00a0978-959-207-525-2<\/p>\n<p style=\"text-align: justify\">Descargue el\u00a0<a href=\"http:\/\/www.cent.uo.edu.cu\/cnea\/files\/2014\/05\/Libro-Resumen-IV-Foro-de-Comunicaci\u00f3n.pdf\">Libro Resumen IV Foro de Comunicaci\u00f3n<\/a><\/p>\n<p style=\"text-align: justify\">Descargue la\u00a0<a href=\"http:\/\/www.cent.uo.edu.cu\/cnea\/files\/2014\/05\/RELATOR\u00cdA-IV-FORO-DE-COMUNICACI\u00d3N.pdf\">Relator\u00eda IV Foro de Comunicaci\u00f3n de las Ciencias<\/a><\/p>\n<p style=\"text-align: justify\"><strong>Trabajos presentados al IV Foro de Comunicaci\u00f3n de las Ciencias<\/strong><\/p>\n<p>001\/<b> <\/b><b>\u201cLuces y abismos\u201d: Estudio de la pr\u00e1ctica investigativa de la carrera de Comunicaci\u00f3n Social de la Sede Central de Cienfuegos<\/b>\/ Lic. D\u00e1vila-Lorenzo, Marianela*; Msc. Lorenzo-Suarez, Iraida; Msc. Madruga-Torreira, Esperanza; Msc. Dortic\u00f3s-Torriente, Yanet y Lic. Tamayo-Volmey, Juana Larissa \/ *Universidad de Cienfuegos \u201cCarlos Rafael Rodr\u00edguez\u201d. (<a href=\"http:\/\/www.cent.uo.edu.cu\/cnea\/files\/2014\/05\/001-D\u00c1VILA-LORENZO_MARIANELA.pdf\">001 D\u00c1VILA-LORENZO_MARIANELA<\/a>)<\/p>\n<p>002\/<b> <\/b><b>Acerca de la Comunicaci\u00f3n Social y su papel en la divulgaci\u00f3n cient\u00edfica<\/b>\/ Lic. Cepeda\u2013Guerra, Luisa Erenia* y Lic. Lic. Silva- M\u00e1rquez, Elianne\/ *Facultad de Humanidades, Universidad de Oriente. (<a href=\"http:\/\/www.cent.uo.edu.cu\/cnea\/files\/2014\/05\/002-CEPEDA-GUERRA_LUISA-ERENIA-Y-SILVA-MARQUEZ_ELIANNE.pdf\">002 CEPEDA-GUERRA_LUISA ERENIA Y SILVA-MARQUEZ_ELIANNE<\/a>)<\/p>\n<p>003\/ <b>Experiencia sobre la formaci\u00f3n en comunicaci\u00f3n cient\u00edfica de los profesionales<\/b>\/ Dra.C. Navarrete-Reyes, Mar\u00eda del Carmen*; MSc. Rodr\u00edguez-Gonz\u00e1lez, Dalila y MSc. M\u00e9ndez-Lloret, Darl\u00e9n\/ *Universidad Central \u201cMarta Abreu\u201d, Villa Clara. (<a href=\"http:\/\/www.cent.uo.edu.cu\/cnea\/files\/2014\/05\/003-NAVARRETE-REYES_MAR\u00cdA-DEL-CARMEN.pdf\">003 NAVARRETE-REYES_MAR\u00cdA DEL CARMEN<\/a>)<\/p>\n<p>004\/<b> <\/b><b>Ense\u00f1ar a leer literatura en la era de las TICs<\/b>\/ MSc. Rodr\u00edguez-Men\u00e9ndez, Mercedes* y Lic. L\u00f3pez- Mart\u00ednez, Mercedes\/ *Universidad de Guant\u00e1namo.(<a href=\"http:\/\/www.cent.uo.edu.cu\/cnea\/files\/2014\/05\/004-RODRIGUEZ-RODRIGUEZ_MERCEDES.pdf\">004 RODRIGUEZ-RODRIGUEZ_MERCEDES<\/a>)<\/p>\n<p>005\/ <b>La utilizaci\u00f3n de las TICs para la educaci\u00f3n en valores en las clases de Lengua y Comunicaci\u00f3n III<\/b>\/ Lic. Rodriguez-Rodriguez, Malena* y Lic. Rodriguez-Rodriguez, Kenia\/ * Facultad de Espa\u00f1ol para No Hispanohablantes. Universidad de La Habana. (<a href=\"http:\/\/www.cent.uo.edu.cu\/cnea\/files\/2014\/05\/005-RODR\u00cdGUEZ-RODR\u00cdGUEZ_MALENA-Y-RODR\u00cdGUEZ-RODR\u00cdGUEZ_KENIA.pdf\">005 RODR\u00cdGUEZ-RODR\u00cdGUEZ_MALENA Y RODR\u00cdGUEZ-RODR\u00cdGUEZ_KENIA<\/a>)<\/p>\n<p>006\/<b> <\/b><b>B\u00fasqueda de un bien com\u00fan con la producci\u00f3n cient\u00edfica electr\u00f3nica<\/b>\/ Lic. Pe\u00f1a-S\u00e1nchez, Mar\u00eda Antonia\/ Centro Provincial de Informaci\u00f3n de Ciencias M\u00e9dicas, Santiago de Cuba.<\/p>\n<p>007\/ <b>Las redes sociales para la comunicaci\u00f3n cient\u00edfica<\/b>\/ Lic. Ag\u00fcero\u2013Ruiz, Gelsy de la Caridad* y Lic. Ricardo-Lazo, Jos\u00e9 Enrique\/ * Facultad de Humanidades, Universidad de Oriente.(<a href=\"http:\/\/www.cent.uo.edu.cu\/cnea\/files\/2014\/05\/007-AG\u00dcERO-RUIZ_GELSY-Y-RICARDO-LAZO_JE.pdf\">007 AG\u00dcERO-RUIZ_GELSY Y RICARDO-LAZO_JE<\/a>)<\/p>\n<p>008\/<b> <\/b><b>Las Redes Sociales Empresariales en funci\u00f3n de la difusi\u00f3n del conocimiento cient\u00edfico. Una experiencia desde la Direcci\u00f3n Provincial de Justicia de Holgu\u00edn<\/b>\/ Ing. Homer-Reynoso, Ever Antonio\/ Direcci\u00f3n Provincial de Justicia, Holgu\u00edn. (<a href=\"http:\/\/www.cent.uo.edu.cu\/cnea\/files\/2014\/05\/008-HOMER-REYNOSO_EVER-ANTONIO.pdf\">008 HOMER-REYNOSO_EVER ANTONIO<\/a>)<\/p>\n<p>009\/\u00a0<b>Rescate hist\u00f3rico de la Revista Cubana de Qu\u00edmica<\/b>\/ Lic. Fern\u00e1ndez-Heredia, \u00c1ngel\/ Facultad de Ciencias Naturales, Universidad de Oriente. (<a href=\"http:\/\/www.cent.uo.edu.cu\/cnea\/files\/2014\/05\/009-FERN\u00c1NDEZ-HEREDIA_-ANGEL-Y-CASALS-HUNG_MAGALYS.pdf\">009 FERN\u00c1NDEZ-HEREDIA_ ANGEL Y CASALS-HUNG_MAGALYS<\/a>)<\/p>\n<p>010\/\u00a0<b>Comunicaci\u00f3n cient\u00edfica a trav\u00e9s de las Actas del Simposio de Comunicaci\u00f3n Social<\/b>\/ Lic. P\u00e9rez-Joa, Yamilka\/ Centro de Ling\u00fc\u00edstica Aplicada, Santiago de Cuba.(<a href=\"http:\/\/www.cent.uo.edu.cu\/cnea\/files\/2014\/05\/010-P\u00c9REZ-JOA_YAMILKA.pdf\">010 P\u00c9REZ-JOA_YAMILKA<\/a>)<\/p>\n<p>011\/\u00a0<b>Utilizaci\u00f3n de la Plataforma Interactiva Moodle, en la ense\u00f1anza de Fon\u00e9tica y Fonolog\u00eda Espa\u00f1olas a estudiantes sinohablantes de la Facultad de Espa\u00f1ol para No Hispanohablantes (FENHI), Universidad de La Habana<\/b>\/ Lic. Revilla-Chaveco, Yanisleidi* y Lic. Fornaris-Castillo, Mar\u00eda de los Angeles\/ * Centro de Convenciones y Servicios Acad\u00e9micos (CCAS), Universidad de Ciencias M\u00e9dicas, La Habana. (<a href=\"http:\/\/www.cent.uo.edu.cu\/cnea\/files\/2014\/05\/011-REVILLA-CHAVECO_YANISLEIDIS-Y-FORNARIS-CASTILLO_MA-DE-LOS-\u00c1NEGELES.pdf\">011 REVILLA-CHAVECO_YANISLEIDIS Y FORNARIS-CASTILLO_MA DE LOS \u00c1NEGELES<\/a>)<\/p>\n<p>012\/\u00a0<b>La creaci\u00f3n de sitios web como herramientas para la divulgaci\u00f3n cient\u00edfica del Centro de Ling\u00fc\u00edstica Aplicada<\/b>\/ Lic. G\u00f3mez \u2013Lujo, Katia Karina*; Lic. Heredia- Gonz\u00e1lez, Roberto y T\u00e9c. Acosta- S\u00e1nchez, Rafael\/ * Centro de Ling\u00fc\u00edstica Aplicada, Santiago de Cuba (<a href=\"http:\/\/www.cent.uo.edu.cu\/cnea\/files\/2014\/05\/012-G\u00d3MEZ-LUJO_KATIA-KARINA-ET-AL.pdf\">012 G\u00d3MEZ-LUJO_KATIA KARINA ET AL<\/a>)<\/p>\n<p>013\/\u00a0<b>Sitio Web de la Red Nacional de Energ\u00eda del Ministerio de Educaci\u00f3n Superior (MES)<\/b>\/ Ing. Delgado-Rivero, Carlos Manuel*; Ing. Berm\u00fadez-Ramos, Greter; Dra.C. Lapido-Rodr\u00edguez, Margarita; Dr.C. Cabello-Eras, Juan Jos\u00e9\/ * Universidad de Cienfuegos \u201cCarlos Rafael Rodr\u00edguez\u201d. (<a href=\"http:\/\/www.cent.uo.edu.cu\/cnea\/files\/2014\/05\/013-DELGADO-RIVERO-CARLOS-M.-ET-AL.pdf\">013 DELGADO-RIVERO-CARLOS M. ET AL<\/a>)<\/p>\n<p>014\/\u00a0<b>El Observatorio Cultural C\u00e9nit y sus espacios de socializaci\u00f3n cient\u00edfico tecnol\u00f3gico: plataformas alternativas para la comunicaci\u00f3n cient\u00edfico-cultural<\/b>\/ Dra.C. Garc\u00eda-Mallet, Taidys\/ Direcci\u00f3n de Extensi\u00f3n Universitaria, Universidad de Oriente. (<a href=\"http:\/\/www.cent.uo.edu.cu\/cnea\/files\/2014\/05\/014-GARC\u00cdA-MALLET_TAIDYS.pdf\">014 GARC\u00cdA-MALLET_TAIDYS<\/a>)<\/p>\n<p>015\/ <b>Sistema de monitoreo de contenidos sobre temas de ciencia, tecnolog\u00eda, innovaci\u00f3n y medio ambiente referidos a Holgu\u00edn transmitidos en medios de comunicaci\u00f3n masiva provinciales y nacionales<\/b>\/ MSc. Nieves-Cruz, Leonardo\/ Delegaci\u00f3n Territorial del CITMA, Holgu\u00edn. (<a href=\"http:\/\/www.cent.uo.edu.cu\/cnea\/files\/2014\/05\/015-NIEVES-CRUZ_LEONARDO.pdf\">015 NIEVES-CRUZ_LEONARDO<\/a>)<\/p>\n<p>016\/ <b>Impacto de la Comunicaci\u00f3n Social en la Gesti\u00f3n de la Ciencia y la Tecnolog\u00eda<\/b>\/ MSc. Bosque-Leyva, Maritza Estrella\/ Delegaci\u00f3n Territorial del CITMA, Guant\u00e1namo.<\/p>\n<p>017\/ <b>Los ranking y la producci\u00f3n cient\u00edfica de las universidades<\/b>\/ MSc. Arias-Miguel, Manuela* y Lic. Vidal-Carrillo, Haydee Noemi\/ * Centro de Informaci\u00f3n y Gesti\u00f3n Tecnol\u00f3gica de Santiago de Cuba (MEGACEN)<\/p>\n<p>018\/ <b>Percepci\u00f3n social sobre sismos en las comunidades costeras de la bah\u00eda de Santiago de Cuba<\/b>\/ MSc. Rosabal-Dom\u00ednguez, Sandra Yanetsy*; Ing. Oliva-Alvarez, Ricardo; Dr. Zapata-Balanqu\u00e9, Jose A.; Ing. Cornier-Caballero, Luis Felipe\/ * Centro Nacional de Investigaciones Sismol\u00f3gicas (CENAIS), Santiago de Cuba. (<a href=\"http:\/\/www.cent.uo.edu.cu\/cnea\/files\/2014\/05\/018-ROSABAL-DOM\u00cdNGUEZ_SANDRA-YANETSY-ET-AL.pdf\">018 ROSABAL-DOM\u00cdNGUEZ_SANDRA YANETSY ET AL<\/a>)<\/p>\n<p>019\/<b> <\/b><b>Percepci\u00f3n social de la Ling\u00fc\u00edstica, la Literatura y las Letras Cl\u00e1sicas<\/b>\/ Lic. Fern\u00e1ndez-Leyva, Haydee*; Lic. Portes-Fern\u00e1ndez, Yanet y Lic. Bandera-N\u00e1poles, Aneyansis\/ * Facultad de Humanidades, Universidad de Oriente. (<a href=\"http:\/\/www.cent.uo.edu.cu\/cnea\/files\/2014\/05\/019-FERN\u00c1NDEZ-LEYVA_HAYDEE.pdf\">019 FERN\u00c1NDEZ-LEYVA_HAYDEE<\/a>)<\/p>\n<p>020\/ <b>Sociedad y ciencias literarias. Rescate y an\u00e1lisis del teatro de Ignacio Sarachaga<\/b>\/ Lic. Garc\u00eda-Ferrera, Yaimara\/ * Facultad de Humanidades, Universidad de Oriente.\u00a0<a href=\"http:\/\/www.cent.uo.edu.cu\/cnea\/files\/2014\/05\/020-GARC\u00cdA-FERRERA_YAIMARA.pdf\">020 GARC\u00cdA-FERRERA_YAIMARA<\/a>)<\/p>\n<p>021\/ <b>Dise\u00f1o de Campa\u00f1a de Bien P\u00fablico para la preservaci\u00f3n de las playas<\/b>\/ Lic. Rodriguez-Z\u00fa\u00f1iga, Daira Grethel*; MSc. Apin-Campos, Yanet C. y MSc. Martinez-Gascon, Fernando\/ * Facultad de Humanidades, Universidad de Oriente. (<a href=\"http:\/\/www.cent.uo.edu.cu\/cnea\/files\/2014\/05\/021-RODR\u00cdGUEZ-Z\u00da\u00d1IGA_DAIRA-GRETHEL.pdf\">021 RODR\u00cdGUEZ-Z\u00da\u00d1IGA_DAIRA GRETHEL<\/a>)<\/p>\n<p>022\/ <b>Etapa creativa de la estrategia de comunicaci\u00f3n para el proyecto de innovaci\u00f3n agr\u00edcola local (III) en Cienfuegos<\/b>\/ Lic. Medina-Mar\u00edn, Mayara*; P\u00e9rez-Padr\u00f3n, Susana; Lic. D\u00e1vila-Lorenzo, Marianela; Fern\u00e1ndez-Berm\u00fadez, Yudith; P\u00e9rez-Jim\u00e9nez, Leyane; Ferrioll-Morales, Milena y Lic. Gonzalez-Duarte, Jany Yasmin\/ * Universidad de Cienfuegos \u201cCarlos Rafael Rodr\u00edguez\u201d. (<a href=\"http:\/\/www.cent.uo.edu.cu\/cnea\/files\/2014\/05\/022-MEDINA-MARIN_MAYARA-ET-AL.pdf\">022 MEDINA-MARIN_MAYARA ET AL<\/a>)<\/p>\n<p>023\/<b> <\/b><b>Campa\u00f1a de Medio Ambiente para la protecci\u00f3n y cuidado de los manglares del Municipio de Guam\u00e1, Santiago de Cuba<\/b>\/ Flores-Iglesias, Adriel*; DI. Fern\u00e1ndez-Hern\u00e1ndez, Zoilo R. y MSc. Cruz-Portorreal, Yanet\/ * Facultad de Humanidades, Universidad de Oriente. (<a href=\"http:\/\/www.cent.uo.edu.cu\/cnea\/files\/2014\/05\/023-FLORES-IGLESIAS_ADRIEL-ET-AL.pdf\">023 FLORES-IGLESIAS_ADRIEL ET AL<\/a><\/p>\n<p>024\/ <b>Campa\u00f1a Publicitaria del Archivo Hist\u00f3rico Provincial<\/b>\/ Lic. P\u00e9rez-Durand, Yadrilin\/ Archivo Hist\u00f3rico Provincial, Guant\u00e1namo. (<a href=\"http:\/\/www.cent.uo.edu.cu\/cnea\/files\/2014\/05\/024-P\u00c9REZ-DURAND_YADRILIN.pdf\">024 P\u00c9REZ-DURAND_YADRILIN<\/a>)<\/p>\n<p>025\/<b> <\/b><b>Caravana Cient\u00edfica: una forma de generalizaci\u00f3n de los resultados<\/b>\/ Lic. Quintana-Polanco, Mileidis*; Lic. Mu\u00f1oz-Alvarado, Alex; Dr.C. Ruiz- Miyares, Leonel\/ * Centro de Ling\u00fc\u00edstica Aplicada, Santiago de Cuba. (<a href=\"http:\/\/www.cent.uo.edu.cu\/cnea\/files\/2014\/05\/025-QUINTANA-POLANCO_MILEIDIS-ET-AL.pdf\">025 QUINTANA-POLANCO_MILEIDIS ET AL<\/a>)<\/p>\n<p>026\/ <b>Evaluaci\u00f3n del Procedimiento de diagn\u00f3stico integral del h\u00e1bitat municipal<\/b>\/ Lic. S\u00e1nchez- Su\u00e1rez, Mariulis*; Lic. Machado-Flores, Neivys; MSc. Machado-Flores, Neiky; MSc. Gonz\u00e1lez-Seijo, Alexander y Dra.C. Don\u00e9stevez-S\u00e1nchez, Grizel Mar\u00eda\/ * Centro de Estudios Comunitarios, Universidad Central \u201cMarta Abreu\u201d, Villa Clara. (<a href=\"http:\/\/www.cent.uo.edu.cu\/cnea\/files\/2014\/05\/026-S\u00c1NCHEZ-SU\u00c1REZ_MARIULIS.pdf\">026 S\u00c1NCHEZ-SU\u00c1REZ_MARIULIS<\/a>)<\/p>\n<p>029\/<b> <\/b><b>Usos morfosint\u00e1cticos que afectan el proceso de comunicaci\u00f3n de los resultados cient\u00edficos<\/b>\/ Lic. Rodr\u00edguez-Gonz\u00e1lez, Anabel* y MSc. Gonz\u00e1lez-Negr\u00f3n, Nancy\/ * Universidad Central \u201cMarta Abreu\u201d, Villa Clara. (<a href=\"http:\/\/www.cent.uo.edu.cu\/cnea\/files\/2014\/05\/029-RODR\u00cdGUEZ-GONZ\u00c1LEZ_ANABEL-Y-GONZ\u00c1LEZ-NEGR\u00d3N_NANCY.pdf\">029 RODR\u00cdGUEZ-GONZ\u00c1LEZ_ANABEL Y GONZ\u00c1LEZ-NEGR\u00d3N_NANCY<\/a>)<\/p>\n<p>030\/<b> <\/b><b>La cohesi\u00f3n textual en el proceso de comunicaci\u00f3n de los resultados cient\u00edficos<\/b>\/ MSc. Gonz\u00e1lez-Negr\u00f3n, Nancy* y Lic. Rodr\u00edguez-Gonz\u00e1lez, Anabel\/ * Universidad Central \u201cMarta Abreu\u201d, Villa Clara. (<a href=\"http:\/\/www.cent.uo.edu.cu\/cnea\/files\/2014\/05\/030-GONZ\u00c1LEZ-NEGR\u00d3N_NANCY-Y-RODR\u00cdGUEZ-GONZ\u00c1LEZ_ANABEL.pdf\">030 GONZ\u00c1LEZ-NEGR\u00d3N_NANCY Y RODR\u00cdGUEZ-GONZ\u00c1LEZ_ANABEL<\/a>)<\/p>\n<p>031\/ <b>Im\u00e1genes, imaginaci\u00f3n y representaciones en el proceso de ense\u00f1anza aprendizaje de la formaci\u00f3n cient\u00edfica de docentes de Historia<\/b>\/ Dra.C Espinosa-Rodr\u00edguez, Rosa de la Caridad*; MSc. Rojas-Baso, Alicia; MSc. Moreno-P\u00e9rez, Enrique y MSc. Guilarte-Castillo, Evelyn\/ * Universidad de Ciencias Pedag\u00f3gicas \u201cFrank Pa\u00eds\u201d, Santiago de Cuba. (<a href=\"http:\/\/www.cent.uo.edu.cu\/cnea\/files\/2014\/05\/031-ESPINOSA-RODR\u00cdGUEZ_ROSA-DE-LA-CARIDAD-ET-AL..pdf\">031 ESPINOSA-RODR\u00cdGUEZ_ROSA DE LA CARIDAD ET AL.<\/a>)<\/p>\n<p>032\/<b> <\/b><b>La comunicaci\u00f3n en lenguas extranjeras como v\u00eda de socializaci\u00f3n de la ciencia<\/b>\/ Lic. P\u00e9rez-Rodr\u00edguez, Juana Mar\u00eda*; Lic. Vera-Gonce, Tania, Lic. Soto-Villavicencio, Miriam G. y Dr.C. Vega- Veranes, Frey\/ * Facultad de Humanidades, Universidad de Oriente. (<a href=\"http:\/\/www.cent.uo.edu.cu\/cnea\/files\/2014\/05\/032-P\u00c9REZ-RODR\u00cdGUEZ_JUANA-MAR\u00cdA.pdf\">032 P\u00c9REZ-RODR\u00cdGUEZ_JUANA MAR\u00cdA<\/a>)<\/p>\n<p>033\/ <b>La interdisciplinariedad en la comunicaci\u00f3n de los resultados cient\u00edficos<\/b>\/ Lic. Vera-Gonce, Tania; Lic. P\u00e9rez-Rodr\u00edguez, Juana Mar\u00eda y Lic. Pozo-Mart\u00ednez, Dalia\/ * Facultad de Humanidades, Universidad de Oriente. (<a href=\"http:\/\/www.cent.uo.edu.cu\/cnea\/files\/2014\/05\/033-VERA-GONCE_TANIA-ET-AL.pdf\">033 VERA-GONCE_TANIA ET AL<\/a>)<\/p>\n<p>034\/ <b>Presupuestos te\u00f3ricos para la comunicaci\u00f3n social como garant\u00eda de participaci\u00f3n ciudadana en proyectos de I+D<\/b>\/ Lic. Alvarez-Padilla, Elizabeth*; Dra.C. Miranda-Vera, Clara E. y MSc. Molina- Rodriguez, Linnet\/ * Centro de Estudios Ambientales de Cienfuegos (CEAC).<\/p>\n<p>035\/ <b>La comunicaci\u00f3n en la Gesti\u00f3n integrada de la Innovaci\u00f3n en las empresas en Perfeccionamiento Empresarial .Provincia Santiago de Cuba, Cuba<\/b>\/ Lic. Cede\u00f1o-Blanch, Tania* y Lic. Roque-Arias, Yadira\/ * Delegaci\u00f3n Territorial del CITMA, Santiago de Cuba. (<a href=\"http:\/\/www.cent.uo.edu.cu\/cnea\/files\/2014\/05\/035-CEDE\u00d1O-BLANCH_TANIA-Y-ROQUE-ARIAS_YADIRA.pdf\">035 CEDE\u00d1O-BLANCH_TANIA Y ROQUE-ARIAS_YADIRA<\/a>)<\/p>\n<p>036\/<b> <\/b><b>\u00bfPublicar o patentar?: c\u00f3mo comunicar los resultados de investigaci\u00f3n cient\u00edfica ante las presiones de la Academia<\/b>\/ MSc. Alp\u00edzar-Terrero, Mar\u00eda \u00c1ngeles\/ Centro Nacional de Electromagnetismo Aplicado (CNEA) (<a href=\"http:\/\/www.cent.uo.edu.cu\/cnea\/files\/2014\/05\/036-ALPIZAR-TERRERO_MARIA-ANGELES.pdf\">036 ALPIZAR-TERRERO_MARIA ANGELES<\/a>)<\/p>\n<p>037\/ <b>Sistema de Mercadotecnia para el Instituto de Biotecnolog\u00eda de las Plantas (IBP) de la Universidad Central \u201cMarta Abreu\u201d de Las Villas<\/b>\/ Lic. Ruiz-Mena, Lianet*; MSc. Gonz\u00e1lez-Seijo, Alexander y Dr.C. D\u00edaz-Guzm\u00e1n-Corrales, Kirk\/ * Oficina Nacional de la Administraci\u00f3n Tributaria (ONAT), Sancti Sp\u00edritus (<a href=\"http:\/\/www.cent.uo.edu.cu\/cnea\/files\/2014\/05\/037-RUIZ-MENA_LIANET-ET-AL.pdf\">037 RUIZ-MENA_LIANET ET AL<\/a>)<\/p>\n<p>038\/<b> <\/b><b>Incidencia de la comunicaci\u00f3n cient\u00edfica en la imagen institucional. Caso Centro Nacional de Electromagnetismo Aplicado<\/b>\/ Cardero-Tejeda, Lianna Pilar* y Lic. Cepeda-Guerra, Luisa Erenia\/ * Facultad de Humanidades, Universidad de Oriente (<a href=\"http:\/\/www.cent.uo.edu.cu\/cnea\/files\/2014\/05\/038-CARDERO-TEJEDA_LIANNA-Y-CEPEDA-GUERRA_LUISA.pdf\">038 CARDERO-TEJEDA_LIANNA Y CEPEDA-GUERRA_LUISA<\/a>)<\/p>\n<p>039\/ <b>La comunicaci\u00f3n al interior del Centro de Estudios Comunitarios de la UCLV<\/b>\/ Lic. Aguila-S\u00e1nchez, Julio C\u00e9sar* y Lic. Guemechu-Alfonso, Daniel\/ * Centro de Estudios Comunitarios, Universidad Central \u201cMarta Abreu\u201d, Villa Clara. (<a href=\"http:\/\/www.cent.uo.edu.cu\/cnea\/files\/2014\/05\/039-\u00c1GUILA-S\u00c1NCHEZ_JULIO-C\u00c9SAR-Y-GUEMECHU-ALFONOSO_DANIEL.pdf\">039 \u00c1GUILA-S\u00c1NCHEZ_JULIO C\u00c9SAR Y GUEMECHU-ALFONOSO_DANIEL<\/a>)<\/p>\n<p>040\/<b> <\/b><b>Estrategia de comunicaci\u00f3n social del CLA: propuesta de un plan de acci\u00f3n dirigida al p\u00fablico interno<\/b>\/ Lic. Jackson-Rodr\u00edguez, Daileen\/ Centro de Ling\u00fc\u00edstica Aplicada, Santiago de Cuba. (<a href=\"http:\/\/www.cent.uo.edu.cu\/cnea\/files\/2014\/05\/040-JACKSON-RODR\u00cdGUEZ_DAILEEN.pdf\">040 JACKSON-RODR\u00cdGUEZ_DAILEEN<\/a>)<\/p>\n<p>041\/ <b>El Bolet\u00edn. Un reto de la Comunicaci\u00f3n interna<\/b>\/ MSc. Hinojosa-Figueredo, Griselda*; T\u00e9c. Concepci\u00f3n-G\u00e1mez, Javier; MSc Su\u00e1rez-Loo, Vivian; Lic. Casanella-Cue, Luis Antonio y MSc. Lora-N\u00fa\u00f1ez, Isabel\/ * Centro Oriental de Ecosistemas y Biodiversidad (BIOECO).<\/p>\n<p>043\/ <b>Experiencias audiovisuales del Proyecto Costa Sudeste<\/b>\/ Lic. Ferriol-Sol\u00e1n, Marlenis de la Caridad*; Lic. Rosado-Noa, Irael; Ing. Mesa-Rodr\u00edguez, Rovier\/ * Emisora Provincial CMKC, \u201cRadio Revoluci\u00f3n\u201d, Santiago de Cuba<\/p>\n<p>044\/ <b>An\u00e1lisis comparativo de la cultura cient\u00edfica en estudiantes de secundaria b\u00e1sica y preuniversitario en Santiago de Cuba<\/b>\/ Dr.C. Villal\u00f3n-Garc\u00eda, Giovanni Luis* y Lic. Dinza-Guerra, Noalda \/ *Delegaci\u00f3n Territorial del CITMA, Santiago de Cuba (<a href=\"http:\/\/www.cent.uo.edu.cu\/cnea\/files\/2014\/05\/044-VILLAL\u00d3N-GARC\u00cdA_GIOVANNI.pdf\">044 VILLAL\u00d3N-GARC\u00cdA_GIOVANNI<\/a>)<\/p>\n","protected":false},"excerpt":{"rendered":"<p>Desde ac\u00e1 puede acceder al Libro de res\u00famenes y a algunos de los art\u00edculos recogidos en el CD de Memorias del IV Foro de Comunicaci\u00f3n [&#8230;]<\/p>\n","protected":false},"author":5,"featured_media":0,"parent":41,"menu_order":3,"comment_status":"closed","ping_status":"closed","template":"","meta":{"ngg_post_thumbnail":0,"footnotes":""},"class_list":["post-990","page","type-page","status-publish","hentry"],"_links":{"self":[{"href":"https:\/\/www.cent.uo.edu.cu\/cnea\/wp-json\/wp\/v2\/pages\/990","targetHints":{"allow":["GET"]}}],"collection":[{"href":"https:\/\/www.cent.uo.edu.cu\/cnea\/wp-json\/wp\/v2\/pages"}],"about":[{"href":"https:\/\/www.cent.uo.edu.cu\/cnea\/wp-json\/wp\/v2\/types\/page"}],"author":[{"embeddable":true,"href":"https:\/\/www.cent.uo.edu.cu\/cnea\/wp-json\/wp\/v2\/users\/5"}],"replies":[{"embeddable":true,"href":"https:\/\/www.cent.uo.edu.cu\/cnea\/wp-json\/wp\/v2\/comments?post=990"}],"version-history":[{"count":11,"href":"https:\/\/www.cent.uo.edu.cu\/cnea\/wp-json\/wp\/v2\/pages\/990\/revisions"}],"predecessor-version":[{"id":2780,"href":"https:\/\/www.cent.uo.edu.cu\/cnea\/wp-json\/wp\/v2\/pages\/990\/revisions\/2780"}],"up":[{"embeddable":true,"href":"https:\/\/www.cent.uo.edu.cu\/cnea\/wp-json\/wp\/v2\/pages\/41"}],"wp:attachment":[{"href":"https:\/\/www.cent.uo.edu.cu\/cnea\/wp-json\/wp\/v2\/media?parent=990"}],"curies":[{"name":"wp","href":"https:\/\/api.w.org\/{rel}","templated":true}]}}